NOAA-Style Climate Reports


Report for 2011
                   Annual Climatological Summary for 2011

Name: Paradise Weather Station   City: Paradise   State: CA
Elevation: 1824 ft  Lat: N 39° 45' 32"   Lon: W 121° 36' 43"

                  Temperature (°F), Heat Base: 65.0  Cool Base: 65.0
                          Dep.  Heat  Cool                       Max  Max  Min  Min
        Mean  Mean        From  Deg   Deg                        >=   <=   <=   <=
 YR MO  Max   Min   Mean  Norm  Days  Days  Hi  Date  Low  Date 90.0 80.0 45.0  32.0
------------------------------------------------------------------------------------
 11  1
 11  2
 11  3
 11  4  64.8  44.4  53.8  -2.1   212     0  75.5  16  34.8   29    0   19   10    0
 11  5  69.0  46.9  57.0  -6.3   262    15  88.3   4  37.1   15    0   27   13    0
 11  6  80.9  56.1  66.8  -4.6    91   146  97.7  22  42.3    3    7   11    3    0
 11  7  90.7  61.3  73.8  -4.3     0   274  98.9   5  52.4   14   20    1    0    0
 11  8  92.7  61.5  74.2  -2.7     0   286  97.3  26  56.5   21   27    0    0    0
 11  9  90.4  61.3  73.2   0.7     6   253 100.9   9  52.0   26   19    2    0    0
 11 10  72.3  50.7  59.5  -3.8   176     6  82.0  14  41.1    7    0   28    3    0
 11 11  57.4  40.7  47.7  -4.4   519     0  69.1   2  33.9   19    0   30   25    0
 11 12  56.7  37.8  45.6  -0.4   600     0  65.8   2  31.5   14    0   31   30    1
------------------------------------------------------------------------------------
        75.0  51.2  61.3  -3.1  1870   983 100.9 Sep  31.5  Dec   73  149   84    1

                                Precipitation (in)

              Dep.   Max        Days of Rain
              From   Obs.           >=
 YR MO Total  Norm   Day Date 0.01 0.10 1.00
---------------------------------------------
 11  1
 11  2
 11  3
 11  4  1.00 -3.09  0.34  17     6    5    0
 11  5  6.45  4.58  1.73  17    14    9    3
 11  6  2.76  2.06  1.39  28     7    4    1
 11  7  0.00 -0.08  0.00   0     0    0    0
 11  8  0.00 -0.23  0.00   0     0    0    0
 11  9  0.05 -0.74  0.04  25     2    0    0
 11 10  4.77  1.64  1.64  10     5    5    3
 11 11  2.22 -4.66  0.57   5    10    5    0
 11 12  0.29 -9.29  0.22  15     2    1    0
---------------------------------------------
       17.54 -9.81  1.73  May   46   29    7

                                Wind Speed (mph)
                          Dom
 YR MO   Avg.  Hi   Date  Dir
------------------------------
 11  1
 11  2
 11  3
 11  4   0.9  15.0   30     S
 11  5   1.0  18.0   17   SSE
 11  6   0.8  12.0    3    SE
 11  7   0.7   8.0   10   SSE
 11  8   0.7   8.0    2   SSE
 11  9   0.7  16.0   13     E
 11 10   0.8  15.0    5   ENE
 11 11   1.0  21.0    1     E
 11 12   1.2  22.0   17   NNE
------------------------------
         0.9  22.0  Dec   ESE