NOAA-Style Climate Reports


Report for 2011 April
                   Monthly Climatological Summary for Apr 2011

Name: Paradise Weather Station   City: Paradise   State: CA
Elevation: 1824 ft  Lat: N 39° 45' 32"   Lon: W 121° 36' 43"

                  Temperature (°F), Rain (in), Wind Speed (mph)

                                      Heat  Cool        Avg
    Mean                              Deg   Deg         Wind                 Dom
Day Temp  High   Time   Low    Time   Days  Days  Rain  Speed High   Time    Dir
----------------------------------------------------------------------------------
12  52.4  65.7   1:07p  39.7   6:13a  12.6   0.0  0.00   0.7   9.0  10:28p     S
13  44.9  54.6   2:39p  39.0  10:34a  20.1   0.0  0.11   1.0   9.0  12:29a   SSE
14  48.7  59.9   3:01p  37.8   6:28a  16.3   0.0  0.00   0.5   6.0  12:14p     S
15  53.3  61.5   4:53p  47.4   3:47a  11.7   0.0  0.00   0.2   6.0   2:52p   SSE
16  60.8  75.5   2:54p  47.2   3:14a   4.2   0.0  0.00   0.4   6.0  11:36a     S
17  62.6  72.0   1:52p  51.1   6:39a   2.4   0.0  0.34   0.4   8.0   1:13p     S
18  53.4  58.4   3:31p  50.5   5:16a  11.6   0.0  0.00   0.3   7.0   3:38p   SSE
19  57.3  68.8   2:58p  49.7   5:54a   7.7   0.0  0.00   0.3   6.0   2:44p   SSW
20  55.5  63.8   3:09p  50.8  11:52p   9.5   0.0  0.08   1.8  12.0  11:38a     S
21  53.1  63.8   3:10p  44.3   7:23a  11.9   0.0  0.18   1.1  12.0  12:48a     S
22  53.1  61.2   4:31p  44.4   4:11a  11.9   0.0  0.00   0.9  12.0   7:24p   ESE
23  53.2  60.4   3:00p  47.5   5:09a  11.8   0.0  0.00   0.9   8.0  10:46a   SSE
24  53.7  61.0   4:23p  48.7   7:32a  11.3   0.0  0.17   0.8   8.0   9:28p     S
25  51.0  60.2   5:25p  42.8  11:18p  14.0   0.0  0.12   1.3  13.0   6:23p     S
26  50.2  66.4   3:05p  35.9   5:51a  14.8   0.0  0.00   0.8   8.0   1:27p    SW
27  56.5  72.0   3:01p  42.6   5:41a   8.5   0.0  0.00   0.9   7.0  12:54p   SSE
28  54.8  67.2   2:35p  45.7   5:10a  10.2   0.0  0.00   1.1  14.0   5:54p   WSW
29  50.6  66.2   2:01p  34.8   6:08a  14.4   0.0  0.00   1.4  14.0  11:22p     N
30  57.0  72.4   2:11p  42.9   3:14a   8.0   0.0  0.00   1.6  15.0  12:30a     N
----------------------------------------------------------------------------------
    53.8  75.5    16    34.8    29   212.9   0.0  1.00   0.9  15.0    30       S

Max >=  90.0:  0
Max <=  80.0: 19
Min <=  45.0: 10
Min <=  32.0:  0
Max Rain: 0.34 on day 17
Days of Rain: 6 (>= 0.01 in)  5 (>= 0.10 in)  0 (>= 1.00 in)
Heat Base: 65.0  Cool Base: 65.0  Method: Integration