NOAA-Style Climate Reports


Report for 2011 May
                   Monthly Climatological Summary for May 2011

Name: Paradise Weather Station   City: Paradise   State: CA
Elevation: 1824 ft  Lat: N 39° 45' 32"   Lon: W 121° 36' 43"

                  Temperature (°F), Rain (in), Wind Speed (mph)

                                      Heat  Cool        Avg
    Mean                              Deg   Deg         Wind                 Dom
Day Temp  High   Time   Low    Time   Days  Days  Rain  Speed High   Time    Dir
----------------------------------------------------------------------------------
 1  62.5  79.3   2:12p  49.9   6:20a   2.5   0.0  0.00   1.4  12.0   7:14a    NE
 2  64.2  78.4   2:42p  50.7   6:45a   0.8   0.0  0.00   1.3  12.0   2:00p   SSE
 3  64.1  80.6   2:36p  46.6   6:14a   0.9   0.0  0.00   1.1  13.0  10:41p   NNE
 4  71.4  88.3   2:45p  60.1   6:23a   0.0   6.4  0.00   1.9  17.0   2:57a    NE
 5  71.1  87.6   1:45p  59.4   6:26a   0.0   6.1  0.00   1.1   7.0   5:17a     E
 6  68.1  81.9   2:42p  56.8   5:37a   0.0   3.1  0.00   0.9   7.0   5:52p   SSE
 7  58.8  70.1   2:14p  49.4   6:00a   6.2   0.0  0.07   0.6   7.0  11:42a     S
 8  52.8  60.7   3:04p  45.7  11:50p  12.2   0.0  0.17   1.1  12.0  11:33p     S
 9  53.5  68.4   3:18p  40.1   6:40a  11.5   0.0  0.27   1.0  12.0   3:38p     N
10  60.0  76.1   2:50p  44.7   5:10a   5.0   0.0  0.00   1.1   8.0   8:05a     E
11  60.6  72.6   2:31p  52.5   3:55a   4.4   0.0  0.00   0.9   8.0  12:51p   SSE
12  60.5  73.7   2:13p  48.3   6:15a   4.5   0.0  0.00   0.8   5.0   9:29a   SSE
13  63.2  78.2   2:28p  48.2   6:00a   1.8   0.0  0.00   1.1   7.0  10:33a     S
14  53.4  60.4  11:42a  46.6  11:49p  11.6   0.0  0.00   1.3  12.0   3:01p     S
15  43.0  47.9   1:37p  37.1   7:46a  22.0   0.0  1.31   1.4  13.0  10:29a     S
16  46.1  56.2   1:38p  39.1   5:58a  18.9   0.0  0.29   0.8   9.0   2:36p   SSE
17  45.4  49.8   5:05p  42.5   1:51a  19.6   0.0  1.73   1.8  18.0   3:45p     S
18  50.0  62.5   1:52p  43.0   6:54a  15.0   0.0  0.04   0.7   8.0  12:48p   NNW
19  58.0  75.4   2:27p  42.0   5:06a   7.0   0.0  0.01   1.1   8.0  12:43p   NNE
20  62.6  76.5   2:05p  49.6   5:39a   2.4   0.0  0.00   1.0   8.0  12:26p    SE
21  64.6  79.5   2:30p  55.4   5:55a   0.4   0.0  0.00   0.8   8.0   6:25p   SSE
22  61.2  74.3   2:24p  50.1   5:40a   3.8   0.0  0.00   0.8   7.0  11:06p   SSE
23  55.6  65.0   3:18p  49.0   7:45a   9.4   0.0  0.48   0.5   7.0   1:47p   SSE
24  57.9  71.6   2:39p  44.4   6:10a   7.1   0.0  0.00   0.7   7.0  11:04a     S
25  48.6  57.7  12:08a  41.1  10:03p  16.4   0.0  1.51   1.2  14.0  11:54a   ESE
26  51.2  62.9   3:12p  41.4   3:42a  13.8   0.0  0.02   0.7   7.0  11:04a     S
27  55.5  64.6   3:24p  49.8   7:39a   9.5   0.0  0.00   0.9   7.0  11:29a     S
28  48.3  54.1  12:00a  42.2  11:47p  16.7   0.0  0.17   0.6   9.0   8:13p     S
29  53.0  69.0   3:20p  38.3   5:16a  12.0   0.0  0.01   0.9  12.0   4:13p   NNW
30  53.9  64.5   2:33p  43.7   5:47a  11.1   0.0  0.00   1.8  14.0   5:31p     S
31  49.4  52.6  12:18p  46.8   5:54a  15.6   0.0  0.37   1.1   9.0   8:31a   SSE
----------------------------------------------------------------------------------
    57.0  88.3     4    37.1    15   262.1  15.6  6.45   1.0  18.0    17      SE

Max >=  90.0:  0
Max <=  80.0: 27
Min <=  45.0: 13
Min <=  32.0:  0
Max Rain: 1.73 on day 17
Days of Rain: 14 (>= 0.01 in)  9 (>= 0.10 in)  3 (>= 1.00 in)
Heat Base: 65.0  Cool Base: 65.0  Method: Integration