ParadiseWeatherStation.org
Reports – Climate

NOAA-Style Climate Reports

Report for 2011 June
                   Monthly Climatological Summary for Jun 2011

Name: Paradise Weather Station   City: Paradise   State: CA
Elevation: 1824 ft  Lat: N 39° 45' 32"   Lon: W 121° 36' 43"

                  Temperature (°F), Rain (in), Wind Speed (mph)

                                      Heat  Cool        Avg
    Mean                              Deg   Deg         Wind                 Dom
Day Temp  High   Time   Low    Time   Days  Days  Rain  Speed High   Time    Dir
----------------------------------------------------------------------------------
 1  47.7  56.6  11:42a  44.1   6:38a  17.3   0.0  0.18   1.1   9.0  12:31p   SSE
 2  49.6  62.3   3:03p  44.4  12:00a  15.4   0.0  0.03   0.7   8.0   3:58p     E
 3  53.2  61.2   5:10p  42.3   5:58a  11.8   0.0  0.00   1.0  12.0  10:12p   ENE
 4  54.8  58.8  12:00a  52.8   8:11a  10.2   0.0  0.40   0.7  10.0   1:55p     E
 5  57.9  67.3   2:06p  50.3   6:49a   7.1   0.0  0.01   0.6   6.0   8:42a   SSE
 6  52.5  55.9   3:44a  48.9  11:58p  12.5   0.0  0.71   1.0  10.0  11:29a   SSE
 7  59.7  75.8   3:02p  45.9   5:57a   5.3   0.0  0.00   0.9   7.0   1:55p     S
 8  63.8  79.8   3:02p  51.6   5:53a   1.2   0.0  0.00   0.9   6.0  11:55a     S
 9  68.5  86.2   3:07p  54.4   5:41a   0.0   3.5  0.00   1.0   7.0   2:14p   ESE
10  68.8  83.6   2:50p  57.7   5:10a   0.0   3.8  0.00   0.9   6.0   2:46a    SE
11  64.9  75.1   2:46p  57.4   5:45a   0.1   0.0  0.00   0.7   7.0   2:07p     S
12  66.8  83.3   2:35p  52.8   5:58a   0.0   1.8  0.00   0.5   7.0   1:18p   SSW
13  71.1  86.3   2:52p  58.6   5:17a   0.0   6.1  0.00   0.8   7.0   2:39p   SSE
14  73.8  92.4   3:06p  59.3   6:05a   0.0   8.8  0.00   0.8   7.0   1:39p   ENE
15  74.1  93.1   2:53p  60.4   5:41a   0.0   9.1  0.00   0.9   6.0   9:48a   NNE
16  72.0  87.5   2:56p  58.8   5:44a   0.0   7.0  0.00   0.9   8.0   8:17a     N
17  72.2  89.2   2:44p  60.3   6:56a   0.0   7.2  0.00   0.9   8.0   1:44a    SE
18  70.8  86.5   2:38p  57.4   6:30a   0.0   5.8  0.00   0.6   6.0   8:56a   ESE
19  73.4  89.7   3:04p  60.1   4:25a   0.0   8.4  0.00   1.0   9.0   2:00p     N
20  78.6  95.1   2:52p  66.1   6:55a   0.0  13.6  0.00   0.9  12.0   3:19a    SE
21  78.3  96.6   2:50p  63.9   6:27a   0.0  13.3  0.00   0.8   5.0   2:53p    SE
22  81.8  97.7   2:48p  70.1   5:32a   0.0  16.8  0.00   0.9   7.0   5:23a     E
23  75.3  90.2   2:45p  63.8   6:07a   0.0  10.3  0.00   0.7   6.0   4:37p   SSE
24  70.8  87.2   2:24p  57.7   6:06a   0.0   5.8  0.00   0.7   5.0  10:04a     S
25  71.4  87.2   2:09p  57.7   5:59a   0.0   6.4  0.00   0.7   5.0  11:06a   SSE
26  73.0  89.4   2:24p  60.4   6:27a   0.0   8.0  0.00   0.6   6.0  12:04p   SSW
27  75.3  90.3   2:43p  63.9   5:47a   0.0  10.3  0.00   1.0   8.0   5:12p   SSE
28  60.9  69.9  12:07a  56.1  11:36p   4.1   0.0  1.39   0.6   8.0   1:41p   SSE
29  58.6  68.0   2:57p  53.0   7:42a   6.4   0.0  0.04   0.6   6.0  12:46a     S
30  65.6  83.5   3:03p  51.8   5:33a   0.0   0.6  0.00   0.7   6.0  12:07p   SSE
----------------------------------------------------------------------------------
    66.8  97.7    22    42.3     3    91.4 146.6  2.76   0.8  12.0     3      SE

Max >=  90.0:  7
Max <=  80.0: 11
Min <=  45.0:  3
Min <=  32.0:  0
Max Rain: 1.39 on day 28
Days of Rain: 7 (>= 0.01 in)  4 (>= 0.10 in)  1 (>= 1.00 in)
Heat Base: 65.0  Cool Base: 65.0  Method: Integration