NOAA-Style Climate Reports


Report for 2011 July
                   Monthly Climatological Summary for Jul 2011

Name: Paradise Weather Station   City: Paradise   State: CA
Elevation: 1824 ft  Lat: N 39° 45' 32"   Lon: W 121° 36' 43"

                  Temperature (°F), Rain (in), Wind Speed (mph)

                                      Heat  Cool        Avg
    Mean                              Deg   Deg         Wind                 Dom
Day Temp  High   Time   Low    Time   Days  Days  Rain  Speed High   Time    Dir
----------------------------------------------------------------------------------
 1  72.3  90.5   2:48p  56.5   5:41a   0.0   7.3  0.00   0.9   6.0  12:18p   ENE
 2  75.8  93.8   2:52p  62.4   5:29a   0.0  10.8  0.00   0.8   5.0  10:55a   ESE
 3  78.9  98.3   2:33p  66.5   3:14a   0.0  13.9  0.00   0.9   7.0   3:57a   ENE
 4  79.1  96.9   2:25p  67.3   5:34a   0.0  14.1  0.00   0.9   7.0   2:42p   NNE
 5  80.3  98.9   2:19p  67.4   5:13a   0.0  15.3  0.00   0.8   6.0  12:02a     E
 6  79.8  98.6   2:53p  67.0   6:29a   0.0  14.8  0.00   0.8   5.0   3:08a     E
 7  77.8  93.5   2:43p  66.4   6:48a   0.0  12.8  0.00   0.8   7.0   1:49p   SSE
 8  77.5  96.5   2:55p  65.1   6:40a   0.0  12.5  0.00   0.7   5.0   1:27p   ENE
 9  76.6  92.6   3:13p  65.8   5:43a   0.0  11.6  0.00   0.8   7.0   3:24p   SSE
10  73.4  89.9   2:35p  60.6   6:31a   0.0   8.4  0.00   0.8   8.0   2:08p   SSE
11  69.7  85.0   2:49p  57.4   6:39a   0.0   4.7  0.00   0.6   6.0  12:38p   SSW
12  68.7  83.7   2:52p  56.0   6:20a   0.0   3.7  0.00   0.6   6.0  12:16p     S
13  65.2  78.7   2:42p  56.7   6:22a   0.0   0.2  0.00   0.5   7.0   2:33p     S
14  64.6  82.0   2:59p  52.4   5:52a   0.4   0.0  0.00   0.5   6.0   1:20p     S
15  66.3  82.7   2:22p  53.1   6:05a   0.0   1.3  0.00   0.6   6.0  10:17a     S
16  66.3  80.8   3:11p  54.1   5:57a   0.0   1.3  0.00   0.7   8.0   4:02p     S
17  67.5  81.6   3:10p  57.0   6:45a   0.0   2.5  0.00   0.7   7.0   2:26p     S
18  69.3  84.2   2:40p  56.6   4:56a   0.0   4.3  0.00   0.8   8.0   1:13p     S
19  70.9  87.3   2:49p  57.4   5:43a   0.0   5.9  0.00   0.6   7.0   4:56p   SSE
20  73.3  91.0   3:04p  60.1   6:29a   0.0   8.3  0.00   0.8   6.0  12:46p     E
21  75.9  93.5   2:51p  63.4   6:03a   0.0  10.9  0.00   0.7   5.0  12:37p   ESE
22  76.7  93.9   2:21p  63.2   6:16a   0.0  11.7  0.00   0.6   5.0  10:49a   SSE
23  76.7  93.6   2:51p  64.6   6:35a   0.0  11.7  0.00   0.5   5.0   9:30a     S
24  75.2  91.5   2:48p  63.6   6:50a   0.0  10.2  0.00   0.6   5.0  11:02a   SSE
25  72.5  89.4   2:40p  60.3   6:44a   0.0   7.5  0.00   0.7   6.0   1:49p     S
26  72.9  92.2   2:42p  59.3   6:48a   0.0   7.9  0.00   0.7   6.0  12:48p     S
27  74.7  93.7   2:32p  60.4   6:21a   0.0   9.7  0.00   0.7   5.0  10:00a    SE
28  77.3  95.3   2:06p  62.5   6:34a   0.0  12.3  0.00   0.7   3.0   7:49a   SSE
29  79.0  96.0   2:40p  66.4   5:59a   0.0  14.0  0.00   0.5   5.0   1:10p    SE
30  78.0  93.8   2:32p  66.2   6:19a   0.0  13.0  0.00   0.4   5.0   1:02p     S
31  76.7  92.7   2:24p  64.2   5:59a   0.0  11.7  0.00   0.7   5.0   2:57p   SSE
----------------------------------------------------------------------------------
    73.8  98.9     5    52.4    14     0.4 274.3  0.00   0.7   8.0    10      SE

Max >=  90.0: 20
Max <=  80.0:  1
Min <=  45.0:  0
Min <=  32.0:  0
Max Rain: 0.00 on day 0
Days of Rain: 0 (>= 0.01 in)  0 (>= 0.10 in)  0 (>= 1.00 in)
Heat Base: 65.0  Cool Base: 65.0  Method: Integration