ParadiseWeatherStation.org
Reports – Climate

NOAA-Style Climate Reports

Report for 2011 August
                   Monthly Climatological Summary for Aug 2011

Name: Paradise Weather Station   City: Paradise   State: CA
Elevation: 1824 ft  Lat: N 39° 45' 32"   Lon: W 121° 36' 43"

                  Temperature (°F), Rain (in), Wind Speed (mph)

                                      Heat  Cool        Avg
    Mean                              Deg   Deg         Wind                 Dom
Day Temp  High   Time   Low    Time   Days  Days  Rain  Speed High   Time    Dir
----------------------------------------------------------------------------------
 1  76.6  93.5   2:34p  64.4   6:25a   0.0  11.6  0.00   0.6   6.0  12:48p     S
 2  75.9  94.7   2:38p  63.4   6:09a   0.0  10.9  0.00   0.7   8.0   1:08p     S
 3  76.6  96.0   2:51p  62.9   6:37a   0.0  11.6  0.00   0.8   5.0  12:50a     E
 4  70.5  84.5   3:20p  58.0   6:33a   0.0   5.5  0.00   0.7   6.0   5:33p     S
 5  71.6  90.0   2:54p  57.0   6:19a   0.0   6.6  0.00   0.6   6.0   4:17p     S
 6  73.4  90.9   2:21p  60.2   6:16a   0.0   8.4  0.00   0.7   6.0   2:22p   SSE
 7  73.0  90.8   2:33p  62.8   7:03a   0.0   8.0  0.00   0.8   6.0   4:28p   SSE
 8  73.7  92.5   2:32p  61.7   6:34a   0.0   8.7  0.00   0.8   7.0   1:41p   SSE
 9  74.6  92.8   2:53p  62.7   7:03a   0.0   9.6  0.00   0.7   6.0   2:19p    SE
10  75.6  93.7   2:41p  62.9   6:26a   0.0  10.6  0.00   0.8   6.0  10:54a    SE
11  74.9  91.2   2:17p  63.9   7:00a   0.0   9.9  0.00   0.7   6.0  10:47a     E
12  74.6  93.6   2:47p  61.4   5:08a   0.0   9.6  0.00   0.6   6.0   1:26p   SSE
13  77.0  95.3   2:43p  63.7   6:54a   0.0  12.0  0.00   0.7   5.0   4:08a   ESE
14  74.0  89.9   3:07p  62.9   6:17a   0.0   9.0  0.00   0.8   7.0  11:36a     S
15  72.4  90.5   2:35p  60.2   6:13a   0.0   7.4  0.00   0.9   5.0  11:48a   NNW
16  72.8  91.5   2:47p  59.0   6:22a   0.0   7.8  0.00   0.7   5.0  12:58p   SSE
17  74.9  94.4   2:30p  62.8   6:12a   0.0   9.9  0.00   0.9   6.0   7:07a     E
18  75.0  93.9   2:45p  62.0   7:20a   0.0  10.0  0.00   0.7   6.0   2:35p   ESE
19  73.8  91.1   2:57p  61.5   6:46a   0.0   8.8  0.00   0.6   6.0  12:32p   SSE
20  71.6  90.5   2:34p  58.1   6:20a   0.0   6.6  0.00   0.7   7.0  12:02p   SSE
21  70.3  89.8   2:46p  56.5   6:39a   0.0   5.3  0.00   0.6   5.0  10:39a    SW
22  71.3  91.7   2:47p  57.4   5:44a   0.0   6.3  0.00   0.7   6.0   1:40p   SSE
23  73.3  93.4   2:36p  58.2   6:34a   0.0   8.3  0.00   0.9   8.0   2:32p   SSE
24  76.9  95.1   2:40p  64.7   2:59a   0.0  11.9  0.00   0.8   7.0   1:49p   NNW
25  75.8  95.1   2:37p  63.4   6:12a   0.0  10.8  0.00   0.7   5.0   1:32p   SSE
26  76.9  97.3   2:29p  63.8   5:01a   0.0  11.9  0.00   0.8   5.0  12:55p   WNW
27  76.6  96.0   2:33p  63.4   6:40a   0.0  11.6  0.00   0.8   6.0   3:01p   ESE
28  76.5  96.7   2:45p  63.7   5:48a   0.0  11.5  0.00   0.8   5.0   2:20p    NE
29  76.3  96.5   2:17p  63.8   6:58a   0.0  11.3  0.00   0.8   5.0   3:38a   ESE
30  73.5  92.1   2:36p  61.8   6:42a   0.0   8.5  0.00   0.7   6.0   1:30p    SE
31  71.7  89.7   2:42p  58.6   6:45a   0.0   6.7  0.00   0.8   6.0   3:05p   SSE
----------------------------------------------------------------------------------
    74.2  97.3    26    56.5    21     0.0 286.6  0.00   0.7   8.0     2      SE

Max >=  90.0: 27
Max <=  80.0:  0
Min <=  45.0:  0
Min <=  32.0:  0
Max Rain: 0.00 on day 0
Days of Rain: 0 (>= 0.01 in)  0 (>= 0.10 in)  0 (>= 1.00 in)
Heat Base: 65.0  Cool Base: 65.0  Method: Integration