NOAA-Style Climate Reports


Report for 2011 September
                   Monthly Climatological Summary for Sep 2011

Name: Paradise Weather Station   City: Paradise   State: CA
Elevation: 1824 ft  Lat: N 39° 45' 32"   Lon: W 121° 36' 43"

                  Temperature (°F), Rain (in), Wind Speed (mph)

                                      Heat  Cool        Avg
    Mean                              Deg   Deg         Wind                 Dom
Day Temp  High   Time   Low    Time   Days  Days  Rain  Speed High   Time    Dir
----------------------------------------------------------------------------------
 1  74.2  93.2   2:27p  58.5   6:06a   0.0   9.2  0.00   0.7  10.0   6:24p     E
 2  80.9  97.0   2:15p  67.1  11:59p   0.0  15.9  0.00   1.6  15.0   7:25a    NE
 3  75.2  94.3   2:51p  63.2   7:26a   0.0  10.2  0.00   0.8   5.0   1:37p     E
 4  75.4  95.4   2:14p  63.6   6:40a   0.0  10.4  0.00   0.7   5.0   2:15p     E
 5  74.1  93.2   2:36p  62.9   7:32a   0.0   9.1  0.00   0.8   6.0   1:51p     E
 6  75.7  95.0   2:23p  63.1   5:53a   0.0  10.7  0.00   0.8   7.0   9:20a   ENE
 7  76.3  95.3   2:59p  64.2   6:13a   0.0  11.3  0.00   0.8   5.0   6:59a   ENE
 8  76.7  96.1   2:32p  62.9   7:14a   0.0  11.7  0.00   0.7   6.0  12:03p   ENE
 9  82.0 100.9   2:09p  65.5   5:13a   0.0  17.0  0.00   1.3  15.0   1:46p   NNE
10  81.3  97.3  12:58p  66.8   5:49a   0.0  16.3  0.00   1.0  10.0  11:19a     E
11  72.8  83.2   2:40p  62.7   6:43a   0.0   7.8  0.00   0.5   6.0   3:24p   SSW
12  72.2  86.9   2:56p  61.2   7:00a   0.0   7.2  0.00   0.3   5.0  12:50p     S
13  75.5  90.6   2:16p  64.6   6:49a   0.0  10.5  0.00   0.4  16.0  10:10p     S
14  75.3  90.0   2:38p  66.3   6:39a   0.0  10.3  0.00   0.6   6.0   5:39a   ENE
15  70.5  85.4   2:24p  59.7  11:59p   0.0   5.5  0.00   0.5   7.0   3:31p     S
16  65.2  81.4   2:38p  53.9   7:32a   0.0   0.2  0.00   0.6   5.0  11:04a   SSE
17  66.7  84.5   2:57p  54.4   6:37a   0.0   1.7  0.00   0.5   5.0  11:21a   SSE
18  69.4  89.2   2:26p  55.4   6:33a   0.0   4.4  0.00   0.7   3.0   2:01a     E
19  72.7  92.4   2:19p  59.0   6:03a   0.0   7.7  0.00   0.8   5.0  12:23p   ESE
20  74.5  93.7   2:31p  62.2   7:20a   0.0   9.5  0.00   0.7   6.0   1:49p    NE
21  75.3  94.8   2:02p  62.7   3:48a   0.0  10.3  0.00   0.8   6.0   1:40p   NNE
22  76.0  96.2   2:37p  63.5   5:32a   0.0  11.0  0.00   0.7   5.0   6:51a   NNE
23  76.1  95.3   2:48p  64.3   7:08a   0.0  11.1  0.00   0.8   5.0  12:42a     N
24  75.1  90.0   2:23p  64.2   6:15a   0.0  10.1  0.00   0.9   7.0  10:42a   SSE
25  59.6  66.3  12:14a  54.6  11:50p   5.4   0.0  0.04   0.3   6.0   8:07a     S
26  63.5  80.0   2:06p  52.0   7:25a   1.5   0.0  0.01   0.5   6.0   2:50p   SSE
27  67.9  86.8   2:36p  54.9   6:21a   0.0   2.9  0.00   0.8   6.0  12:40p     E
28  71.8  89.9   2:31p  58.9   4:56a   0.0   6.8  0.00   0.8   6.0   3:12p   ESE
29  75.1  93.6   2:42p  64.6   7:36a   0.0  10.1  0.00   0.9   5.0   5:29a    NE
30  69.9  84.1   1:46p  61.5  11:59p   0.0   4.9  0.00   0.7   7.0   1:11p   SSE
----------------------------------------------------------------------------------
    73.2 100.9     9    52.0    26     6.9 253.8  0.05   0.7  16.0    13       E

Max >=  90.0: 19
Max <=  80.0:  2
Min <=  45.0:  0
Min <=  32.0:  0
Max Rain: 0.04 on day 25
Days of Rain: 2 (>= 0.01 in)  0 (>= 0.10 in)  0 (>= 1.00 in)
Heat Base: 65.0  Cool Base: 65.0  Method: Integration