ParadiseWeatherStation.org
Reports – Climate

NOAA-Style Climate Reports

Report for 2011 October
                   Monthly Climatological Summary for Oct 2011

Name: Paradise Weather Station   City: Paradise   State: CA
Elevation: 1824 ft  Lat: N 39° 45' 32"   Lon: W 121° 36' 43"

                  Temperature (°F), Rain (in), Wind Speed (mph)

                                      Heat  Cool        Avg
    Mean                              Deg   Deg         Wind                 Dom
Day Temp  High   Time   Low    Time   Days  Days  Rain  Speed High   Time    Dir
----------------------------------------------------------------------------------
 1  60.7  71.1   2:12p  55.3   4:56a   4.3   0.0  0.00   0.8   7.0   6:42a     S
 2  61.3  72.8   1:13p  51.8   6:54a   3.7   0.0  0.00   0.6   7.0   2:12p     S
 3  56.9  66.7   1:19p  48.8   7:01a   8.1   0.0  0.00   0.5   9.0   8:57a     S
 4  53.4  55.3   2:57p  48.5  11:44p  11.6   0.0  1.31   1.0  11.0  11:42p     S
 5  49.5  56.6  12:47p  42.2  11:58p  15.5   0.0  1.24   1.2  15.0  12:13a     S
 6  47.8  57.2  12:18p  41.5  12:51a  17.2   0.0  0.33   0.5   8.0   3:54p    NE
 7  52.4  68.0   2:24p  41.1   7:08a  12.6   0.0  0.00   0.7   6.0  11:36a   NNE
 8  56.2  71.1   2:02p  46.5   7:16a   8.8   0.0  0.00   0.8   5.0   1:44p   ESE
 9  58.7  72.6   2:15p  47.9   6:10a   6.3   0.0  0.00   0.7   6.0   9:10a   SSW
10  57.7  60.5   6:41a  55.2   9:50a   7.3   0.0  1.64   0.8  12.0  10:35a   SSE
11  61.0  69.7   2:32p  53.6  11:57p   4.0   0.0  0.25   0.8   7.0   5:41a   SSE
12  59.7  76.7   1:53p  49.1   6:52a   5.3   0.0  0.00   0.9   7.0   7:11a   NNE
13  63.2  79.8   1:57p  53.3   4:21a   1.8   0.0  0.00   0.8   5.0   9:15a     N
14  67.1  82.0   1:16p  58.4   3:21a   0.0   2.1  0.00   0.8   5.0   1:27a   ENE
15  66.7  81.8   1:35p  59.3   4:58a   0.0   1.7  0.00   0.8   7.0   9:26a     E
16  65.1  77.5   1:42p  58.0  11:45p   0.0   0.1  0.00   0.4   4.0  11:32a   ESE
17  66.8  82.0   1:22p  56.1   2:57a   0.0   1.8  0.00   1.2  12.0   9:55a   NNE
18  65.9  80.0   1:20p  57.4   6:39a   0.0   0.9  0.00   0.9   7.0   9:35a    NE
19  61.2  74.4   1:47p  52.9   7:43a   3.8   0.0  0.00   0.6   5.0  12:36p     E
20  59.8  74.3   1:26p  49.9   7:39a   5.2   0.0  0.00   0.7   4.0   4:05p   ESE
21  61.9  76.3   1:13p  52.9   4:44a   3.1   0.0  0.00   0.6   6.0   2:11p   NNE
22  63.0  78.9   1:06p  51.9   7:22a   2.0   0.0  0.00   0.8   5.0   1:59a   NNE
23  62.4  77.4   1:39p  52.4   2:48a   2.6   0.0  0.00   0.9   5.0   9:21a    NE
24  61.0  73.7   1:38p  53.8   5:35a   4.0   0.0  0.00   0.7   5.0   7:19a   NNE
25  58.3  70.5  12:49p  48.6   7:17a   6.7   0.0  0.00   0.7  13.0   9:09p     N
26  57.7  70.4   1:57p  45.4   4:22a   7.3   0.0  0.00   1.6  13.0   4:47a   NNE
27  56.5  68.4  12:24p  47.0  11:57p   8.5   0.0  0.00   1.1   8.0   4:37a    NE
28  55.5  71.4   1:23p  45.4   2:41a   9.5   0.0  0.00   1.0   7.0   9:18a    NE
29  59.6  75.9   2:08p  47.6   6:43a   5.4   0.0  0.00   1.0   7.0   8:13a   NNE
30  58.9  74.8  12:56p  47.9   7:17a   6.1   0.0  0.00   0.9   5.0  10:53a   NNE
31  59.4  74.8   1:16p  51.0   7:48a   5.6   0.0  0.00   0.8   6.0   3:17p    NE
----------------------------------------------------------------------------------
    59.5  82.0    14    41.1     7   176.3   6.6  4.77   0.8  15.0     5     ENE

Max >=  90.0:  0
Max <=  80.0: 28
Min <=  45.0:  3
Min <=  32.0:  0
Max Rain: 1.64 on day 10
Days of Rain: 5 (>= 0.01 in)  5 (>= 0.10 in)  3 (>= 1.00 in)
Heat Base: 65.0  Cool Base: 65.0  Method: Integration