NOAA-Style Climate Reports


Report for 2011 November
                   Monthly Climatological Summary for Nov 2011

Name: Paradise Weather Station   City: Paradise   State: CA
Elevation: 1824 ft  Lat: N 39° 45' 32"   Lon: W 121° 36' 43"

                  Temperature (°F), Rain (in), Wind Speed (mph)

                                      Heat  Cool        Avg
    Mean                              Deg   Deg         Wind                 Dom
Day Temp  High   Time   Low    Time   Days  Days  Rain  Speed High   Time    Dir
----------------------------------------------------------------------------------
 1  58.5  68.0   1:16p  53.2   8:28a   6.5   0.0  0.00   2.3  21.0   9:35a     N
 2  57.6  69.1   1:45p  45.2   5:20a   7.4   0.0  0.00   1.6  16.0   2:18a    NE
 3  49.8  55.4  12:06p  41.5   9:24p  15.2   0.0  0.11   1.2  11.0   5:40a   SSE
 4  43.2  53.2   2:09p  36.5  11:24p  21.8   0.0  0.00   0.6   7.0  11:27a   NNE
 5  41.0  49.1   2:01p  35.6   1:25a  24.0   0.0  0.57   1.3  11.0   8:46p   SSE
 6  41.3  45.2   2:28p  36.9  11:59p  23.7   0.0  0.28   0.5   6.0   9:10a   SSE
 7  42.6  56.5  12:15p  34.4   3:37a  22.4   0.0  0.00   0.8  10.0   9:06a   NNE
 8  42.9  56.0  12:20p  34.6   6:20a  22.1   0.0  0.00   0.8   5.0   8:07a   NNE
 9  45.9  60.5  12:19p  37.6   4:29a  19.1   0.0  0.00   1.0   8.0   8:39a   ENE
10  48.6  66.2  12:06p  38.4  12:43a  16.4   0.0  0.00   1.3   8.0   8:23a   ENE
11  50.9  62.0  11:32a  41.8   1:14a  14.1   0.0  0.09   0.9   9.0  11:56a    NE
12  49.9  58.6  12:57p  45.8  11:35p  15.1   0.0  0.01   0.4   6.0  12:24a   NNE
13  50.4  59.8   2:05p  41.6   7:24a  14.6   0.0  0.00   0.5   6.0  11:20a   NNE
14  50.4  63.0  12:04p  42.6  11:58p  14.6   0.0  0.00   0.8   8.0   1:41p   NNE
15  47.9  60.7  11:48a  39.3   6:31a  17.1   0.0  0.00   0.8   5.0  12:55p     N
16  49.1  62.5  12:09p  41.2   6:53a  15.9   0.0  0.00   1.0   5.0   8:04a     N
17  51.7  59.8  10:44a  43.0   3:43a  13.3   0.0  0.00   1.6  10.0  10:37a     S
18  44.9  49.9  12:00a  40.6   9:34p  20.1   0.0  0.00   2.0  12.0   2:11p     S
19  41.6  49.3  12:21p  33.9   7:05a  23.4   0.0  0.09   1.1  12.0   8:27p   SSE
20  41.6  47.1   2:40p  37.7  10:16p  23.4   0.0  0.50   0.8  11.0  12:24a   SSE
21  45.1  50.7  12:20p  38.9  12:00a  19.9   0.0  0.03   0.8   8.0  10:07p   SSE
22  48.7  54.6   2:08p  46.0   8:34p  16.3   0.0  0.00   1.4  10.0   5:55a   SSE
23  48.5  51.7  12:01p  45.6   3:05a  16.5   0.0  0.00   0.7   7.0  12:35a   SSE
24  47.3  49.6   2:05a  44.8   7:46a  17.7   0.0  0.53   0.6   7.0  10:42a   SSE
25  47.4  54.5  11:23a  42.6   6:06a  17.6   0.0  0.01   0.5   6.0   3:13p   NNE
26  47.4  58.2  10:52a  41.3   2:28a  17.6   0.0  0.00   0.9   7.0   5:05a    NE
27  50.4  66.0  12:59p  42.3   4:04a  14.6   0.0  0.00   0.8   5.0  12:54p   NNE
28  49.4  63.7  12:10p  42.2   3:15a  15.6   0.0  0.00   0.9   3.0   3:09a     N
29  47.8  62.6  12:07p  39.9   6:59a  17.2   0.0  0.00   0.9   4.0   4:55a   NNE
30  48.4  59.4  12:56p  37.2   7:02a  16.6   0.0  0.00   1.9  17.0   9:13p     N
----------------------------------------------------------------------------------
    47.7  69.1     2    33.9    19   519.8   0.0  2.22   1.0  21.0     1     ENE

Max >=  90.0:  0
Max <=  80.0: 30
Min <=  45.0: 25
Min <=  32.0:  0
Max Rain: 0.57 on day 5
Days of Rain: 10 (>= 0.01 in)  5 (>= 0.10 in)  0 (>= 1.00 in)
Heat Base: 65.0  Cool Base: 65.0  Method: Integration