ParadiseWeatherStation.org
Reports – Climate

NOAA-Style Climate Reports

Report for 2011 December
                   Monthly Climatological Summary for Dec 2011

Name: Paradise Weather Station   City: Paradise   State: CA
Elevation: 1824 ft  Lat: N 39° 45' 32"   Lon: W 121° 36' 43"

                  Temperature (°F), Rain (in), Wind Speed (mph)

                                      Heat  Cool        Avg
    Mean                              Deg   Deg         Wind                 Dom
Day Temp  High   Time   Low    Time   Days  Days  Rain  Speed High   Time    Dir
----------------------------------------------------------------------------------
 1  52.2  61.4  12:20p  42.1   7:03a  12.8   0.0  0.00   1.8  19.0   4:26a     N
 2  51.1  65.8  11:45a  40.8   7:37a  13.9   0.0  0.00   1.4  17.0   7:57p   NNE
 3  47.2  58.0  11:56a  40.4   7:52p  17.8   0.0  0.00   1.6  14.0   1:52p   NNE
 4  47.7  55.3  12:01p  38.9   1:51a  17.3   0.0  0.00   1.4  14.0  10:15p   NNE
 5  48.5  58.0   1:15p  39.3   9:46p  16.5   0.0  0.00   2.6  21.0   7:28a   NNE
 6  42.0  55.6  11:21a  33.6   6:28a  23.0   0.0  0.00   0.9   8.0   8:56a   ENE
 7  41.7  55.5  12:30p  34.2   5:59a  23.3   0.0  0.00   0.9   5.0  12:05p   ESE
 8  44.9  63.9  12:25p  35.0   7:12a  20.1   0.0  0.00   1.0   6.0  12:01p   NNE
 9  45.0  59.3  12:17p  36.1   6:44a  20.0   0.0  0.00   1.0   6.0  12:34a    NE
10  44.2  58.0  12:04p  36.6  11:53p  20.8   0.0  0.00   1.1   7.0   6:58a    NE
11  36.6  36.6  12:00a  36.5  12:03a  28.4   0.0  0.00   0.9   3.0  12:02a   ENE
12  41.5  52.3  11:23a  34.5   4:34a  23.5   0.0  0.00   0.6   6.0   1:06p   ENE
13  39.7  52.4  12:03p  32.2   7:30a  25.3   0.0  0.00   1.0   4.0  10:58a   NNE
14  40.5  52.3  12:01p  31.5   4:23a  24.5   0.0  0.00   1.0  10.0   9:04p   ENE
15  43.7  50.1  12:02p  39.6   6:12a  21.3   0.0  0.22   0.9   8.0  10:58a   NNE
16  50.9  60.9  12:50p  40.8   6:04a  14.1   0.0  0.00   2.2  17.0  10:14a   NNE
17  50.4  63.8  12:00p  37.8  11:46p  14.6   0.0  0.00   1.4  22.0   1:29a   NNE
18  41.8  55.1   1:18p  32.9   7:43a  23.2   0.0  0.00   0.8   4.0   9:25a   NNW
19  49.4  60.4  11:55a  36.3   2:15a  15.6   0.0  0.00   1.4  13.0   8:13a   NNE
20  49.0  62.4  12:10p  41.0  11:55p  16.0   0.0  0.00   1.2  10.0   6:14a   NNE
21  47.2  61.2  11:14a  38.4   6:57a  17.8   0.0  0.00   1.5  21.0   9:37p   NNE
22  48.1  56.8  11:38a  42.7   6:34a  16.9   0.0  0.00   2.2  16.0   7:39a   NNE
23  43.3  51.3  12:22p  37.5  10:03p  21.7   0.0  0.00   1.0   7.0   1:35a   NNE
24  44.4  55.6   1:34p  37.6  12:13a  20.6   0.0  0.00   1.1   6.0   7:13a    NE
25  42.4  57.2  12:17p  35.3  10:59p  22.6   0.0  0.00   1.1   5.0   9:58a     E
26  40.9  55.9  12:17p  33.0   6:03a  24.1   0.0  0.00   1.2   4.0   8:36a    NE
27  45.8  60.0   1:32p  34.7   3:47a  19.2   0.0  0.00   0.8   5.0   9:00a   NNE
28  48.3  55.9   2:05p  42.2   6:32a  16.7   0.0  0.00   0.3   3.0  11:10a    NE
29  49.1  56.7  12:40p  41.3   6:32a  15.9   0.0  0.00   0.6   5.0  11:27a    NE
30  49.1  50.7  11:06a  46.6   5:37a  15.9   0.0  0.07   1.0  10.0   2:06p   SSE
31  47.6  59.8  12:13p  40.9   7:05a  17.4   0.0  0.00   0.8   7.0  12:53p    NE
----------------------------------------------------------------------------------
    45.6  65.8     2    31.5    14   600.8   0.0  0.29   1.2  22.0    17      NE

Max >=  90.0:  0
Max <=  80.0: 31
Min <=  45.0: 30
Min <=  32.0:  1
Max Rain: 0.22 on day 15
Days of Rain: 2 (>= 0.01 in)  1 (>= 0.10 in)  0 (>= 1.00 in)
Heat Base: 65.0  Cool Base: 65.0  Method: Integration