NOAA-Style Climate Reports


Report for 2012
                   Annual Climatological Summary for 2012

Name: Paradise Weather Station   City: Paradise   State: CA
Elevation: 1824 ft  Lat: N 39° 45' 32"   Lon: W 121° 36' 43"

                  Temperature (°F), Heat Base: 65.0  Cool Base: 65.0
                          Dep.  Heat  Cool                       Max  Max  Min  Min
        Mean  Mean        From  Deg   Deg                        >=   <=   <=   <=
 YR MO  Max   Min   Mean  Norm  Days  Days  Hi  Date  Low  Date 90.0 80.0 45.0  32.0
------------------------------------------------------------------------------------
 12  1  57.5  39.4  46.8   0.8   565     0  66.4   1  25.7   17    0   31   30    2
 12  2  58.6  39.5  47.6  -0.9   504     0  72.7  22  31.7   15    0   29   25    1
 12  3  56.4  40.6  47.8  -3.4   533     0  72.3   4  31.0   19    0   31   26    1
 12  4  67.8  46.3  56.0   0.1   297    27  88.9  22  31.3    5    0   26   13    1
 12  5  80.9  52.8  65.7   2.4    67    89  96.9  31  42.1   25    4   12    2    0
 12  6  86.2  56.5  70.1  -1.3    42   195 102.5  16  41.8    5   12    8    1    0
 12  7  92.8  61.7  75.2  -2.9     4   319 102.7  12  51.0   17   25    1    0    0
 12  8  95.2  64.2  77.0   0.1     0   372 104.0  11  53.8   27   27    0    0    0
 12  9  90.6  60.0  72.5   0.0     1   226  94.6   4  49.1    1   18    0    0    0
 12 10  73.4  51.4  60.5  -2.8   184    44  94.1   1  40.8   25    3   24    4    0
 12 11  60.0  44.8  51.0  -1.1   419     0  76.8   5  33.8   11    0   30   15    0
 12 12  49.7  36.9  42.7  -3.3   690     0  65.6   9  28.2   19    0   31   28    8
------------------------------------------------------------------------------------
        72.4  49.5  59.4  -1.0  3309  1274 104.0 Aug  25.7  Jan   89  223  144   13

                                Precipitation (in)

              Dep.   Max        Days of Rain
              From   Obs.           >=
 YR MO Total  Norm   Day Date 0.01 0.10 1.00
---------------------------------------------
 12  1  9.25 -1.21  4.39  20     6    5    4
 12  2  3.44 -5.63  0.98  13    10    7    0
 12  3 12.86  4.91  2.90  13    19   14    4
 12  4  0.02 -4.07  0.01  12     2    0    0
 12  5  0.06 -1.81  0.05   3     2    0    0
 12  6  0.38 -0.32  0.28   4     2    2    0
 12  7  0.00 -0.08  0.00   0     0    0    0
 12  8  0.00 -0.23  0.00   0     0    0    0
 12  9  0.00 -0.79  0.00   5     0    0    0
 12 10  3.27  0.14  1.60  22     5    3    1
 12 11  9.08  2.20  2.26  17    13    7    4
 12 12 14.07  4.49  2.92  21    22   14    6
---------------------------------------------
       52.43 -2.40  4.39  Jan   81   52   19

                                Wind Speed (mph)
                          Dom
 YR MO   Avg.  Hi   Date  Dir
------------------------------
 12  1   1.2  18.0    8   ENE
 12  2   1.2  20.0    3   ENE
 12  3   1.6  19.0    7   SSE
 12  4   0.9  15.0    5   NNE
 12  5   0.6  16.0    6   ENE
 12  6   0.5  17.0   16   SSE
 12  7   0.3  14.0   16   SSE
 12  8   0.2   8.0    5   SSE
 12  9   0.2   9.0   23     S
 12 10   0.3  14.0   22   SSE
 12 11   0.6  19.0   30     S
 12 12   0.8  23.0    2   SSE
------------------------------
         0.7  23.0  Dec   ESE