NOAA-Style Climate Reports


Report for 2012 January
                   Monthly Climatological Summary for Jan 2012

Name: Paradise Weather Station   City: Paradise   State: CA
Elevation: 1824 ft  Lat: N 39° 45' 32"   Lon: W 121° 36' 43"

                  Temperature (°F), Rain (in), Wind Speed (mph)

                                      Heat  Cool        Avg
    Mean                              Deg   Deg         Wind                 Dom
Day Temp  High   Time   Low    Time   Days  Days  Rain  Speed High   Time    Dir
----------------------------------------------------------------------------------
 1  50.3  66.4  11:25a  41.0   7:15a  14.7   0.0  0.00   1.0   7.0  10:23a   NNE
 2  49.8  62.0  11:43a  43.0   2:29a  15.2   0.0  0.00   1.2   7.0   9:14a   ESE
 3  47.9  62.8   1:51p  39.6   4:40a  17.1   0.0  0.00   1.0   4.0   1:05p   ENE
 4  49.8  64.3  12:53p  42.5   5:24a  15.2   0.0  0.00   1.1   4.0   2:09a   NNE
 5  49.4  62.0  11:02a  41.2  11:58p  15.6   0.0  0.00   1.0   5.0  10:23a    NE
 6  45.1  54.9   1:42p  39.3   4:27a  19.9   0.0  0.00   0.9   5.0  12:35p    NE
 7  49.0  59.6  12:19p  39.4   2:14a  16.0   0.0  0.00   1.1  10.0   4:33a   NNE
 8  50.6  63.4  12:07p  41.3  11:03p  14.4   0.0  0.00   1.6  18.0   7:28a    NE
 9  46.9  62.1  12:22p  39.8   3:29a  18.1   0.0  0.00   1.2   5.0   5:39a   NNE
10  47.4  59.6  12:49p  39.3   4:29a  17.6   0.0  0.00   1.2   8.0  11:42p   NNE
11  53.6  65.8  12:06p  44.0   9:01p  11.4   0.0  0.00   1.8  17.0   8:38a   NNE
12  52.9  64.5  12:48p  46.8   5:49a  12.1   0.0  0.00   1.8  13.0   9:45a   NNE
13  51.1  66.0  12:04p  43.1  11:06p  13.9   0.0  0.00   1.4  10.0   1:14a    NE
14  47.7  64.8  12:20p  39.2  11:51p  17.3   0.0  0.00   1.5   8.0  12:05p    NE
15  43.9  54.6  12:21p  32.5  11:50p  21.1   0.0  0.00   1.5  10.0  12:29p     S
16  33.6  47.3  12:32p  26.2   7:45a  31.4   0.0  0.00   1.0   7.0   2:16p     N
17  35.0  46.5  12:30p  25.7   6:46a  30.0   0.0  0.00   1.0   7.0  11:20a     E
18  41.6  43.9   2:40p  39.0   4:03a  23.4   0.0  0.00   0.9   8.0   4:13a   SSE
19  41.5  43.7  11:50p  38.8  11:55a  23.5   0.0  1.29   1.8  13.0   5:47p   SSE
20  46.1  49.5  11:51p  43.7  12:00a  18.9   0.0  4.39   2.3  17.0   8:05p     S
21  45.3  49.9  12:43a  40.0  10:47p  19.7   0.0  0.25   1.2  11.0  12:56a     S
22  40.4  42.3  11:24p  36.6   4:30p  24.6   0.0  1.91   2.2  14.0   9:32p   SSE
23  43.8  51.9  12:25p  38.1  11:51p  21.2   0.0  1.36   0.9  11.0   1:34a   ENE
24  44.5  53.2   2:09p  37.7   1:06a  20.5   0.0  0.00   0.6   5.0   9:22a   ENE
25  48.4  59.4   1:51p  42.4  12:00a  16.6   0.0  0.05   0.4   4.0  11:56a    SE
26  49.0  53.4   4:15p  43.0  11:57p  16.0   0.0  0.00   0.6   4.0   4:48a   SSE
27  49.3  60.1   1:15p  39.8   4:55a  15.7   0.0  0.00   1.6  12.0  12:42p     N
28  48.8  61.8  12:44p  40.3  12:45a  16.2   0.0  0.00   1.0   9.0   3:10a   NNE
29  50.9  65.4  11:56a  41.9  12:47a  14.1   0.0  0.00   1.0   7.0   9:35a    NE
30  48.4  62.4  12:59p  39.6   5:36a  16.6   0.0  0.00   0.8   5.0  12:51p   ENE
31  47.7  59.5  12:28p  37.3   7:24a  17.3   0.0  0.00   1.0   9.0  11:37p   ESE
----------------------------------------------------------------------------------
    46.8  66.4     1    25.7    17   565.3   0.0  9.25   1.2  18.0     8     ENE

Max >=  90.0:  0
Max <=  80.0: 31
Min <=  45.0: 30
Min <=  32.0:  2
Max Rain: 4.39 on day 20
Days of Rain: 6 (>= 0.01 in)  5 (>= 0.10 in)  4 (>= 1.00 in)
Heat Base: 65.0  Cool Base: 65.0  Method: Integration