ParadiseWeatherStation.org
Reports – Climate

NOAA-Style Climate Reports

Report for 2012 February
                   Monthly Climatological Summary for Feb 2012

Name: Paradise Weather Station   City: Paradise   State: CA
Elevation: 1824 ft  Lat: N 39° 45' 32"   Lon: W 121° 36' 43"

                  Temperature (°F), Rain (in), Wind Speed (mph)

                                      Heat  Cool        Avg
    Mean                              Deg   Deg         Wind                 Dom
Day Temp  High   Time   Low    Time   Days  Days  Rain  Speed High   Time    Dir
----------------------------------------------------------------------------------
 1  47.1  53.1   1:13p  39.3  11:52p  17.9   0.0  0.03   1.0   9.0   1:47a    SE
 2  48.8  64.1   1:06p  36.3   7:08a  16.2   0.0  0.00   1.8  15.0   4:25p   NNE
 3  50.3  60.8  12:30p  43.1   2:54a  14.7   0.0  0.00   2.0  20.0   9:43a    NE
 4  49.7  63.3  12:54p  41.3  11:41p  15.3   0.0  0.00   1.7  12.0   8:08a    NE
 5  48.9  64.3  12:28p  40.6  12:59a  16.1   0.0  0.00   1.3  12.0   8:45a   NNE
 6  51.6  63.9  12:17p  43.6   1:29a  13.4   0.0  0.00   1.3   9.0   3:11a   ENE
 7  49.1  56.3  12:50a  46.5   4:45a  15.9   0.0  0.21   0.9   9.0   5:37a   SSE
 8  50.4  62.3  11:58a  43.0   7:36a  14.6   0.0  0.00   0.8   7.0   1:26p   NNE
 9  51.4  65.4  12:37p  42.8   4:47a  13.6   0.0  0.00   0.7   5.0  11:20a     E
10  50.7  54.2  10:36a  46.7  12:35a  14.3   0.0  0.20   0.8   9.0   9:59a    SE
11  47.9  55.3   1:25p  41.1  11:59p  17.1   0.0  0.00   0.5   6.0   1:50p   SSE
12  44.4  55.9  12:37p  36.2   7:00a  20.6   0.0  0.56   1.1   9.0   8:32p    SE
13  40.3  45.0   3:38p  34.3   3:06a  24.7   0.0  0.98   0.7  11.0   2:14a   ESE
14  42.7  52.8  12:36p  33.8   6:45a  22.3   0.0  0.01   1.3  12.0  11:35p   SSE
15  41.6  53.9   1:52p  31.7   5:57a  23.4   0.0  0.04   1.1  11.0  12:22a     N
16  49.9  63.6   1:00p  38.5  12:04a  15.1   0.0  0.00   1.4  16.0   3:18a   NNE
17  47.4  59.9  12:29p  37.1   7:13a  17.6   0.0  0.00   0.9   6.0  11:54a    NE
18  46.3  56.2   1:11p  39.1  11:00p  18.7   0.0  0.00   1.1  11.0   6:59p   NNE
19  44.3  55.7   1:01p  36.0   6:48a  20.7   0.0  0.00   1.0  10.0   1:59a     E
20  45.8  51.5   1:59p  40.7   6:45a  19.2   0.0  0.00   0.6   8.0   2:58p   ESE
21  52.3  68.0   1:33p  39.9   1:42a  12.7   0.0  0.00   0.9   4.0   1:23p   NNE
22  57.0  72.7   1:49p  47.6   6:21a   8.0   0.0  0.00   1.2  11.0   3:21p     N
23  55.5  68.5   1:40p  43.9   7:13a   9.5   0.0  0.00   1.3   9.0   3:38a   NNE
24  58.3  70.6  12:14p  47.4   3:30a   6.7   0.0  0.00   1.7  15.0   6:23a   SSE
25  46.2  57.3   1:03p  37.3   6:59a  18.8   0.0  0.00   1.5  11.0   3:15p     N
26  42.7  54.3  11:21a  35.6   4:14a  22.3   0.0  0.00   1.1  12.0   5:32a   ENE
27  39.8  53.5  12:34p  32.6   5:32a  25.2   0.0  0.36   1.0   9.0   3:47p     E
28  39.4  48.9   1:10p  32.5   6:31a  25.6   0.0  0.38   2.5  15.0   9:24p   SSE
29  40.9  46.8   1:12p  37.6  12:06a  24.1   0.0  0.67   2.1  13.0   2:16a     S
----------------------------------------------------------------------------------
    47.6  72.7    22    31.7    15   504.3   0.0  3.44   1.2  20.0     3     ENE

Max >=  90.0:  0
Max <=  80.0: 29
Min <=  45.0: 25
Min <=  32.0:  1
Max Rain: 0.98 on day 13
Days of Rain: 10 (>= 0.01 in)  7 (>= 0.10 in)  0 (>= 1.00 in)
Heat Base: 65.0  Cool Base: 65.0  Method: Integration