NOAA-Style Climate Reports


Report for 2012 March
                   Monthly Climatological Summary for Mar 2012

Name: Paradise Weather Station   City: Paradise   State: CA
Elevation: 1824 ft  Lat: N 39° 45' 32"   Lon: W 121° 36' 43"

                  Temperature (°F), Rain (in), Wind Speed (mph)

                                      Heat  Cool        Avg
    Mean                              Deg   Deg         Wind                 Dom
Day Temp  High   Time   Low    Time   Days  Days  Rain  Speed High   Time    Dir
----------------------------------------------------------------------------------
 1  40.4  51.0   1:58p  36.6   9:37p  24.6   0.0  0.39   1.6  13.0   2:16p   SSE
 2  45.4  58.9   1:20p  33.5   6:13a  19.6   0.0  0.00   1.5  12.0   2:48a   NNE
 3  50.8  66.8   2:00p  39.2   7:03a  14.2   0.0  0.00   1.1   5.0   1:41a    NE
 4  54.9  72.3   2:02p  43.2  12:24a  10.1   0.0  0.00   1.2   6.0   7:43a     N
 5  55.5  69.0   1:04p  42.9   6:35a   9.5   0.0  0.00   1.4   8.0  12:52p    SE
 6  46.1  55.3   1:41p  37.6  10:27p  18.9   0.0  0.00   2.1  17.0  10:58a     N
 7  48.3  62.0   1:39p  32.2   7:14a  16.7   0.0  0.00   1.8  19.0  11:52p     N
 8  52.2  64.3   1:28p  40.3   7:15a  12.8   0.0  0.00   1.5  18.0  12:11a   ENE
 9  51.9  70.0   1:55p  38.4   6:23a  13.1   0.0  0.00   1.3   6.0  11:24a   ENE
10  52.1  63.9  12:49p  42.7   5:41a  12.9   0.0  0.00   1.5   9.0  12:58p    SE
11  46.8  51.2   1:49p  43.2  11:48p  18.2   0.0  0.10   1.2   8.0   7:23a     S
12  47.5  56.9   1:52p  39.5   6:05a  17.5   0.0  0.01   2.2  12.0   5:17p     S
13  45.9  47.5  12:00a  44.2   4:23a  19.1   0.0  2.90   3.6  17.0   7:41a     S
14  48.9  50.4   7:15p  47.3  12:00a  16.1   0.0  2.87   2.5  14.0   3:46a     S
15  51.3  53.2   1:56p  50.1  11:48p  13.7   0.0  0.97   2.3  11.0   4:18a     S
16  48.2  50.3   3:10p  42.9  11:56p  16.8   0.0  1.67   2.4  14.0   6:45p     S
17  43.5  56.1   2:41p  34.9   7:50a  21.5   0.0  0.02   0.8   8.0  11:53a   SSE
18  37.7  48.2   2:19p  32.4  11:49p  27.3   0.0  0.47   0.6  12.0   3:08p    SE
19  38.9  47.5   3:52p  31.0   4:48a  26.1   0.0  0.02   0.6   5.0  10:16a    SE
20  46.4  53.9   5:09p  40.6   2:47a  18.6   0.0  0.00   0.5   8.0  11:52a    SE
21  53.5  62.3   3:07p  47.2   4:56a  11.5   0.0  0.04   1.0   8.0  12:32p   SSE
22  50.5  54.2   1:20p  42.2  11:58p  14.5   0.0  0.25   1.5   9.0   5:07a   SSE
23  46.1  57.2   2:31p  37.1   7:53a  18.9   0.0  0.00   1.3  10.0   1:02a   SSE
24  47.1  50.9   1:42a  41.3  10:43p  17.9   0.0  0.00   1.3  11.0   3:28a   SSE
25  43.0  48.9   5:27p  38.2  10:55p  22.0   0.0  0.44   0.7   8.0   9:11a   SSE
26  45.0  50.5   3:48p  39.2  12:00a  20.0   0.0  0.11   1.5  11.0   2:16p   SSE
27  44.6  47.0  12:00a  42.7   5:24a  20.4   0.0  1.44   2.6  16.0   3:53p   SSE
28  49.7  57.7   3:17p  44.6   4:53a  15.3   0.0  0.40   2.2  18.0  12:52a     S
29  49.0  52.9  12:25p  46.5   7:10a  16.0   0.0  0.18   1.4   9.0   8:08p   SSE
30  53.7  65.1   3:03p  46.7   1:03a  11.3   0.0  0.06   2.0  10.0   2:58p   SSE
31  46.8  52.6  12:00a  41.4  11:38p  18.2   0.0  0.52   2.7  14.0   9:49a     S
----------------------------------------------------------------------------------
    47.8  72.3     4    31.0    19   533.3   0.0 12.86   1.6  19.0     7     SSE

Max >=  90.0:  0
Max <=  80.0: 31
Min <=  45.0: 26
Min <=  32.0:  1
Max Rain: 2.90 on day 13
Days of Rain: 19 (>= 0.01 in)  14 (>= 0.10 in)  4 (>= 1.00 in)
Heat Base: 65.0  Cool Base: 65.0  Method: Integration