ParadiseWeatherStation.org
Reports – Climate

NOAA-Style Climate Reports

Report for 2012 April
                   Monthly Climatological Summary for Apr 2012

Name: Paradise Weather Station   City: Paradise   State: CA
Elevation: 1824 ft  Lat: N 39° 45' 32"   Lon: W 121° 36' 43"

                  Temperature (°F), Rain (in), Wind Speed (mph)

                                      Heat  Cool        Avg
    Mean                              Deg   Deg         Wind                 Dom
Day Temp  High   Time   Low    Time   Days  Days  Rain  Speed High   Time    Dir
----------------------------------------------------------------------------------
 1  46.7  59.4   2:13p  39.3   7:39a  18.3   0.0  0.00   0.9   9.0   2:38p     E
 2  51.7  69.1   3:07p  38.0   6:38a  13.3   0.0  0.00   1.0  10.0   2:22p     E
 3  53.7  64.3   1:44p  45.2   3:20a  11.3   0.0  0.00   1.4  12.0  11:05p     E
 4  45.2  58.2   2:55p  35.8   7:26a  19.8   0.0  0.00   0.9   9.0   7:57p     E
 5  41.9  58.8   2:20p  31.3   7:17a  23.1   0.0  0.00   1.1  15.0   2:42p     E
 6  44.3  59.4   2:18p  33.2   4:22a  20.7   0.0  0.00   0.9   7.0  12:58p     E
 7  49.9  63.2   3:05p  37.9  12:34a  15.1   0.0  0.00   0.9   7.0   8:15a     E
 8  54.8  70.4   2:39p  41.6   6:16a  10.2   0.0  0.00   0.9   7.0  10:23a     E
 9  56.4  67.3   3:51p  45.7   6:36a   8.6   0.0  0.00   0.8   7.0   3:43p     E
10  51.6  56.1   2:58p  48.2   5:50a  13.4   0.0  0.00   0.4   6.0  10:05a     E
11  48.5  55.1   1:26p  45.1  11:55p  16.5   0.0  0.00   1.5  12.0   8:25p     E
12  44.5  49.2   3:06p  42.2   9:25p  20.5   0.0  0.01   2.3  15.0   4:36a     E
13  41.9  45.8   5:51p  38.3   8:42a  23.1   0.0  0.00   1.0  13.0  12:22a     E
14  49.2  61.7   4:14p  38.7   7:46a  15.8   0.0  0.00   0.6   8.0   3:14p   SSE
15  53.2  68.2   2:56p  40.6   6:19a  11.8   0.0  0.00   0.9   7.0   2:57p   SSE
16  57.4  68.2   1:16p  47.5   4:36a   7.6   0.0  0.00   0.9   8.0  10:51a   SSE
17  57.3  69.1   1:39p  44.6   5:50a   7.7   0.0  0.00   0.8   7.0  12:56p     S
18  59.4  69.9   2:58p  49.9   6:47a   5.6   0.0  0.00   0.3   5.0  10:18a   ENE
19  65.3  79.9   2:52p  52.3   6:39a   0.0   0.3  0.00   0.7  12.0   3:15p   ENE
20  69.9  85.2   2:27p  57.7   5:21a   0.0   4.9  0.00   0.9   6.0   8:40a   SSE
21  71.0  87.4   2:37p  58.4   5:47a   0.0   6.0  0.00   1.0   8.0   8:02a     S
22  72.5  88.9   2:48p  59.9   6:28a   0.0   7.5  0.00   0.8   7.0   7:30a   SSW
23  67.2  77.8   2:45p  58.6  11:59p   0.0   2.2  0.00   0.8   7.0   5:22a     S
24  60.9  73.0   2:47p  53.8   8:04a   4.1   0.0  0.00   0.4   6.0   1:24a   SSE
25  56.5  59.0   4:49p  53.3   6:33a   8.5   0.0  0.01   0.3   7.0   1:46p   ENE
26  54.4  62.9   2:49p  46.8  11:57p  10.6   0.0  0.00   1.2  13.0   6:47a   NNE
27  55.5  71.1   2:23p  40.5   6:17a   9.5   0.0  0.00   0.5  10.0  12:52p     N
28  63.1  80.0   2:15p  47.6   3:45a   1.9   0.0  0.00   0.8  12.0   2:27p   ENE
29  69.8  81.5   2:25p  59.4  11:57p   0.0   4.8  0.00   1.2  12.0   5:19a   ENE
30  66.3  75.3   1:27p  56.8   2:31a   0.0   1.3  0.00   0.6   8.0  10:36a    SE
----------------------------------------------------------------------------------
    56.0  88.9    22    31.3     5   297.0  27.0  0.02   0.9  15.0     5     ESE

Max >=  90.0:  0
Max <=  80.0: 26
Min <=  45.0: 13
Min <=  32.0:  1
Max Rain: 0.01 on day 12
Days of Rain: 2 (>= 0.01 in)  0 (>= 0.10 in)  0 (>= 1.00 in)
Heat Base: 65.0  Cool Base: 65.0  Method: Integration