NOAA-Style Climate Reports


Report for 2012 May
                   Monthly Climatological Summary for May 2012

Name: Paradise Weather Station   City: Paradise   State: CA
Elevation: 1824 ft  Lat: N 39° 45' 32"   Lon: W 121° 36' 43"

                  Temperature (°F), Rain (in), Wind Speed (mph)

                                      Heat  Cool        Avg
    Mean                              Deg   Deg         Wind                 Dom
Day Temp  High   Time   Low    Time   Days  Days  Rain  Speed High   Time    Dir
----------------------------------------------------------------------------------
 1  61.4  73.5   2:01p  51.0   7:00a   3.6   0.0  0.00   0.4   6.0   8:44a   SSW
 2  58.2  70.1   2:34p  45.9   6:58a   6.8   0.0  0.00   0.5   6.0  11:55p     S
 3  53.6  56.7   4:49p  50.9  10:59a  11.4   0.0  0.05   0.8   9.0  12:44p   SSE
 4  55.5  65.3   3:42p  49.3  11:55p   9.5   0.0  0.00   0.7   9.0   6:05p     S
 5  61.4  75.7   2:50p  48.7   1:43a   3.6   0.0  0.00   1.5  14.0   5:35a     N
 6  68.5  83.8   3:06p  53.4   7:48a   0.0   3.5  0.00   1.4  16.0   2:46a   NNE
 7  71.6  87.4  12:58p  56.9   1:53a   0.0   6.6  0.00   1.9  16.0   5:00a   NNE
 8  72.0  88.3   3:05p  56.4   4:28a   0.0   7.0  0.00   0.9  10.0   8:28a    NE
 9  71.5  87.1   3:16p  59.3   6:34a   0.0   6.5  0.00   0.9   6.0   5:54a     E
10  70.6  87.1   2:24p  57.1   4:13a   0.0   5.6  0.00   0.9  10.0  10:28a     N
11  71.6  88.7   2:17p  59.2   1:19a   0.0   6.6  0.00   1.1  11.0   9:27a   NNE
12  71.8  89.6   3:16p  57.8   6:40a   0.0   6.8  0.00   0.7   7.0   4:19p   ENE
13  71.5  91.1   2:13p  58.9   5:58a   0.0   6.5  0.00   0.5   6.0  11:34a    NE
14  62.8  75.3   3:16p  49.4   7:09a   2.2   0.0  0.01   0.4   6.0  11:06a   SSE
15  65.3  80.6   2:38p  51.2   6:23a   0.0   0.3  0.00   0.3   8.0   2:23p     S
16  68.8  84.3   3:05p  55.0   6:26a   0.0   3.8  0.00   0.2   5.0   1:11p     S
17  66.6  76.6   3:06p  57.4  11:59p   0.0   1.6  0.00   0.2   9.0   5:15p   SSE
18  65.0  82.9   3:11p  48.4   6:14a   0.0   0.0  0.00   0.3   9.0  12:39p   NNW
19  67.0  85.2   3:03p  51.3   6:31a   0.0   2.0  0.00   0.2   6.0   1:44p   SSE
20  72.4  91.1   2:40p  58.1   4:51a   0.0   7.4  0.00   0.3   6.0  12:22p    NE
21  72.4  81.8   1:13p  64.6  11:59p   0.0   7.4  0.00   0.6   7.0  11:42a     S
22  67.0  81.9   2:37p  54.5   6:35a   0.0   2.0  0.00   0.5  10.0   3:12p   NNW
23  64.2  80.2   2:34p  48.3   6:10a   0.8   0.0  0.00   0.5  11.0  12:30p    NW
24  62.5  78.5   2:42p  49.0   6:20a   2.5   0.0  0.00   0.7  13.0   8:06p    NW
25  53.7  65.2   3:31p  42.1   6:20a  11.3   0.0  0.00   0.4   9.0   3:13p    SE
26  56.1  72.3   1:52p  43.6   6:19a   8.9   0.0  0.00   0.6  11.0   3:25p     E
27  60.3  76.0   2:39p  47.5   6:38a   4.7   0.0  0.00   0.3   6.0  11:30a     S
28  63.0  78.4   2:21p  51.8   6:08a   2.0   0.0  0.00   0.5   7.0   1:36p     S
29  65.4  85.5   2:41p  49.6   6:15a   0.0   0.4  0.00   0.2   6.0  11:56a     S
30  70.6  92.2   2:56p  52.9   6:44a   0.0   5.6  0.00   0.2   8.0  12:22p     S
31  75.0  96.9   2:59p  57.6   6:03a   0.0  10.0  0.00   0.2   6.0   3:57p     S
----------------------------------------------------------------------------------
    65.7  96.9    31    42.1    25    67.3  89.6  0.06   0.6  16.0     6     ENE

Max >=  90.0:  4
Max <=  80.0: 12
Min <=  45.0:  2
Min <=  32.0:  0
Max Rain: 0.05 on day 3
Days of Rain: 2 (>= 0.01 in)  0 (>= 0.10 in)  0 (>= 1.00 in)
Heat Base: 65.0  Cool Base: 65.0  Method: Integration