ParadiseWeatherStation.org
Reports – Climate

NOAA-Style Climate Reports

Report for 2012 June
                   Monthly Climatological Summary for Jun 2012

Name: Paradise Weather Station   City: Paradise   State: CA
Elevation: 1824 ft  Lat: N 39° 45' 32"   Lon: W 121° 36' 43"

                  Temperature (°F), Rain (in), Wind Speed (mph)

                                      Heat  Cool        Avg
    Mean                              Deg   Deg         Wind                 Dom
Day Temp  High   Time   Low    Time   Days  Days  Rain  Speed High   Time    Dir
----------------------------------------------------------------------------------
 1  78.6  97.5   2:57p  62.4   6:08a   0.0  13.6  0.00   0.2   5.0  11:46a     S
 2  76.6  90.7   3:05p  64.9   6:24a   0.0  11.6  0.00   0.2   6.0  10:59a     S
 3  73.4  89.2   2:37p  58.6   6:06a   0.0   8.4  0.00   0.4   8.0   3:22p     S
 4  59.2  69.1  12:00a  50.1  11:26p   5.8   0.0  0.28   0.7   9.0   4:47p     S
 5  52.8  67.6   2:51p  41.8   6:08a  12.2   0.0  0.10   0.4   9.0   1:49p   NNE
 6  62.3  79.4   2:35p  45.3   3:29a   2.7   0.0  0.00   0.5  10.0   1:44p    NW
 7  66.2  82.1   2:43p  51.9   6:15a   0.0   1.2  0.00   0.3   6.0   9:48a     S
 8  65.3  80.8   2:24p  53.7   5:43a   0.0   0.3  0.00   0.3   9.0  12:52p   SSW
 9  63.0  79.8   2:38p  45.5   6:19a   2.0   0.0  0.00   0.7  14.0   2:39p     N
10  71.9  90.7   3:06p  57.1   6:15a   0.0   6.9  0.00   1.0  16.0   8:10a   NNE
11  74.3  92.0   2:40p  58.8   5:29a   0.0   9.3  0.00   0.4   8.0   7:16a     E
12  75.3  93.5   2:36p  62.4   5:42a   0.0  10.3  0.00   0.4   9.0   3:23p    SE
13  76.4  94.9   1:56p  60.1   6:00a   0.0  11.4  0.00   0.5  11.0   2:51p     N
14  75.5  94.0   2:50p  60.2   6:21a   0.0  10.5  0.00   0.3   6.0   2:02p     S
15  79.3  98.1   3:08p  61.6   6:09a   0.0  14.3  0.00   0.5  12.0  10:39p     N
16  87.1 102.5   3:02p  74.7  11:59p   0.0  22.1  0.00   1.2  17.0   3:21a   NNE
17  83.5 100.6   2:46p  71.0   6:36a   0.0  18.5  0.00   0.6   8.0  12:16p   SSE
18  74.3  89.2   2:46p  62.1   6:14a   0.0   9.3  0.00   0.4   9.0   4:25a     S
19  73.0  91.6   2:20p  59.0   6:27a   0.0   8.0  0.00   0.4   8.0   3:13p    SE
20  76.6  95.0   2:53p  61.7   4:29a   0.0  11.6  0.00   0.3   8.0   6:49a   ESE
21  73.2  87.9   2:11p  60.4  11:59p   0.0   8.2  0.00   0.7   9.0   4:37p     S
22  59.0  65.4   6:02p  50.0   7:18a   6.0   0.0  0.00   0.5   9.0   1:28p     S
23  60.8  73.7   3:09p  51.9   6:00a   4.2   0.0  0.00   0.9  10.0   3:30p     S
24  60.7  75.7   2:18p  47.9   6:12a   4.3   0.0  0.00   0.5   9.0   1:00p     S
25  62.0  75.5   2:11p  50.4   5:10a   3.0   0.0  0.00   0.8  10.0  10:04a     S
26  63.0  80.7   3:04p  48.3   5:30a   2.0   0.0  0.00   0.4   8.0   1:57p    NW
27  67.4  86.2   3:01p  51.2   5:44a   0.0   2.4  0.00   0.3   6.0  12:51p     S
28  71.1  88.3   2:50p  58.1   6:20a   0.0   6.1  0.00   0.5   9.0  12:01p     S
29  69.8  86.6   2:05p  56.5   5:30a   0.0   4.8  0.00   0.3   6.0   4:44p     S
30  71.9  88.0   2:39p  58.8   6:01a   0.0   6.9  0.00   0.3   6.0   1:54p     S
----------------------------------------------------------------------------------
    70.1 102.5    16    41.8     5    42.2 195.7  0.38   0.5  17.0    16     SSE

Max >=  90.0: 12
Max <=  80.0:  8
Min <=  45.0:  1
Min <=  32.0:  0
Max Rain: 0.28 on day 4
Days of Rain: 2 (>= 0.01 in)  2 (>= 0.10 in)  0 (>= 1.00 in)
Heat Base: 65.0  Cool Base: 65.0  Method: Integration