ParadiseWeatherStation.org
Reports – Climate

NOAA-Style Climate Reports

Report for 2012 July
                   Monthly Climatological Summary for Jul 2012

Name: Paradise Weather Station   City: Paradise   State: CA
Elevation: 1824 ft  Lat: N 39° 45' 32"   Lon: W 121° 36' 43"

                  Temperature (°F), Rain (in), Wind Speed (mph)

                                      Heat  Cool        Avg
    Mean                              Deg   Deg         Wind                 Dom
Day Temp  High   Time   Low    Time   Days  Days  Rain  Speed High   Time    Dir
----------------------------------------------------------------------------------
 1  73.2  88.0   2:44p  62.1   6:12a   0.0   8.2  0.00   0.3   8.0   3:11p     S
 2  74.2  90.1   2:51p  60.6   6:08a   0.0   9.2  0.00   0.3   7.0   2:06p     S
 3  75.2  92.8   2:46p  61.3   6:09a   0.0  10.2  0.00   0.2   7.0   1:44p     S
 4  75.5  92.7   3:00p  61.5   6:14a   0.0  10.5  0.00   0.3   9.0   2:06p     S
 5  72.9  87.3   3:13p  61.4   6:01a   0.0   7.9  0.00   0.3   7.0   4:07p     S
 6  73.4  91.9   2:32p  58.0   5:49a   0.0   8.4  0.00   0.2   5.0  12:52p     S
 7  76.7  96.7   2:50p  62.3   6:17a   0.0  11.7  0.00   0.2   6.0   3:56p   SSE
 8  79.3  97.9   2:46p  66.3   6:43a   0.0  14.3  0.00   0.3   6.0   3:02a   ESE
 9  78.1  96.5   2:55p  66.2   6:30a   0.0  13.1  0.00   0.4   6.0   2:27a    NE
10  78.1 100.2   2:12p  62.5   6:07a   0.0  13.1  0.00   0.2   7.0   3:03a    SE
11  80.8 101.8   2:22p  66.2   2:28a   0.0  15.8  0.00   0.3   6.0   6:57a    NE
12  83.0 102.7   2:40p  70.1   3:41a   0.0  18.0  0.00   0.6   9.0   5:42a    NE
13  78.3  95.7   2:34p  66.0   6:12a   0.0  13.3  0.00   0.4   8.0   3:08p     S
14  72.3  90.4   2:43p  57.0   6:33a   0.0   7.3  0.00   0.2   5.0   3:09p     S
15  76.4  93.8   2:33p  61.1   5:03a   0.0  11.4  0.00   0.2   5.0  12:45p     S
16  72.5  84.9   2:23p  59.2  11:03p   0.0   7.5  0.00   1.0  14.0   3:04p     S
17  60.6  75.5   2:53p  51.0   4:49a   4.4   0.0  0.00   0.3   7.0   1:33p     S
18  66.4  83.9   2:13p  52.2   6:09a   0.0   1.4  0.00   0.4   7.0   1:12p     S
19  69.3  82.7   2:16p  57.6   5:31a   0.0   4.3  0.00   0.3   7.0   1:51p     S
20  73.0  92.2   2:28p  57.1   6:32a   0.0   8.0  0.00   0.2   7.0   2:17p     S
21  78.3  97.8   2:24p  63.8   2:47a   0.0  13.3  0.00   0.2   6.0   3:12p   ESE
22  82.5 102.2   2:26p  68.1   2:16a   0.0  17.5  0.00   0.6   8.0   8:09a    NE
23  79.8  96.1   2:40p  69.0   7:10a   0.0  14.8  0.00   0.3   6.0   9:38a     S
24  75.1  91.8   2:17p  62.7   6:23a   0.0  10.1  0.00   0.2   7.0   1:11p     S
25  74.2  92.1   2:44p  60.7   6:49a   0.0   9.2  0.00   0.2   5.0  12:32p     S
26  74.4  92.2   2:17p  60.3   5:42a   0.0   9.4  0.00   0.2   6.0  12:21p     S
27  73.2  92.0   2:26p  60.0   6:40a   0.0   8.2  0.00   0.2   7.0  11:39a     S
28  73.1  91.1   2:34p  58.1   6:40a   0.0   8.1  0.00   0.2   5.0  12:15p     S
29  74.4  92.4   2:07p  61.6   7:05a   0.0   9.4  0.00   0.3   6.0  11:47a    SE
30  76.6  95.8   2:43p  61.1   6:39a   0.0  11.6  0.00   0.2   5.0  11:00a     S
31  78.9  96.5   2:59p  67.1   6:47a   0.0  13.9  0.00   0.4   7.0   4:58a   ENE
----------------------------------------------------------------------------------
    75.2 102.7    12    51.0    17     4.4 319.1  0.00   0.3  14.0    16     SSE

Max >=  90.0: 25
Max <=  80.0:  1
Min <=  45.0:  0
Min <=  32.0:  0
Max Rain: 0.00 on day 0
Days of Rain: 0 (>= 0.01 in)  0 (>= 0.10 in)  0 (>= 1.00 in)
Heat Base: 65.0  Cool Base: 65.0  Method: Integration