ParadiseWeatherStation.org
Reports – Climate

NOAA-Style Climate Reports

Report for 2012 August
                   Monthly Climatological Summary for Aug 2012

Name: Paradise Weather Station   City: Paradise   State: CA
Elevation: 1824 ft  Lat: N 39° 45' 32"   Lon: W 121° 36' 43"

                  Temperature (°F), Rain (in), Wind Speed (mph)

                                      Heat  Cool        Avg
    Mean                              Deg   Deg         Wind                 Dom
Day Temp  High   Time   Low    Time   Days  Days  Rain  Speed High   Time    Dir
----------------------------------------------------------------------------------
 1  79.3  97.8   2:33p  67.3   5:59a   0.0  14.3  0.00   0.4   7.0   6:41a     E
 2  77.8  98.1   2:45p  63.3   6:29a   0.0  12.8  0.00   0.2   6.0   1:56p   NNE
 3  78.6  98.5   2:46p  65.0   4:29a   0.0  13.6  0.00   0.2   5.0   3:51p     S
 4  75.5  90.1   3:13p  63.8   7:00a   0.0  10.5  0.00   0.2   6.0   5:57p     S
 5  76.6  93.1   2:04p  63.2   6:32a   0.0  11.6  0.00   0.3   8.0   5:27p     S
 6  75.2  93.5   2:42p  62.5   7:17a   0.0  10.2  0.00   0.2   6.0   1:01p     S
 7  77.1  96.7   2:23p  63.6   5:55a   0.0  12.1  0.00   0.3   6.0   2:06p    SE
 8  78.2  99.8   2:46p  62.6   6:01a   0.0  13.2  0.00   0.2   5.0   7:52a    SE
 9  79.9 101.0   2:53p  65.6   6:32a   0.0  14.9  0.00   0.2   6.0   4:26a    SE
10  81.1 101.7   2:49p  67.0   6:11a   0.0  16.1  0.00   0.3   6.0   2:09p   ENE
11  82.8 104.0   2:57p  67.3   6:38a   0.0  17.8  0.00   0.4   5.0   7:10a    NE
12  83.2 103.1   2:38p  70.8   4:12a   0.0  18.2  0.00   0.2   7.0   1:51p   SSE
13  83.9 102.8   3:06p  71.1   3:38a   0.0  18.9  0.00   0.1   7.0   3:58p     E
14  82.7  96.2   2:45p  72.1   5:41a   0.0  17.7  0.00   0.1   4.0   1:06p   ESE
15  81.9  97.4   3:05p  72.1  11:59p   0.0  16.9  0.00   0.1   5.0  11:52a     S
16  80.1  98.2   2:20p  67.5   7:07a   0.0  15.1  0.00   0.1   5.0  10:02a     S
17  79.8  96.5   2:07p  68.8   4:36a   0.0  14.8  0.00   0.1   5.0  12:55p     S
18  80.8  97.2   3:00p  67.5   6:19a   0.0  15.8  0.00   0.3   7.0   4:49a     S
19  77.8  95.9   2:56p  66.5   7:23a   0.0  12.8  0.00   0.2   5.0  11:43a     S
20  74.3  89.8   2:34p  63.2   6:39a   0.0   9.3  0.00   0.1   5.0   1:15p   SSW
21  76.2  93.7   2:30p  63.1   7:23a   0.0  11.2  0.00   0.2   5.0   3:27p     S
22  74.4  91.4   2:43p  61.6   7:10a   0.0   9.4  0.00   0.1   5.0   2:56p   SSE
23  75.2  92.7   2:35p  63.0   6:13a   0.0  10.2  0.00   0.2   6.0   4:30a     S
24  75.4  95.5   2:17p  61.1   6:05a   0.0  10.4  0.00   0.2   6.0   3:45p     S
25  74.4  93.0   2:47p  61.1   4:45a   0.0   9.4  0.00   0.2   6.0   3:35p     S
26  68.2  83.2   2:48p  56.8   7:00a   0.0   3.2  0.00   0.3   7.0   2:28p     S
27  68.2  87.5   2:35p  53.8   7:08a   0.0   3.2  0.00   0.2   8.0   2:40p     S
28  71.7  90.2   2:30p  58.6   7:23a   0.0   6.7  0.00   0.4   7.0   1:43p   SSE
29  73.9  94.3   2:55p  61.3   6:11a   0.0   8.9  0.00   0.3   7.0   7:35a   ENE
30  75.5  95.0   2:44p  62.9   2:21a   0.0  10.5  0.00   0.3   6.0   7:36a     E
31  67.3  83.2   2:39p  55.8   7:14a   0.0   2.3  0.00   0.3   6.0  10:57a     S
----------------------------------------------------------------------------------
    77.0 104.0    11    53.8    27     0.0 372.0  0.00   0.2   8.0     5      SE

Max >=  90.0: 27
Max <=  80.0:  0
Min <=  45.0:  0
Min <=  32.0:  0
Max Rain: 0.00 on day 0
Days of Rain: 0 (>= 0.01 in)  0 (>= 0.10 in)  0 (>= 1.00 in)
Heat Base: 65.0  Cool Base: 65.0  Method: Integration