ParadiseWeatherStation.org
Reports – Climate

NOAA-Style Climate Reports

Report for 2012 September
                   Monthly Climatological Summary for Sep 2012

Name: Paradise Weather Station   City: Paradise   State: CA
Elevation: 1824 ft  Lat: N 39° 45' 32"   Lon: W 121° 36' 43"

                  Temperature (°F), Rain (in), Wind Speed (mph)

                                      Heat  Cool        Avg
    Mean                              Deg   Deg         Wind                 Dom
Day Temp  High   Time   Low    Time   Days  Days  Rain  Speed High   Time    Dir
----------------------------------------------------------------------------------
 1  63.8  83.6   2:29p  49.1   6:19a   1.2   0.0  0.00   0.2   6.0   1:40p     S
 2  69.0  87.9   2:34p  54.4   6:39a   0.0   4.0  0.00   0.1   5.0  12:01p     S
 3  72.5  91.7   2:35p  59.2   6:20a   0.0   7.5  0.00   0.1   5.0  11:11a   SSE
 4  74.5  94.6   2:53p  61.9   4:33a   0.0   9.5  0.00   0.3   8.0   1:31p   ENE
 5  75.0  92.4   2:02p  62.3   6:33a   0.0  10.0  0.00   0.2   6.0   2:39a    NE
 6  73.7  89.2   2:57p  62.5   6:58a   0.0   8.7  0.00   0.2   7.0   3:18p   SSW
 7  72.9  93.4   2:34p  57.7   6:23a   0.0   7.9  0.00   0.1   7.0   3:12p     S
 8  75.8  92.0   2:40p  64.7   5:29a   0.0  10.8  0.00   0.1   5.0  11:12a     S
 9  72.4  89.1   2:44p  61.4  11:16p   0.0   7.4  0.00   0.3   5.0  11:02a   SSW
10  71.2  91.1   2:41p  57.6   6:49a   0.0   6.2  0.00   0.1   5.0   1:34p     S
11  71.7  91.5   2:48p  58.1   6:46a   0.0   6.7  0.00   0.2   7.0   1:24p     S
12  72.3  90.4   2:18p  58.7   7:09a   0.0   7.3  0.00   0.1   5.0  10:02a   SSW
13  74.8  94.4   2:06p  59.7   6:52a   0.0   9.8  0.00   0.2   6.0  12:14p   WNW
14  75.9  91.3   3:09p  64.9   4:17a   0.0  10.9  0.00   0.2   7.0   3:30p     S
15  74.4  91.2   2:00p  63.1   7:17a   0.0   9.4  0.00   0.3   6.0  10:19a     S
16  74.3  92.8   2:12p  62.8   6:52a   0.0   9.3  0.00   0.3   5.0   2:44a     E
17  73.0  90.4   2:34p  61.7   6:24a   0.0   8.0  0.00   0.2   5.0   2:03p   SSE
18  72.1  89.9   2:34p  61.5   4:20a   0.0   7.1  0.00   0.2   6.0   3:24p     S
19  70.9  89.3   2:24p  59.1   7:09a   0.0   5.9  0.00   0.1   5.0   2:29p     S
20  71.1  89.2   2:02p  58.2   5:30a   0.0   6.1  0.00   0.1   4.0  12:10p     S
21  71.6  89.9   2:51p  59.1   6:41a   0.0   6.6  0.00   0.1   5.0  12:23p   SSE
22  71.9  91.1   2:32p  59.0   6:25a   0.0   6.9  0.00   0.1   5.0  11:59a   SSE
23  72.9  88.9   2:01p  63.2   2:37a   0.0   7.9  0.00   0.2   9.0   4:29p     S
24  70.2  85.7   1:58p  56.1   6:44a   0.0   5.2  0.00   0.2   6.0   3:18p     S
25  72.0  89.0   2:12p  59.8   2:45a   0.0   7.0  0.00   0.2   6.0   3:16p   NNE
26  70.1  86.3   2:12p  59.4   6:56a   0.0   5.1  0.00   0.1   5.0   2:11p   SSE
27  72.8  92.0   2:39p  60.7   5:30a   0.0   7.8  0.00   0.1   4.0   2:57p    SE
28  75.3  94.2   2:41p  63.9   5:42a   0.0  10.3  0.00   0.2   9.0   2:33p   NNE
29  73.0  91.5   2:39p  60.2   7:37a   0.0   8.0  0.00   0.1   7.0   1:33p     W
30  74.4  93.3   2:05p  61.4   4:32a   0.0   9.4  0.00   0.2   6.0   8:20a   ENE
----------------------------------------------------------------------------------
    72.5  94.6     4    49.1     1     1.2 226.7  0.00   0.2   9.0    23     SSE

Max >=  90.0: 18
Max <=  80.0:  0
Min <=  45.0:  0
Min <=  32.0:  0
Max Rain: 0.00 on day 0
Days of Rain: 0 (>= 0.01 in)  0 (>= 0.10 in)  0 (>= 1.00 in)
Heat Base: 65.0  Cool Base: 65.0  Method: Integration