NOAA-Style Climate Reports


Report for 2012 October
                   Monthly Climatological Summary for Oct 2012

Name: Paradise Weather Station   City: Paradise   State: CA
Elevation: 1824 ft  Lat: N 39° 45' 32"   Lon: W 121° 36' 43"

                  Temperature (°F), Rain (in), Wind Speed (mph)

                                      Heat  Cool        Avg
    Mean                              Deg   Deg         Wind                 Dom
Day Temp  High   Time   Low    Time   Days  Days  Rain  Speed High   Time    Dir
----------------------------------------------------------------------------------
 1  75.9  94.1   2:36p  64.0   4:22a   0.0  10.9  0.00   0.3   5.0   6:35a    NE
 2  74.6  92.8   1:56p  62.2   5:44a   0.0   9.6  0.00   0.2   5.0   1:27p   NNE
 3  74.7  91.3   2:06p  64.3   7:15a   0.0   9.7  0.00   0.3   7.0   3:39a   ENE
 4  67.5  80.7   2:06p  58.4  11:44p   0.0   2.5  0.00   0.2   5.0  12:00p     S
 5  60.7  74.1   1:46p  52.6   7:09a   4.3   0.0  0.00   0.2   5.0  12:02p     S
 6  59.6  74.4   2:08p  49.0   7:19a   5.4   0.0  0.00   0.1   6.0  12:38p     S
 7  60.9  76.6   2:12p  49.9   7:01a   4.1   0.0  0.00   0.1   5.0   1:57p     S
 8  58.4  70.8   1:51p  49.8   7:17a   6.6   0.0  0.00   0.2   7.0   4:11p     S
 9  57.9  72.8   1:50p  46.9   6:52a   7.1   0.0  0.00   0.1   5.0   1:31p     S
10  60.8  75.0   1:31p  50.1   7:19a   4.2   0.0  0.00   0.1   6.0  12:41p     S
11  58.6  72.2   1:57p  49.9   7:30a   6.4   0.0  0.00   0.3   8.0   3:18p     S
12  53.9  58.7   2:23p  48.3   2:06a  11.1   0.0  0.00   0.0   3.0   9:10a   ESE
13  57.3  72.5   2:19p  46.3   7:31a   7.7   0.0  0.00   0.1   7.0  12:48p   NNW
14  60.0  74.1   2:09p  49.1   6:52a   5.0   0.0  0.00   0.1   5.0  11:17a   SSE
15  64.7  79.4   1:20p  53.9   7:30a   0.3   0.0  0.00   0.1   7.0   3:04p     S
16  67.2  81.5   1:37p  57.3   7:25a   0.0   2.2  0.00   0.2   8.0   3:25p    SW
17  68.4  85.6   2:02p  53.6   3:55a   0.0   3.4  0.00   0.3   8.0   1:04p     N
18  71.5  85.2   1:39p  56.8   3:33a   0.0   6.5  0.00   0.5  10.0   5:24a   ENE
19  64.3  77.5   1:56p  54.0   7:19a   0.7   0.0  0.00   0.1   5.0  11:47a     S
20  60.8  74.6   1:46p  52.6   7:33a   4.2   0.0  0.00   0.1   6.0   1:33p     S
21  55.3  64.0   2:04p  51.3   7:34a   9.7   0.0  0.00   0.3   9.0  10:29p     S
22  46.6  53.2  12:00a  41.1   5:03a  18.4   0.0  1.60   1.4  14.0   8:18a     S
23  46.8  54.5   2:03p  42.7   5:55a  18.2   0.0  0.04   0.4   7.0  12:35a     S
24  45.6  50.4  12:21p  43.4   3:35a  19.4   0.0  0.70   0.3   8.0   1:00a     S
25  49.3  60.2   1:47p  40.8   4:17a  15.7   0.0  0.01   0.3  12.0  10:47p   NNE
26  56.6  71.2   2:06p  45.5   3:56a   8.4   0.0  0.00   0.5   9.0   4:53a   NNE
27  61.0  76.2   1:15p  51.6   3:30a   4.0   0.0  0.00   0.4   7.0   7:39a   NNE
28  60.7  74.4   2:02p  51.3   5:24a   4.3   0.0  0.00   0.2   5.0   1:22a    NE
29  59.7  74.3   2:31p  51.5   6:42a   5.3   0.0  0.00   0.1   4.0   8:48a   ENE
30  60.0  73.8   2:02p  51.7  12:38a   5.0   0.0  0.00   0.2   5.0   1:02p   ESE
31  55.9  60.4  11:37a  52.7   7:29p   9.1   0.0  0.92   0.6  14.0   3:02p   SSE
----------------------------------------------------------------------------------
    60.5  94.1     1    40.8    25   184.6  44.8  3.27   0.3  14.0    22      SE

Max >=  90.0:  3
Max <=  80.0: 24
Min <=  45.0:  4
Min <=  32.0:  0
Max Rain: 1.60 on day 22
Days of Rain: 5 (>= 0.01 in)  3 (>= 0.10 in)  1 (>= 1.00 in)
Heat Base: 65.0  Cool Base: 65.0  Method: Integration