NOAA-Style Climate Reports


Report for 2012 November
                   Monthly Climatological Summary for Nov 2012

Name: Paradise Weather Station   City: Paradise   State: CA
Elevation: 1824 ft  Lat: N 39° 45' 32"   Lon: W 121° 36' 43"

                  Temperature (°F), Rain (in), Wind Speed (mph)

                                      Heat  Cool        Avg
    Mean                              Deg   Deg         Wind                 Dom
Day Temp  High   Time   Low    Time   Days  Days  Rain  Speed High   Time    Dir
----------------------------------------------------------------------------------
 1  54.2  61.8   1:21p  49.0  11:49p  10.8   0.0  0.15   0.1   5.0   2:19a     S
 2  53.4  64.4  12:17p  45.8   4:07a  11.6   0.0  0.01   0.1   5.0  12:31p     S
 3  55.9  68.0   1:53p  47.9   4:01a   9.1   0.0  0.00   0.0   3.0  11:54a   WNW
 4  59.1  71.9  12:56p  49.9   5:47a   5.9   0.0  0.00   0.2   4.0   8:42p     N
 5  62.1  76.8   1:14p  53.7   7:06a   2.9   0.0  0.00   0.1   4.0   1:48a   NNE
 6  61.4  76.2  11:38a  53.0   2:54a   3.6   0.0  0.00   0.2   5.0   7:35a   NNE
 7  59.6  72.8  12:10p  50.1   4:09a   5.4   0.0  0.00   0.2   5.0  12:46p   SSE
 8  46.2  56.8  12:21a  39.5  11:59p  18.8   0.0  0.06   0.6  11.0   9:54a     S
 9  40.0  43.7   3:10p  37.4   4:59a  25.0   0.0  0.08   0.1   6.0   1:49a   ESE
10  40.8  48.1   3:37p  35.5  11:23p  24.2   0.0  0.00   0.1   4.0   9:20a   SSE
11  41.5  53.3  11:41a  33.8   6:53a  23.5   0.0  0.00   0.3   6.0   3:54a    NE
12  45.6  58.2  11:53a  38.9  12:00a  19.4   0.0  0.00   0.1   4.0  10:34a     S
13  50.4  61.1   1:07p  41.5   2:53a  14.6   0.0  0.00   0.2   6.0  12:50a   NNE
14  53.8  67.1  11:17a  46.8  11:34p  11.2   0.0  0.00   0.1   5.0   4:52a   NNE
15  53.3  65.9  11:54a  46.3   5:26a  11.7   0.0  0.00   0.2   8.0   6:05a    NE
16  51.1  55.1  11:38a  47.4   2:51a  13.9   0.0  0.42   0.1   5.0  11:33a    SE
17  51.7  52.8   1:16p  50.2  11:40p  13.3   0.0  2.26   2.1  14.0   4:57a     S
18  48.4  52.3  12:04p  44.9   7:18a  16.6   0.0  0.03   0.7   8.0  12:16a     S
19  51.3  54.5   2:14p  46.2   6:38a  13.7   0.0  0.00   0.6   9.0   3:37a   SSE
20  51.4  53.7  12:20a  48.4   7:20a  13.6   0.0  1.58   1.9  13.0   1:12p   SSE
21  50.1  53.9   2:33p  43.5  11:23p  14.9   0.0  0.02   1.0  14.0   5:03a     S
22  48.3  61.7  12:49p  40.5   7:06a  16.7   0.0  0.00   0.1   5.0   7:36a   NNE
23  50.1  63.1  11:23a  41.1   2:36a  14.9   0.0  0.01   0.1   4.0   4:11a   NNE
24  50.5  64.9  12:12p  43.0   6:35a  14.5   0.0  0.00   0.2   4.0   8:04a   NNE
25  49.8  63.7  12:05p  42.0   4:07a  15.2   0.0  0.00   0.1   4.0  12:59p   SSE
26  48.1  61.3  11:43a  39.9   5:46a  16.9   0.0  0.00   0.1   6.0   8:00a     E
27  47.8  57.6  10:57a  42.3   1:59a  17.2   0.0  0.00   0.1   5.0   6:44a   NNE
28  49.6  51.7  10:28p  44.1  12:00a  15.4   0.0  0.80   1.4  13.0   9:05a     S
29  51.9  54.7  11:39a  49.3   3:28a  13.1   0.0  1.68   3.1  16.0  11:32a     S
30  53.0  53.6  12:46a  51.8   1:15p  12.0   0.0  1.98   3.2  19.0   4:05a     S
----------------------------------------------------------------------------------
    51.0  76.8     5    33.8    11   419.6   0.0  9.08   0.6  19.0    30     SSE

Max >=  90.0:  0
Max <=  80.0: 30
Min <=  45.0: 15
Min <=  32.0:  0
Max Rain: 2.26 on day 17
Days of Rain: 13 (>= 0.01 in)  7 (>= 0.10 in)  4 (>= 1.00 in)
Heat Base: 65.0  Cool Base: 65.0  Method: Integration