NOAA-Style Climate Reports


Report for 2012 December
                   Monthly Climatological Summary for Dec 2012

Name: Paradise Weather Station   City: Paradise   State: CA
Elevation: 1824 ft  Lat: N 39° 45' 32"   Lon: W 121° 36' 43"

                  Temperature (°F), Rain (in), Wind Speed (mph)

                                      Heat  Cool        Avg
    Mean                              Deg   Deg         Wind                 Dom
Day Temp  High   Time   Low    Time   Days  Days  Rain  Speed High   Time    Dir
----------------------------------------------------------------------------------
 1  52.2  54.3   2:22p  50.4   6:47a  12.8   0.0  1.81   3.3  17.0  11:57p     S
 2  50.5  54.5   2:49p  44.1  11:41p  14.5   0.0  1.84   2.0  23.0   5:55a     S
 3  48.5  55.4  10:53a  41.4   7:46a  16.5   0.0  0.01   0.2   7.0   8:16p    SE
 4  48.8  51.5   3:26a  46.6   4:29p  16.2   0.0  0.88   0.7  10.0  10:16p    SE
 5  50.8  53.5   3:07p  46.9  12:04a  14.2   0.0  0.32   0.1   8.0   4:00a    SE
 6  50.6  56.0  11:31a  42.6  11:59p  14.4   0.0  0.01   0.0   3.0   1:26p   ENE
 7  46.0  60.4  11:54a  37.6  11:42p  19.0   0.0  0.01   0.4   7.0   8:04a   NNE
 8  45.0  58.8  11:32a  35.7   4:10a  20.0   0.0  0.00   0.1   3.0   5:14a     N
 9  51.7  65.6  11:55a  42.1   3:54a  13.3   0.0  0.00   0.5  14.0   1:08p   NNE
10  52.0  64.9  11:28a  44.5   4:03a  13.0   0.0  0.00   0.4   5.0  12:03a   NNE
11  46.5  53.2   1:45p  38.5   5:41a  18.5   0.0  0.05   0.6  11.0   8:23p   SSE
12  40.2  43.8  12:00a  34.7  11:57p  24.8   0.0  0.45   0.4   8.0  12:21a     S
13  37.5  48.0  11:54a  31.7   3:31a  27.5   0.0  0.05   0.1   6.0   1:30p   NNE
14  37.0  45.5  12:13p  31.3   2:28a  28.0   0.0  0.00   0.1   5.0  11:14a   ESE
15  35.3  40.4  11:34a  30.8   3:52a  29.7   0.0  0.18   0.2   8.0   3:30p    SE
16  40.4  45.3  11:53p  37.4  12:00a  24.6   0.0  0.90   1.4  20.0  11:54p   SSE
17  45.1  50.4   1:29p  36.2  11:55p  19.9   0.0  0.50   1.4  15.0   1:18a     S
18  35.4  44.4  11:42a  29.1  11:39p  29.6   0.0  0.01   0.3  10.0  12:00p   NNW
19  34.7  44.2  11:31a  28.2   5:34a  30.3   0.0  0.00   0.3   6.0   9:28a     E
20  41.9  48.3   1:01p  34.1   1:00a  23.1   0.0  0.13   2.1  22.0   1:02p   SSE
21  38.2  43.2  11:26p  33.9   8:36a  26.8   0.0  2.92   3.2  22.0   8:41p   SSE
22  42.0  45.0   2:16p  38.7   5:30p  23.0   0.0  1.14   1.7  11.0  12:40a     S
23  43.2  44.9   5:17p  41.5   9:07a  21.8   0.0  1.42   3.1  20.0   4:18a     S
24  40.4  47.7  12:38p  33.1   8:10a  24.6   0.0  0.01   0.1   7.0  10:52p     N
25  39.1  42.0   8:40a  36.2  12:29a  25.9   0.0  1.12   0.8  11.0   9:59p    SE
26  40.0  42.4   2:48p  35.9  11:58p  25.0   0.0  0.30   0.3   8.0   9:28a     S
27  37.2  47.5  12:00p  31.4   5:14a  27.8   0.0  0.01   0.2   6.0   8:32p     N
28  37.7  41.4  11:46a  33.5   2:51a  27.3   0.0  0.00   0.2   5.0  12:09a   ENE
29  41.0  51.2  11:44a  33.7  11:08p  24.0   0.0  0.00   0.3  10.0   9:55a   NNE
30  38.8  49.3  12:06p  31.4   7:38a  26.2   0.0  0.00   0.6  12.0   5:55p   NNE
31  37.2  48.7  12:01p  30.6   8:06a  27.8   0.0  0.00   0.5  12.0   4:27a    NE
----------------------------------------------------------------------------------
    42.7  65.6     9    28.2    19   690.1   0.0 14.07   0.8  23.0     2     SSE

Max >=  90.0:  0
Max <=  80.0: 31
Min <=  45.0: 28
Min <=  32.0:  8
Max Rain: 2.92 on day 21
Days of Rain: 22 (>= 0.01 in)  14 (>= 0.10 in)  6 (>= 1.00 in)
Heat Base: 65.0  Cool Base: 65.0  Method: Integration