NOAA-Style Climate Reports


Report for 2013
                   Annual Climatological Summary for 2013

Name: Paradise Weather Station   City: Paradise   State: CA
Elevation: 1824 ft  Lat: N 39° 45' 32"   Lon: W 121° 36' 43"

                  Temperature (°F), Heat Base: 65.0  Cool Base: 65.0
                          Dep.  Heat  Cool                       Max  Max  Min  Min
        Mean  Mean        From  Deg   Deg                        >=   <=   <=   <=
 YR MO  Max   Min   Mean  Norm  Days  Days  Hi  Date  Low  Date 90.0 80.0 45.0  32.0
------------------------------------------------------------------------------------
 13  1  55.1  36.7  44.4  -1.6   637     0  65.0  17  26.9   12    0   31   29    8
 13  2  59.9  37.2  46.9  -1.6   507     0  71.8  14  30.1    9    0   28   27    4
 13  3  66.7  43.6  53.9   2.7   344     0  76.0  13  35.1   22    0   31   17    0
 13  4  74.7  48.2  60.1   4.2   173    26  88.3  29  37.7   16    0   20    8    0
 13  5  79.5  53.5  65.3   2.0    80    90  92.5  31  40.4   22    6   16    2    0
 13  6  88.7  59.8  72.4   1.0    17   238 107.3   8  49.3   19   15    6    0    0
 13  7  96.2  64.7  78.4   0.3     0   414 107.0   4  54.3   17   29    0    0    0
 13  8  91.4  61.5  74.0  -2.9     0   277  97.1  18  54.6    7   22    0    0    0
 13  9  82.6  57.4  68.0  -4.5    54   143 100.0   9  43.6   25    6   11    2    0
 13 10  73.4  49.0  59.1  -4.2   183     1  81.6  23  39.2   30    0   28    6    0
 13 11  64.5  43.3  52.2   0.1   385     0  74.5  13  35.9   24    0   30   21    0
 13 12  57.0  36.5  45.1  -0.9   617     0  68.8  24  23.4    8    0   31   30    8
------------------------------------------------------------------------------------
        74.1  49.3  60.0  -0.5  3000  1193 107.3 Jun  23.4  Dec   78  232  142   20

                                Precipitation (in)

              Dep.   Max        Days of Rain
              From   Obs.           >=
 YR MO Total  Norm   Day Date 0.01 0.10 1.00
---------------------------------------------
 13  1  0.00-10.46  0.00   3     0    0    0
 13  2  1.46 -7.61  0.74   7     4    2    0
 13  3  3.32 -4.63  0.97  20     8    5    0
 13  4  0.87 -3.22  0.55   4     4    2    0
 13  5  0.45 -1.42  0.27  27     6    2    0
 13  6  1.89  1.19  1.52  25     4    2    1
 13  7  0.00 -0.08  0.00   0     0    0    0
 13  8  0.01 -0.22  0.01  20     1    0    0
 13  9  2.21  1.42  1.61  21     4    2    1
 13 10  0.31 -2.82  0.12  12     4    2    0
 13 11  1.92 -4.96  1.19  19     3    2    1
 13 12  0.69 -8.89  0.45   7     4    2    0
---------------------------------------------
       13.13-41.70  1.61  Sep   42   21    3

                                Wind Speed (mph)
                          Dom
 YR MO   Avg.  Hi   Date  Dir
------------------------------
 13  1   0.5  21.9    1    NE
 13  2   0.6  16.0   14    NE
 13  3   0.5  18.0    6   SSE
 13  4   0.6  22.0   24   NNE
 13  5   0.5  22.0    4   ENE
 13  6   0.4  13.0    8   SSE
 13  7   0.2  13.0    3     S
 13  8   0.2  10.0   20     S
 13  9   0.3  14.0   21     S
 13 10   0.5  20.0    5   NNE
 13 11   0.3  17.0   21   NNE
 13 12   0.5  22.0    9   NNE
------------------------------
         0.4  22.0  Apr   ENE