ParadiseWeatherStation.org
Reports – Climate

NOAA-Style Climate Reports

Report for 2013 January
                   Monthly Climatological Summary for Jan 2013

Name: Paradise Weather Station   City: Paradise   State: CA
Elevation: 1824 ft  Lat: N 39° 45' 32"   Lon: W 121° 36' 43"

                  Temperature (°F), Rain (in), Wind Speed (mph)

                                      Heat  Cool        Avg
    Mean                              Deg   Deg         Wind                 Dom
Day Temp  High   Time   Low    Time   Days  Days  Rain  Speed High   Time    Dir
----------------------------------------------------------------------------------
 1  42.1  52.9  12:01p  30.4   6:01a  22.9   0.0  0.00   1.4  21.9   7:01p   SSE
 2  42.4  54.1  11:01a  34.0   8:01a  22.6   0.0  0.00   0.6  16.1   3:01a   NNE
 3  41.2  54.7  12:01p  34.7   4:01a  23.8   0.0  0.00   0.6  10.3   6:01a   NNE
 4  42.4  56.5  12:01p  35.5   6:01a  22.6   0.0  0.00   0.6   9.2   8:01a   NNE
 5  42.7  51.2  11:01a  37.2   2:01a  22.3   0.0  0.00   0.1   5.8  11:01a     N
 6  41.6  51.3  12:01p  34.4  11:01p  23.4   0.0  0.00   0.1   8.1  10:01a     S
 7  44.5  56.3  11:01a  34.0   3:01a  20.5   0.0  0.00   0.2   9.2   7:01a   ENE
 8  45.4  55.8  12:01p  38.4   7:01a  19.6   0.0  0.00   0.1   3.5   1:01a     E
 9  41.3  47.1  11:01a  31.7  11:01p  23.7   0.0  0.00   0.4  11.5   6:01p   NNE
10  34.1  43.8   1:01p  28.6   7:01a  30.9   0.0  0.00   0.1   8.1   3:01p   NNE
11  33.6  43.4   1:01p  27.1   6:01a  31.4   0.0  0.00   0.2  11.5  10:01p   NNE
12  33.3  44.0  12:01p  26.9   7:01a  31.7   0.0  0.00   0.4  10.3   8:01a    NE
13  34.1  43.4  12:01p  27.7   3:01a  30.9   0.0  0.00   0.8  16.1  11:01p   ESE
14  38.5  49.1   1:01p  31.9  12:01a  26.5   0.0  0.00   1.2  19.6   2:01a   NNE
15  41.0  51.7  12:01p  32.0   6:01a  24.0   0.0  0.00   0.3   6.9  11:01p    SE
16  51.1  59.5   8:01p  41.7   7:01a  13.9   0.0  0.00   0.5  11.5   3:01a    SE
17  53.2  65.0  12:01p  44.7   7:01p  11.8   0.0  0.00   0.6  14.9   4:01a    SE
18  50.9  64.1  12:01p  42.9   8:01p  14.1   0.0  0.00   1.1  13.8   8:01a   ENE
19  51.5  64.7   1:01p  43.9   7:01a  13.5   0.0  0.00   0.9  12.7  12:01a     N
20  50.1  64.8  12:01p  38.9  11:01p  14.9   0.0  0.00   0.9  12.7   1:01a     N
21  47.9  63.5  11:01a  38.0   1:01a  17.1   0.0  0.00   0.5   5.8   9:01a   ENE
22  50.5  63.2  11:01a  42.3   7:01a  14.5   0.0  0.00   0.6   8.1  10:01a   ENE
23  49.5  58.1  12:01p  44.0   1:01a  15.5   0.0  0.00   0.2   8.1  12:01p     S
24  51.8  57.6   1:01p  47.6   2:01a  13.2   0.0  0.00   0.2   8.1  10:01a    SE
25  52.4  58.7  12:01p  48.8   7:01a  12.6   0.0  0.00   0.1   6.9   6:01a   SSE
26  48.0  50.9   1:01p  39.6  11:01p  17.0   0.0  0.00   0.1   6.9  10:00a   NNE
27  40.9  50.9  12:01p  34.2   5:01a  24.1   0.0  0.00   0.1   5.8   2:01p     S
28  42.1  52.7  12:01p  33.7   6:01a  22.9   0.0  0.00   0.2   6.9   7:01p   NNW
29  43.6  55.4   1:01p  34.5   6:01a  21.4   0.0  0.00   0.2   4.6  10:01a   NNE
30  49.9  64.2  11:01a  40.2  11:01p  15.1   0.0  0.00   0.7  10.3   7:01a   NNE
31  46.2  60.2   1:01p  37.1   6:01a  18.8   0.0  0.00   0.2   4.6   1:01p     E
----------------------------------------------------------------------------------
    44.4  65.0    17    26.9    12   637.2   0.0  0.00   0.5  21.9     1     ENE

Max >=  90.0:  0
Max <=  80.0: 31
Min <=  45.0: 29
Min <=  32.0:  8
Max Rain: 0.00 on day 0
Days of Rain: 0 (>= 0.01 in)  0 (>= 0.10 in)  0 (>= 1.00 in)
Heat Base: 65.0  Cool Base: 65.0  Method: Integration