ParadiseWeatherStation.org
Reports – Climate

NOAA-Style Climate Reports

Report for 2013 February
                   Monthly Climatological Summary for Feb 2013

Name: Paradise Weather Station   City: Paradise   State: CA
Elevation: 1824 ft  Lat: N 39° 45' 32"   Lon: W 121° 36' 43"

                  Temperature (°F), Rain (in), Wind Speed (mph)

                                      Heat  Cool        Avg
    Mean                              Deg   Deg         Wind                 Dom
Day Temp  High   Time   Low    Time   Days  Days  Rain  Speed High   Time    Dir
----------------------------------------------------------------------------------
 1  50.1  66.5  12:05p  41.0  12:33a  14.9   0.0  0.00   0.6   7.0   3:00a   NNE
 2  51.5  65.5   1:30p  43.4  11:40p  13.5   0.0  0.00   0.3   6.0  10:16a   NNE
 3  49.0  62.7  12:31p  40.2   6:23a  16.0   0.0  0.00   0.3   5.0  12:21p     N
 4  48.7  62.0  12:32p  39.3   6:40a  16.3   0.0  0.00   0.2   4.0   8:56a    SE
 5  45.6  55.3  12:18p  37.8   6:14a  19.4   0.0  0.00   0.2   5.0   9:29a   SSE
 6  44.8  56.5   1:48p  34.9   6:04a  20.2   0.0  0.00   0.4  10.0  11:05p   SSE
 7  41.8  45.4  12:59a  36.6  11:55p  23.2   0.0  0.74   1.2  12.0   9:10a   SSE
 8  40.9  53.1   1:50p  33.0  11:55p  24.1   0.0  0.01   0.4  11.0   1:44p     N
 9  40.6  55.3   1:34p  30.1   5:30a  24.4   0.0  0.00   0.5  11.0  11:10a   NNE
10  43.6  58.2  12:37p  32.8   5:04a  21.4   0.0  0.00   0.4   8.0   1:49p     N
11  45.0  59.5  12:24p  33.8   5:01a  20.0   0.0  0.00   0.5   8.0   1:18p     N
12  43.2  57.0   1:42p  33.6   6:59a  21.8   0.0  0.00   0.2   7.0  12:16p     S
13  47.6  64.8  11:46a  35.5   4:53a  17.4   0.0  0.00   0.3   6.0  11:26a     N
14  56.9  71.8   1:45p  41.8   1:48a   8.1   0.0  0.00   1.6  16.0   7:21p   NNE
15  57.3  68.6  11:41a  46.2  11:56p   7.7   0.0  0.00   1.1  16.0   3:35a   NNE
16  52.1  66.7   1:06p  42.8  11:59p  12.9   0.0  0.00   0.4   7.0   1:29a   NNE
17  48.8  63.6   1:33p  39.7   3:55a  16.2   0.0  0.00   0.3   6.0  12:26p   NNE
18  47.1  60.5  12:54p  40.0   5:13a  17.9   0.0  0.00   0.9   9.0  11:08a   SSE
19  37.1  41.9  12:29a  31.6  11:24p  27.9   0.0  0.62   1.3  12.0   7:50a     S
20  40.5  55.1   1:20p  30.3   3:52a  24.5   0.0  0.09   0.4   9.0  12:46p     N
21  42.4  56.4  12:33p  31.4   5:38a  22.6   0.0  0.00   0.4  10.0  10:22a   NNE
22  47.0  57.7  12:18p  35.8   6:05a  18.0   0.0  0.00   0.5   9.0  11:50p   SSE
23  46.3  55.9  12:58p  36.7   7:10a  18.7   0.0  0.00   0.9  11.0   1:14p     N
24  45.4  60.8   1:32p  33.5   5:07a  19.6   0.0  0.00   0.6   9.0  12:28p     N
25  46.6  60.7   1:27p  36.4   7:08a  18.4   0.0  0.00   0.4  10.0   2:06p   NNW
26  49.5  63.9   1:09p  38.9  12:00a  15.5   0.0  0.00   1.0  12.0   4:31a   NNE
27  50.9  63.7   1:06p  42.5   7:03a  14.1   0.0  0.00   0.8   9.0   3:29a    NE
28  52.4  67.2   1:19p  41.6   6:14a  12.6   0.0  0.00   0.3   7.0   2:17p   NNE
----------------------------------------------------------------------------------
    46.9  71.8    14    30.1     9   507.3   0.0  1.46   0.6  16.0    14      NE

Max >=  90.0:  0
Max <=  80.0: 28
Min <=  45.0: 27
Min <=  32.0:  4
Max Rain: 0.74 on day 7
Days of Rain: 4 (>= 0.01 in)  2 (>= 0.10 in)  0 (>= 1.00 in)
Heat Base: 65.0  Cool Base: 65.0  Method: Integration