ParadiseWeatherStation.org
Reports – Climate

NOAA-Style Climate Reports

Report for 2013 March
                   Monthly Climatological Summary for Mar 2013

Name: Paradise Weather Station   City: Paradise   State: CA
Elevation: 1824 ft  Lat: N 39° 45' 32"   Lon: W 121° 36' 43"

                  Temperature (°F), Rain (in), Wind Speed (mph)

                                      Heat  Cool        Avg
    Mean                              Deg   Deg         Wind                 Dom
Day Temp  High   Time   Low    Time   Days  Days  Rain  Speed High   Time    Dir
----------------------------------------------------------------------------------
 1  54.7  71.3   1:46p  42.7   6:33a  10.3   0.0  0.00   0.3   5.0   1:18p   NNE
 2  57.0  69.3  12:34p  47.5   6:50a   8.0   0.0  0.00   0.3   5.0   9:58a    SE
 3  52.7  60.6   1:08p  44.7  11:23p  12.3   0.0  0.06   0.2   6.0   6:59a    NE
 4  50.9  63.9   1:44p  40.9   6:55a  14.1   0.0  0.00   0.3   6.0   3:56p     S
 5  50.8  58.4  12:39p  41.8  11:33p  14.2   0.0  0.33   2.0  13.0   3:31p   SSE
 6  43.3  50.9  12:16p  37.3   3:18a  21.7   0.0  0.56   2.2  18.0   1:23a     S
 7  43.4  54.8  12:45p  35.6   3:33a  21.6   0.0  0.01   0.2   7.0   5:16a   SSE
 8  48.8  63.5   1:09p  36.0   4:52a  16.2   0.0  0.00   0.5   9.0   8:21a     N
 9  50.8  67.3   1:53p  36.9   6:51a  14.2   0.0  0.00   0.4   9.0   1:21p     N
10  54.3  67.9   3:05p  43.4   7:31a  10.7   0.0  0.00   0.4  10.0  12:53a     N
11  53.1  70.8   2:38p  39.7   7:14a  11.9   0.0  0.00   0.2   4.0   9:42a   SSE
12  56.0  72.7   2:23p  42.5   7:13a   9.0   0.0  0.00   0.2   5.0   3:23p     S
13  60.0  76.0   2:30p  48.5   5:04a   5.0   0.0  0.00   0.4   6.0  11:08a   SSE
14  59.8  75.4   2:37p  50.3   7:28a   5.2   0.0  0.00   0.6   6.0   9:30a   NNE
15  59.6  75.9   2:43p  49.6   2:38a   5.4   0.0  0.00   0.3   7.0   8:45a   NNE
16  58.1  72.4   2:00p  46.1   6:13a   6.9   0.0  0.00   0.4  11.0   8:34p     N
17  53.6  70.2   2:38p  40.5   6:37a  11.4   0.0  0.00   0.3   8.0   3:06p    SW
18  54.8  69.3   2:02p  42.5   5:59a  10.2   0.0  0.00   0.3   5.0   7:43a   ESE
19  55.6  65.5   1:40p  46.3  11:55p   9.4   0.0  0.47   0.4   9.0   9:25p   SSE
20  49.8  52.3   4:49p  46.3  12:01a  15.2   0.0  0.97   1.9  11.0   5:13a   SSE
21  52.7  63.7   2:31p  45.5   7:44a  12.3   0.0  0.00   0.5  11.0   4:55p   NNW
22  48.7  62.6   2:57p  35.1   7:29a  16.3   0.0  0.00   0.6  14.0   4:14p     N
23  52.5  67.6   3:07p  39.8   4:17a  12.5   0.0  0.00   0.6  13.0  12:49a   NNE
24  54.1  71.3   2:55p  40.9   6:14a  10.9   0.0  0.00   0.2   6.0   2:38p   SSW
25  55.9  67.4   1:03p  45.2   6:31a   9.1   0.0  0.00   0.7  10.0  10:49p   SSE
26  54.5  66.2   2:29p  42.6   7:20a  10.5   0.0  0.00   0.3   6.0  12:50p     S
27  56.9  69.1   3:03p  46.5   5:25a   8.1   0.0  0.00   0.7   8.0   6:23p     S
28  54.5  62.3   1:45p  49.1  11:52p  10.5   0.0  0.00   0.5   8.0   6:12a   SSE
29  59.6  75.8   2:20p  48.2   2:27a   5.4   0.0  0.00   0.4   8.0   7:56a   ENE
30  61.2  72.3  11:23a  51.8   2:24a   3.8   0.0  0.05   0.4   8.0   4:50a   ENE
31  53.2  62.4   3:03p  48.8  11:25p  11.8   0.0  0.87   0.4   9.0  11:32a   SSE
----------------------------------------------------------------------------------
    53.9  76.0    13    35.1    22   344.1   0.0  3.32   0.5  18.0     6     SSE

Max >=  90.0:  0
Max <=  80.0: 31
Min <=  45.0: 17
Min <=  32.0:  0
Max Rain: 0.97 on day 20
Days of Rain: 8 (>= 0.01 in)  5 (>= 0.10 in)  0 (>= 1.00 in)
Heat Base: 65.0  Cool Base: 65.0  Method: Integration