NOAA-Style Climate Reports


Report for 2013 April
                   Monthly Climatological Summary for Apr 2013

Name: Paradise Weather Station   City: Paradise   State: CA
Elevation: 1824 ft  Lat: N 39° 45' 32"   Lon: W 121° 36' 43"

                  Temperature (°F), Rain (in), Wind Speed (mph)

                                      Heat  Cool        Avg
    Mean                              Deg   Deg         Wind                 Dom
Day Temp  High   Time   Low    Time   Days  Days  Rain  Speed High   Time    Dir
----------------------------------------------------------------------------------
 1  53.1  63.6   2:12p  47.4   6:25a  11.9   0.0  0.00   0.1   6.0   1:04p     S
 2  55.7  71.3   3:01p  45.0   5:13a   9.3   0.0  0.00   0.2   8.0   1:56p   SSW
 3  57.9  73.4   2:43p  46.4   6:32a   7.1   0.0  0.00   0.1   5.0   1:52p     S
 4  53.5  58.8   2:57a  48.3   8:42a  11.5   0.0  0.55   0.7  13.0   8:44a   SSE
 5  54.3  61.8   2:58p  49.0   7:08a  10.7   0.0  0.02   0.4   9.0   3:00p     S
 6  55.1  63.0   2:43p  50.2   5:11a   9.9   0.0  0.00   0.3   8.0   9:31a   SSE
 7  53.8  60.7   1:57p  45.6  11:51p  11.2   0.0  0.08   0.9  12.0   7:12p     S
 8  51.2  66.7   2:28p  40.1   6:25a  13.8   0.0  0.22   1.1  19.0   3:54p     N
 9  57.2  72.9   3:00p  44.5   1:08a   7.8   0.0  0.00   0.5  11.0   4:03p   NNW
10  62.8  81.9   2:54p  48.0   5:02a   2.2   0.0  0.00   0.4   9.0   9:24p     N
11  61.8  76.0   2:28p  49.4   6:30a   3.2   0.0  0.00   0.4   9.0   9:39a     N
12  64.6  78.8   2:54p  53.7  12:01a   0.4   0.0  0.00   0.8  13.0   8:52a    NE
13  60.2  75.2   2:46p  49.5   6:35a   4.8   0.0  0.00   0.4   9.0   1:35p   WNW
14  55.3  70.9   1:54p  43.1   6:26a   9.7   0.0  0.00   0.3  10.0   9:20p    SW
15  48.6  63.7   2:34p  38.2   6:37a  16.4   0.0  0.00   0.5  13.0   5:41p    NW
16  49.0  64.0   2:47p  37.7   4:05a  16.0   0.0  0.00   0.6  13.0   5:30p     N
17  53.1  68.5   2:25p  39.4   5:38a  11.9   0.0  0.00   0.7  12.0   9:51a   NNE
18  59.3  75.1   2:36p  45.0   2:37a   5.7   0.0  0.00   0.6  10.0   9:47a     N
19  60.9  77.8   2:27p  47.4   4:20a   4.1   0.0  0.00   0.2   7.0   3:10p     S
20  64.1  80.4   2:23p  51.2   6:56a   0.9   0.0  0.00   0.6  12.0   4:12a   NNE
21  65.4  84.9   2:42p  49.2   6:22a   0.0   0.4  0.00   0.3   9.0   1:38p     N
22  68.9  85.9   2:38p  54.4   4:40a   0.0   3.9  0.00   0.9  18.0  11:49p   NNE
23  66.8  83.5   2:19p  55.0   5:46a   0.0   1.8  0.00   1.6  20.0  12:19a   NNE
24  68.6  84.4   2:31p  53.0   2:48a   0.0   3.6  0.00   2.3  22.0   8:34a    NE
25  62.0  75.9   2:33p  47.9   6:44a   3.0   0.0  0.00   0.4  11.0  12:53a   SSE
26  62.7  79.8   2:55p  48.5   6:29a   2.3   0.0  0.00   0.2   5.0   1:17p     S
27  67.1  84.3   2:28p  51.2   6:13a   0.0   2.1  0.00   0.2   6.0   1:56p     S
28  69.8  86.7   2:56p  56.2   6:28a   0.0   4.8  0.00   0.3   9.0   3:05p    NE
29  71.2  88.3   2:08p  57.2   5:17a   0.0   6.2  0.00   0.5  10.0   2:14p     N
30  68.3  84.2   2:37p  53.8   5:08a   0.0   3.3  0.00   0.9  14.0   5:13p     N
----------------------------------------------------------------------------------
    60.1  88.3    29    37.7    16   173.8  26.1  0.87   0.6  22.0    24     NNE

Max >=  90.0:  0
Max <=  80.0: 20
Min <=  45.0:  8
Min <=  32.0:  0
Max Rain: 0.55 on day 4
Days of Rain: 4 (>= 0.01 in)  2 (>= 0.10 in)  0 (>= 1.00 in)
Heat Base: 65.0  Cool Base: 65.0  Method: Integration