ParadiseWeatherStation.org
Reports – Climate

NOAA-Style Climate Reports

Report for 2013 May
                   Monthly Climatological Summary for May 2013

Name: Paradise Weather Station   City: Paradise   State: CA
Elevation: 1824 ft  Lat: N 39° 45' 32"   Lon: W 121° 36' 43"

                  Temperature (°F), Rain (in), Wind Speed (mph)

                                      Heat  Cool        Avg
    Mean                              Deg   Deg         Wind                 Dom
Day Temp  High   Time   Low    Time   Days  Days  Rain  Speed High   Time    Dir
----------------------------------------------------------------------------------
 1  69.0  83.4   1:58p  52.8   3:34a   0.0   4.0  0.00   2.1  16.0  10:40a   NNE
 2  72.3  90.0   2:14p  60.5  11:31p   0.0   7.3  0.00   1.4  18.0   5:12a    NE
 3  72.7  90.9   2:54p  57.0   6:08a   0.0   7.7  0.00   0.6  13.0  11:51p   NNE
 4  73.9  86.6   2:31p  61.7   5:26a   0.0   8.9  0.00   2.0  22.0   5:26p    NE
 5  63.8  73.2   2:58p  55.6   5:52a   1.2   0.0  0.00   0.5  12.0  12:19a   SSE
 6  55.4  61.1   3:38p  50.1  11:57p   9.6   0.0  0.13   0.1   4.0   7:23a   ESE
 7  55.4  63.5   4:23p  46.7   4:14a   9.6   0.0  0.01   0.0   5.0  10:40a   SSE
 8  59.6  66.7   2:25p  54.4   1:39a   5.4   0.0  0.00   0.0   4.0   4:32p   SSE
 9  65.2  80.7   2:33p  52.6   6:11a   0.0   0.2  0.00   0.2   6.0  11:50a     S
10  69.9  88.4   2:39p  55.7   6:05a   0.0   4.9  0.00   0.2   6.0  10:56a     S
11  72.5  88.4   2:16p  58.4   6:36a   0.0   7.5  0.00   0.1   4.0  10:23a     S
12  74.9  91.3   2:11p  63.6  11:44p   0.0   9.9  0.00   0.4  11.0   5:15p     S
13  72.0  89.3   2:56p  57.8   5:46a   0.0   7.0  0.00   0.3   8.0   1:37p     S
14  73.7  91.9   2:07p  58.7   6:27a   0.0   8.7  0.00   0.3   7.0   2:52p   SSE
15  66.2  78.7   2:44p  56.7   5:56a   0.0   1.2  0.00   0.2   6.0   2:32p     S
16  61.2  69.5   3:14p  55.0   7:37a   3.8   0.0  0.02   0.2   8.0   1:23p     S
17  60.0  73.0   2:54p  49.9   6:02a   5.0   0.0  0.00   0.3   7.0   3:13p     S
18  63.3  78.9   1:57p  49.1   6:16a   1.7   0.0  0.00   0.3   7.0   4:19p   WSW
19  69.3  83.6   2:13p  55.7   1:29a   0.0   4.3  0.00   1.1  13.0   6:58a   NNE
20  73.3  90.4   2:24p  63.4   5:11a   0.0   8.3  0.00   1.0  14.0   6:19a   NNE
21  66.6  80.2   2:31p  50.5  11:57p   0.0   1.6  0.00   0.4   9.0  10:00a   SSW
22  55.2  71.5   2:43p  40.4   5:35a   9.8   0.0  0.00   0.6  12.0  12:38p   NNW
23  56.1  72.1   1:46p  44.3   2:48a   8.9   0.0  0.00   0.3   7.0  10:14a   SSW
24  60.7  76.6   2:44p  47.6   6:04a   4.3   0.0  0.00   0.3   6.0   2:44p   SSE
25  61.5  76.7   2:57p  46.9   6:08a   3.5   0.0  0.00   0.3   6.0   1:15p     S
26  61.1  75.1   2:41p  48.4   6:15a   3.9   0.0  0.00   0.3   7.0  12:44p     S
27  56.2  64.0   2:58p  51.9   5:03a   8.8   0.0  0.27   0.3   9.0   1:39p   SSE
28  60.8  74.0   2:43p  53.3   5:12a   4.2   0.0  0.01   0.2   6.0   5:09a     S
29  64.0  77.4   2:03p  54.5   6:05a   1.0   0.0  0.01   0.2   5.0   8:11a     S
30  65.7  83.5   2:58p  51.3   5:52a   0.0   0.7  0.00   0.3   7.0  11:40a   SSE
31  73.2  92.5   2:28p  54.2   4:10a   0.0   8.2  0.00   0.6  10.0   1:46p     N
----------------------------------------------------------------------------------
    65.3  92.5    31    40.4    22    80.7  90.4  0.45   0.5  22.0     4     ENE

Max >=  90.0:  6
Max <=  80.0: 16
Min <=  45.0:  2
Min <=  32.0:  0
Max Rain: 0.27 on day 27
Days of Rain: 6 (>= 0.01 in)  2 (>= 0.10 in)  0 (>= 1.00 in)
Heat Base: 65.0  Cool Base: 65.0  Method: Integration