ParadiseWeatherStation.org
Reports – Climate

NOAA-Style Climate Reports

Report for 2013 June
                   Monthly Climatological Summary for Jun 2013

Name: Paradise Weather Station   City: Paradise   State: CA
Elevation: 1824 ft  Lat: N 39° 45' 32"   Lon: W 121° 36' 43"

                  Temperature (°F), Rain (in), Wind Speed (mph)

                                      Heat  Cool        Avg
    Mean                              Deg   Deg         Wind                 Dom
Day Temp  High   Time   Low    Time   Days  Days  Rain  Speed High   Time    Dir
----------------------------------------------------------------------------------
 1  76.9  96.8   2:27p  60.9   6:30a   0.0  11.9  0.00   0.3   9.0   8:46a   NNE
 2  76.2  94.6   2:47p  61.6   5:54a   0.0  11.2  0.00   0.2   6.0  11:16a   SSE
 3  80.6  99.4   2:39p  65.3   5:35a   0.0  15.6  0.00   0.4  10.0   7:38a    NW
 4  73.1  88.8   2:45p  60.5   6:08a   0.0   8.1  0.00   0.2   5.0   2:57p     S
 5  72.9  90.9   2:58p  59.1   6:02a   0.0   7.9  0.00   0.2   6.0   3:31p     S
 6  76.1  95.4   2:22p  61.1   5:44a   0.0  11.1  0.00   0.1   4.0  10:39a     S
 7  80.8 103.5   2:57p  62.5   6:06a   0.0  15.8  0.00   0.2   7.0   2:29p    NE
 8  88.4 107.3   2:27p  71.7   4:09a   0.0  23.4  0.00   0.6  13.0   6:37a   NNE
 9  77.8  91.5   1:42p  66.0  11:42p   0.0  12.8  0.00   0.3   9.0   5:03p     S
10  61.0  67.5  12:26a  55.2  11:59p   4.0   0.0  0.03   0.2   9.0   4:54p   SSE
11  66.7  84.5   2:38p  53.5   5:40a   0.0   1.7  0.00   0.4   9.0   2:57p     S
12  68.9  86.2   2:28p  55.5   6:11a   0.0   3.9  0.00   0.2   5.0  11:32a     S
13  67.4  85.0   2:40p  53.2   5:55a   0.0   2.4  0.00   0.2   6.0   1:26p     S
14  72.7  90.6   2:17p  61.3  12:00a   0.0   7.7  0.00   1.0  13.0   4:27a    NE
15  72.1  89.7   2:45p  57.5   4:39a   0.0   7.1  0.00   0.2   5.0   7:39a     S
16  72.5  91.0   2:28p  57.9   6:06a   0.0   7.5  0.00   0.2   6.0   2:20p     S
17  71.6  87.2   2:30p  57.6   5:47a   0.0   6.6  0.00   0.4   8.0   1:50p     S
18  64.6  76.7   2:05p  55.1   4:59a   0.4   0.0  0.00   0.4   8.0   2:11p     S
19  62.1  77.2   3:13p  49.3   5:53a   2.9   0.0  0.00   0.3   9.0   3:44p   SSE
20  66.9  85.1   2:38p  54.2   5:34a   0.0   1.9  0.00   0.4   9.0   1:56p    SE
21  70.6  88.5   2:13p  57.1   5:46a   0.0   5.6  0.00   0.4  11.0   2:09p    NW
22  73.1  91.3   2:34p  58.3   3:02a   0.0   8.1  0.00   0.3   7.0   7:45a     N
23  66.8  77.9   2:42p  60.7   5:53a   0.0   1.8  0.00   0.6  12.0  10:03p     S
24  59.7  64.2   1:50p  56.0  11:34p   5.3   0.0  0.33   0.7  10.0   1:18p   SSE
25  60.4  65.3   6:50p  56.2  12:00a   4.6   0.0  1.52   0.9  12.0   1:05p     S
26  70.4  83.4   3:10p  62.2   1:55a   0.0   5.4  0.01   0.4   7.0   1:02p     S
27  75.3  93.9   2:42p  62.3   4:52a   0.0  10.3  0.00   0.1   5.0   5:48a     E
28  80.3 100.8   2:35p  64.2   5:14a   0.0  15.3  0.00   0.1   6.0   2:03p   SSE
29  83.0 103.5   2:42p  69.0   6:00a   0.0  18.0  0.00   0.2   6.0  11:40a    NE
30  82.8 101.9   2:39p  68.4   6:07a   0.0  17.8  0.00   0.2   5.0   1:48a   ENE
----------------------------------------------------------------------------------
    72.4 107.3     8    49.3    19    17.2 238.9  1.89   0.4  13.0     8     SSE

Max >=  90.0: 15
Max <=  80.0:  6
Min <=  45.0:  0
Min <=  32.0:  0
Max Rain: 1.52 on day 25
Days of Rain: 4 (>= 0.01 in)  2 (>= 0.10 in)  1 (>= 1.00 in)
Heat Base: 65.0  Cool Base: 65.0  Method: Integration