NOAA-Style Climate Reports


Report for 2013 July
                   Monthly Climatological Summary for Jul 2013

Name: Paradise Weather Station   City: Paradise   State: CA
Elevation: 1824 ft  Lat: N 39° 45' 32"   Lon: W 121° 36' 43"

                  Temperature (°F), Rain (in), Wind Speed (mph)

                                      Heat  Cool        Avg
    Mean                              Deg   Deg         Wind                 Dom
Day Temp  High   Time   Low    Time   Days  Days  Rain  Speed High   Time    Dir
----------------------------------------------------------------------------------
 1  83.9 102.2   2:47p  68.7   6:08a   0.0  18.9  0.00   0.2   5.0   4:23a   NNE
 2  87.4 103.2   2:31p  74.8   2:54a   0.0  22.4  0.00   0.3   8.0   7:20p    NE
 3  87.5 105.8   3:15p  72.1   4:59a   0.0  22.5  0.00   0.2  13.0   8:04p   NNE
 4  88.1 107.0   2:28p  76.4   3:55a   0.0  23.1  0.00   0.4   9.0   4:35p     N
 5  78.1  93.7   2:39p  67.6  11:36p   0.0  13.1  0.00   0.2   6.0   9:12a     S
 6  75.0  93.0   2:39p  60.7   6:10a   0.0  10.0  0.00   0.2   5.0  11:53a     S
 7  76.5  96.6   2:38p  62.9   5:28a   0.0  11.5  0.00   0.2   5.0  12:03p     S
 8  76.4  95.7   2:22p  62.6   6:01a   0.0  11.4  0.00   0.2   5.0  12:19p     S
 9  77.5  97.2   2:24p  61.6   6:01a   0.0  12.5  0.00   0.2   5.0   1:44p     S
10  80.7  97.2   2:51p  67.7   3:51a   0.0  15.7  0.00   0.4   8.0   5:56a   SSE
11  75.5  93.8   2:38p  60.3   6:16a   0.0  10.5  0.00   0.2   5.0  12:28p     S
12  73.6  92.2   3:04p  58.1   5:44a   0.0   8.6  0.00   0.3   7.0   1:36p     S
13  75.8  94.0   2:34p  62.2   5:53a   0.0  10.8  0.00   0.2   6.0   6:33p     S
14  77.3  97.6   2:38p  62.9   5:57a   0.0  12.3  0.00   0.2   7.0   5:18a    SE
15  75.6  92.6   2:31p  63.1   5:30a   0.0  10.6  0.00   0.2   6.0   2:16p     S
16  71.4  87.0   2:53p  60.7   6:38a   0.0   6.4  0.00   0.2   6.0  12:03p     S
17  71.5  93.6   2:43p  54.3   6:16a   0.0   6.5  0.00   0.1   5.0   2:10p     S
18  75.0  96.6   2:24p  58.8   5:41a   0.0  10.0  0.00   0.1   4.0  10:01a   SSE
19  78.4  98.8   2:33p  62.0   6:14a   0.0  13.4  0.00   0.2   6.0  11:15a   SSE
20  80.6  99.8   2:32p  65.6   6:01a   0.0  15.6  0.00   0.1   4.0  11:55a     S
21  82.0 100.0   2:22p  68.3   6:05a   0.0  17.0  0.00   0.1   5.0  11:21a     S
22  78.9  95.2   2:38p  66.1   6:13a   0.0  13.9  0.00   0.2   5.0   1:42p     S
23  78.9  92.8   2:28p  67.2   6:48a   0.0  13.9  0.00   0.2   7.0   3:32p     S
24  80.4  96.6   2:15p  66.9   6:26a   0.0  15.4  0.00   0.1   6.0   1:46p     S
25  82.7 100.1   2:50p  68.6   6:16a   0.0  17.7  0.00   0.1   5.0   4:37p     S
26  83.0 100.3   2:58p  70.7   6:40a   0.0  18.0  0.00   0.1   5.0  12:04p     S
27  80.8  96.1   2:47p  69.4   5:51a   0.0  15.8  0.00   0.1   5.0  11:35a     S
28  78.4  95.4   2:45p  65.5   6:39a   0.0  13.4  0.00   0.2   6.0   4:54p     S
29  72.2  87.3   2:45p  60.9   6:14a   0.0   7.2  0.00   0.2   6.0   2:06p     S
30  71.8  90.7   2:57p  56.3   6:10a   0.0   6.8  0.00   0.1   5.0  11:39a     S
31  74.9  90.8   2:59p  62.9   5:59a   0.0   9.9  0.00   0.2   5.0   5:35p     S
----------------------------------------------------------------------------------
    78.4 107.0     4    54.3    17     0.0 414.8  0.00   0.2  13.0     3     SSE

Max >=  90.0: 29
Max <=  80.0:  0
Min <=  45.0:  0
Min <=  32.0:  0
Max Rain: 0.00 on day 0
Days of Rain: 0 (>= 0.01 in)  0 (>= 0.10 in)  0 (>= 1.00 in)
Heat Base: 65.0  Cool Base: 65.0  Method: Integration