ParadiseWeatherStation.org
Reports – Climate

NOAA-Style Climate Reports

Report for 2013 August
                   Monthly Climatological Summary for Aug 2013

Name: Paradise Weather Station   City: Paradise   State: CA
Elevation: 1824 ft  Lat: N 39° 45' 32"   Lon: W 121° 36' 43"

                  Temperature (°F), Rain (in), Wind Speed (mph)

                                      Heat  Cool        Avg
    Mean                              Deg   Deg         Wind                 Dom
Day Temp  High   Time   Low    Time   Days  Days  Rain  Speed High   Time    Dir
----------------------------------------------------------------------------------
 1  70.5  86.3   2:35p  57.0   6:44a   0.0   5.5  0.00   0.2   7.0   2:31p     S
 2  72.9  92.9   2:20p  58.3   5:56a   0.0   7.9  0.00   0.2   7.0  11:57a     S
 3  73.2  93.6   2:31p  59.4   6:24a   0.0   8.2  0.00   0.1   6.0  12:23p     S
 4  73.8  93.1   2:49p  58.9   6:08a   0.0   8.8  0.00   0.2   5.0  12:19p     S
 5  73.3  92.8   2:46p  59.2   5:59a   0.0   8.3  0.00   0.1   6.0   2:25p     S
 6  72.9  92.1   2:57p  59.3   6:20a   0.0   7.9  0.00   0.1   5.0  12:39p     S
 7  68.7  83.5   2:36p  54.6   6:40a   0.0   3.7  0.00   0.3   6.0  11:27a     S
 8  68.1  86.1   2:17p  54.9   6:06a   0.0   3.1  0.00   0.2   6.0   4:25p     S
 9  68.8  87.1   3:01p  55.8   7:01a   0.0   3.8  0.00   0.2   7.0   2:47p     S
10  70.0  86.6   1:55p  57.8   6:06a   0.0   5.0  0.00   0.2   6.0   1:34p     S
11  72.3  90.0   2:32p  60.5   6:41a   0.0   7.3  0.00   0.2   6.0   3:18a     S
12  72.9  90.2   2:33p  62.2   6:41a   0.0   7.9  0.00   0.2   6.0   2:15p    SE
13  75.0  95.8   2:42p  61.4   7:03a   0.0  10.0  0.00   0.2   6.0   3:01p   SSE
14  76.4  95.7   2:32p  62.1   7:02a   0.0  11.4  0.00   0.2   6.0   2:09a    SE
15  75.8  94.7   2:21p  65.3   5:56a   0.0  10.8  0.00   0.3   6.0   6:49a   ESE
16  77.5  95.0   3:10p  64.7   6:52a   0.0  12.5  0.00   0.3   7.0   7:59a     S
17  78.2  96.2   2:54p  66.7   6:58a   0.0  13.2  0.00   0.2   7.0   7:42a     E
18  79.1  97.1   2:42p  64.7   6:22a   0.0  14.1  0.00   0.1   5.0   3:20p     S
19  80.0  91.2   2:17p  69.6   6:41a   0.0  15.0  0.00   0.1   5.0   9:07a   ENE
20  81.0  95.4   2:32p  70.1   8:27a   0.0  16.0  0.01   0.2  10.0  12:19a   NNW
21  77.6  88.9   2:07p  67.7   6:41a   0.0  12.6  0.00   0.2   7.0   4:47p     S
22  74.6  92.1   2:46p  64.6   5:23a   0.0   9.6  0.00   0.2   7.0   4:09p     S
23  72.1  90.6   2:32p  58.1   6:48a   0.0   7.1  0.00   0.2   6.0   3:25p     S
24  72.4  86.4   2:56p  60.7   6:54a   0.0   7.4  0.00   0.3   7.0  12:57p     S
25  72.8  86.5   1:44p  64.0  11:54p   0.0   7.8  0.00   0.5   9.0   3:42p     S
26  70.1  86.7   2:22p  60.6   5:17a   0.0   5.1  0.00   0.2   6.0  12:21p     S
27  73.1  92.2   2:42p  60.1   5:57a   0.0   8.1  0.00   0.2   7.0   4:04p     S
28  73.5  91.0   2:09p  60.8   6:11a   0.0   8.5  0.00   0.2   7.0   1:07p     S
29  73.4  91.6   2:44p  60.6   5:30a   0.0   8.4  0.00   0.3   8.0  10:09a     S
30  75.6  95.8   2:18p  62.6   2:26a   0.0  10.6  0.00   0.2   5.0   4:25a   SSE
31  77.2  95.5   2:23p  64.4   5:38a   0.0  12.2  0.00   0.4   7.0   3:20a   SSE
----------------------------------------------------------------------------------
    74.0  97.1    18    54.6     7     0.0 277.8  0.01   0.2  10.0    20     SSE

Max >=  90.0: 22
Max <=  80.0:  0
Min <=  45.0:  0
Min <=  32.0:  0
Max Rain: 0.01 on day 20
Days of Rain: 1 (>= 0.01 in)  0 (>= 0.10 in)  0 (>= 1.00 in)
Heat Base: 65.0  Cool Base: 65.0  Method: Integration