ParadiseWeatherStation.org
Reports – Climate

NOAA-Style Climate Reports

Report for 2013 September
                   Monthly Climatological Summary for Sep 2013

Name: Paradise Weather Station   City: Paradise   State: CA
Elevation: 1824 ft  Lat: N 39° 45' 32"   Lon: W 121° 36' 43"

                  Temperature (°F), Rain (in), Wind Speed (mph)

                                      Heat  Cool        Avg
    Mean                              Deg   Deg         Wind                 Dom
Day Temp  High   Time   Low    Time   Days  Days  Rain  Speed High   Time    Dir
----------------------------------------------------------------------------------
 1  76.1  87.3  12:45p  68.3   9:22p   0.0  11.1  0.05   0.2   6.0  10:17p     S
 2  72.8  84.0   2:35p  66.7   7:56a   0.0   7.8  0.00   0.5   8.0   1:44a     S
 3  71.3  86.3   2:23p  62.3  11:57p   0.0   6.3  0.00   0.3   7.0   4:28p     S
 4  69.3  86.8   2:56p  57.6   6:51a   0.0   4.3  0.00   0.2   6.0   1:49p     S
 5  67.6  83.1   3:05p  54.9   6:54a   0.0   2.6  0.00   0.3   7.0   9:35a     S
 6  72.6  92.7   2:01p  57.2   6:23a   0.0   7.6  0.00   0.3   8.0   8:29a   NNE
 7  75.5  93.6   2:33p  64.0   7:08a   0.0  10.5  0.00   0.3   7.0   1:48p    SE
 8  77.6  97.3   2:32p  65.4   6:39a   0.0  12.6  0.00   0.3   6.0   5:14a    NE
 9  80.4 100.0   2:34p  66.0   7:13a   0.0  15.4  0.00   0.3   8.0   3:03p   SSW
10  78.9  95.3   2:50p  66.4   6:42a   0.0  13.9  0.00   0.2   5.0   9:54a   SSE
11  70.3  86.1   2:25p  60.3   6:59a   0.0   5.3  0.00   0.1   4.0  11:38a     S
12  70.6  86.6   2:52p  58.9   6:55a   0.0   5.6  0.00   0.1   5.0  12:30p     S
13  73.5  89.1   2:33p  61.8   6:59a   0.0   8.5  0.00   0.1   4.0   9:51a     S
14  74.3  91.4   2:53p  63.0   6:53a   0.0   9.3  0.00   0.1   5.0   2:19p     S
15  70.2  86.4   2:42p  58.8   6:47a   0.0   5.2  0.00   0.3   7.0  10:35a     S
16  69.0  85.2   2:50p  56.9   7:00a   0.0   4.0  0.00   0.1   4.0  10:37a     S
17  66.4  77.7   2:50p  57.6   7:22a   0.0   1.4  0.00   0.3   6.0  10:41a     S
18  68.5  85.0   2:35p  56.5   1:46a   0.0   3.5  0.00   0.6  12.0   8:34a   NNE
19  69.5  87.0   2:52p  57.3   7:18a   0.0   4.5  0.00   0.2   7.0   5:56a   SSE
20  69.5  84.7   1:46p  59.5   4:04a   0.0   4.5  0.00   1.1  13.0   1:58p     S
21  55.8  61.6  12:00a  50.3   9:44p   9.2   0.0  1.61   1.0  14.0   1:12a   SSE
22  55.4  68.4   2:56p  45.5   6:46a   9.6   0.0  0.00   0.1   5.0  10:03a     S
23  62.5  78.7   2:08p  50.7   4:55a   2.5   0.0  0.00   0.1   6.0   1:12p     S
24  63.2  72.2   2:52p  51.0  11:59p   1.8   0.0  0.51   0.5  11.0   9:58p    SW
25  54.1  68.4   2:36p  43.6   7:13a  10.9   0.0  0.00   0.4  12.0   3:55p    NW
26  56.6  71.5   2:21p  44.0   7:06a   8.4   0.0  0.00   0.4  10.0   2:39p     N
27  60.4  76.0   2:07p  49.6   1:22a   4.6   0.0  0.00   0.5  10.0   8:18a   NNE
28  63.3  77.9   1:54p  51.2   7:17a   1.7   0.0  0.00   0.4   8.0   1:14p     S
29  62.5  69.2   2:55p  58.6   7:24a   2.5   0.0  0.00   0.8   9.0   1:14p     S
30  61.6  68.2   4:47p  58.9  11:58p   3.4   0.0  0.04   0.7  10.0   1:18a     S
----------------------------------------------------------------------------------
    68.0 100.0     9    43.6    25    54.6 143.9  2.21   0.3  14.0    21       S

Max >=  90.0:  6
Max <=  80.0: 11
Min <=  45.0:  2
Min <=  32.0:  0
Max Rain: 1.61 on day 21
Days of Rain: 4 (>= 0.01 in)  2 (>= 0.10 in)  1 (>= 1.00 in)
Heat Base: 65.0  Cool Base: 65.0  Method: Integration