ParadiseWeatherStation.org
Reports – Climate

NOAA-Style Climate Reports

Report for 2013 October
                   Monthly Climatological Summary for Oct 2013

Name: Paradise Weather Station   City: Paradise   State: CA
Elevation: 1824 ft  Lat: N 39° 45' 32"   Lon: W 121° 36' 43"

                  Temperature (°F), Rain (in), Wind Speed (mph)

                                      Heat  Cool        Avg
    Mean                              Deg   Deg         Wind                 Dom
Day Temp  High   Time   Low    Time   Days  Days  Rain  Speed High   Time    Dir
----------------------------------------------------------------------------------
 1  61.2  74.1   2:08p  53.9   7:38a   3.8   0.0  0.00   0.2   7.0  10:12a     N
 2  60.3  75.1   2:08p  51.0  11:59p   4.7   0.0  0.00   0.2   8.0   8:19p     E
 3  56.4  70.4   1:33p  43.1   5:26a   8.6   0.0  0.00   0.8  15.0  10:43a     N
 4  63.2  77.5   2:42p  49.5   4:43a   1.8   0.0  0.00   1.4  18.0  11:25p   NNE
 5  65.6  79.6   1:52p  54.4  11:41p   0.0   0.6  0.00   1.5  20.0   1:43a   NNE
 6  62.7  79.9   1:32p  52.3   3:26a   2.3   0.0  0.00   0.3   6.0   8:24a    NE
 7  62.4  79.4  12:35p  52.1   6:23a   2.6   0.0  0.00   0.3   7.0  12:22a   NNE
 8  59.5  73.8   2:16p  50.4  11:33p   5.5   0.0  0.00   0.3  11.0   8:15a   NNE
 9  59.0  71.1   2:28p  48.7   2:32a   6.0   0.0  0.00   1.3  18.0   8:40a   NNE
10  55.6  67.7   2:11p  48.3   7:54a   9.4   0.0  0.00   0.2   6.0   2:42p     S
11  57.1  71.3   1:45p  47.8   7:28a   7.9   0.0  0.00   0.2   6.0  12:14p     E
12  57.1  71.1   2:17p  48.0   6:10a   7.9   0.0  0.12   0.3   8.0  11:18p     E
13  58.5  70.3   1:40p  47.5   7:19a   6.5   0.0  0.00   1.1  11.0   9:07a   NNE
14  61.5  73.8   2:10p  50.9   7:58a   3.5   0.0  0.00   1.0  14.0   1:07a   NNE
15  65.6  76.5   1:34p  57.5   7:42a   0.0   0.6  0.00   2.3  20.0   3:29a   NNE
16  62.8  76.7   1:26p  53.3  11:50p   2.2   0.0  0.00   0.9  12.0  12:29a    NE
17  60.6  77.3   1:44p  51.2   5:20a   4.4   0.0  0.00   0.4   8.0   3:46p    NE
18  63.1  77.2   2:05p  51.3   2:31a   1.9   0.0  0.00   0.5   9.0   4:03a   NNE
19  62.2  79.0   1:52p  52.1   5:24a   2.8   0.0  0.00   0.2   8.0   8:22a    NE
20  62.2  81.1   2:13p  50.7   7:53a   2.8   0.0  0.00   0.1   4.0  12:45p   SSE
21  61.3  78.4   1:26p  51.0   7:30a   3.7   0.0  0.00   0.1   5.0   1:25p    NE
22  62.6  80.5   1:04p  51.6   3:56a   2.4   0.0  0.00   0.2   4.0   8:21a    NE
23  62.9  81.6   2:07p  52.6   7:59a   2.1   0.0  0.00   0.1   5.0   5:35a   NNE
24  59.8  76.1  12:50p  48.7   7:23a   5.2   0.0  0.00   0.1   4.0  11:29a   NNE
25  58.3  74.9   1:54p  46.2   7:15a   6.7   0.0  0.00   0.0   4.0   1:10p   SSE
26  58.7  76.1   1:54p  46.7   7:01a   6.3   0.0  0.00   0.1   4.0  12:08p   ESE
27  56.4  72.0  12:21p  43.6  10:58p   8.6   0.0  0.10   0.6  16.0   9:36p     S
28  46.4  52.8  12:59p  40.5   7:00a  18.6   0.0  0.06   0.2   6.0   9:48p     E
29  47.7  53.5   4:19p  41.8  11:41p  17.3   0.0  0.03   0.0   5.0   4:04a   ESE
30  48.3  62.2   1:10p  39.2   7:51a  16.7   0.0  0.00   0.1   5.0   1:30p     S
31  53.6  65.8   1:27p  43.6  12:44a  11.4   0.0  0.00   0.2   8.0   6:57a   NNE
----------------------------------------------------------------------------------
    59.1  81.6    23    39.2    30   183.6   1.2  0.31   0.5  20.0     5     NNE

Max >=  90.0:  0
Max <=  80.0: 28
Min <=  45.0:  6
Min <=  32.0:  0
Max Rain: 0.12 on day 12
Days of Rain: 4 (>= 0.01 in)  2 (>= 0.10 in)  0 (>= 1.00 in)
Heat Base: 65.0  Cool Base: 65.0  Method: Integration