NOAA-Style Climate Reports


Report for 2013 November
                   Monthly Climatological Summary for Nov 2013

Name: Paradise Weather Station   City: Paradise   State: CA
Elevation: 1824 ft  Lat: N 39° 45' 32"   Lon: W 121° 36' 43"

                  Temperature (°F), Rain (in), Wind Speed (mph)

                                      Heat  Cool        Avg
    Mean                              Deg   Deg         Wind                 Dom
Day Temp  High   Time   Low    Time   Days  Days  Rain  Speed High   Time    Dir
----------------------------------------------------------------------------------
 1  55.1  71.3  12:57p  44.2   7:19a   9.9   0.0  0.00   0.2   5.0   8:48a     E
 2  54.8  68.9   1:46p  44.9   7:18a  10.2   0.0  0.00   0.2   6.0  12:45p     E
 3  51.1  63.0  12:52p  41.5   3:50a  13.9   0.0  0.00   0.3   8.0  10:15p     N
 4  52.1  61.7   1:55p  42.0  11:59p  12.9   0.0  0.00   0.9  15.0   6:42a   NNE
 5  53.6  67.0  11:43a  41.8  12:32a  11.4   0.0  0.00   0.3   8.0   7:39a   NNE
 6  53.5  63.6   2:19p  44.1   3:23a  11.5   0.0  0.00   0.1   5.0  10:44a     W
 7  56.5  70.7  11:44a  47.9  11:59p   8.5   0.0  0.00   0.2   5.0  10:40a   SSW
 8  55.0  70.0   1:14p  45.2   5:28a  10.0   0.0  0.00   0.1   4.0  11:19a   SSW
 9  56.0  71.1  12:29p  47.7   4:24a   9.0   0.0  0.00   0.2   7.0   9:06a    NE
10  55.7  71.4  12:38p  46.9  11:47p   9.3   0.0  0.00   0.2   7.0  10:19a   ESE
11  55.1  71.0   1:21p  44.7   3:43a   9.9   0.0  0.00   0.2   4.0   5:02a   NNW
12  57.9  69.0  10:18a  49.9  11:59p   7.1   0.0  0.00   0.1   6.0   9:23a   NNE
13  60.7  74.5  11:56a  47.5   6:48a   4.3   0.0  0.00   0.3  13.0   9:32p     N
14  55.0  68.5  12:59p  46.4   6:00a  10.0   0.0  0.00   0.1   5.0  12:55p   SSE
15  52.4  66.3   1:00p  43.8   2:48a  12.6   0.0  0.00   0.5  11.0   9:14a   NNE
16  50.3  61.4  12:56p  42.8  11:59p  14.7   0.0  0.00   0.2   6.0  11:30a     S
17  47.3  60.9  12:20p  38.2   6:29a  17.7   0.0  0.00   0.1   5.0  10:40a     S
18  48.2  60.2  11:03a  39.4   4:53a  16.8   0.0  0.00   0.1   7.0   9:57a   SSE
19  48.8  50.8   2:33p  46.1   2:14a  16.2   0.0  1.19   0.3   6.0   7:57a   SSE
20  50.3  51.6   2:18p  46.5  11:22p  14.7   0.0  0.72   0.3   8.0  11:23a     S
21  48.5  55.0  12:43p  43.3   4:16a  16.5   0.0  0.01   1.5  17.0   1:04p     N
22  51.7  65.2   1:35p  38.7   6:47a  13.3   0.0  0.00   0.9  13.0  12:04a   NNE
23  54.8  67.2  12:31p  41.4  11:59p  10.2   0.0  0.00   1.2  15.0   3:01a     N
24  44.5  57.6  11:32a  35.9   6:37a  20.5   0.0  0.00   0.1   5.0  12:12p     S
25  45.0  59.9  12:27p  36.0   6:48a  20.0   0.0  0.00   0.2   4.0  11:15a    NE
26  47.4  61.0  12:18p  40.0   3:18a  17.6   0.0  0.00   0.2   6.0   8:10a    NE
27  50.0  63.8  12:04p  41.3   2:08a  15.0   0.0  0.00   0.2   6.0  11:58p   NNE
28  52.7  64.6  12:11p  43.9  11:59p  12.3   0.0  0.00   0.3   8.0   3:48a   NNE
29  50.3  65.0  12:07p  43.0   7:21a  14.7   0.0  0.00   0.2   9.0   9:34a     N
30  50.6  63.6  11:51a  43.6  12:00a  14.4   0.0  0.00   0.1   5.0  12:14p   NNE
----------------------------------------------------------------------------------
    52.2  74.5    13    35.9    24   385.1   0.0  1.92   0.3  17.0    21     NNE

Max >=  90.0:  0
Max <=  80.0: 30
Min <=  45.0: 21
Min <=  32.0:  0
Max Rain: 1.19 on day 19
Days of Rain: 3 (>= 0.01 in)  2 (>= 0.10 in)  1 (>= 1.00 in)
Heat Base: 65.0  Cool Base: 65.0  Method: Integration