NOAA-Style Climate Reports


Report for 2013 December
                   Monthly Climatological Summary for Dec 2013

Name: Paradise Weather Station   City: Paradise   State: CA
Elevation: 1824 ft  Lat: N 39° 45' 32"   Lon: W 121° 36' 43"

                  Temperature (°F), Rain (in), Wind Speed (mph)

                                      Heat  Cool        Avg
    Mean                              Deg   Deg         Wind                 Dom
Day Temp  High   Time   Low    Time   Days  Days  Rain  Speed High   Time    Dir
----------------------------------------------------------------------------------
 1  48.6  64.7  12:09p  41.8   5:45a  16.4   0.0  0.00   0.2   5.0   8:30a   NNE
 2  49.9  57.9   1:17p  40.9   7:07a  15.1   0.0  0.00   0.2   5.0   1:37p   ESE
 3  44.2  51.9  11:49a  33.2  11:47p  20.8   0.0  0.00   0.3   9.0  12:33p    NE
 4  36.2  46.5  12:03p  30.7   2:06a  28.8   0.0  0.00   0.9  12.0   3:12a   NNE
 5  33.0  44.7  11:46a  27.1  10:25p  32.0   0.0  0.00   0.9  13.0   3:59a   NNE
 6  32.1  40.0  12:24p  25.3   6:58a  32.9   0.0  0.00   0.4  13.0   4:49p   SSE
 7  31.4  38.1   1:28p  25.8  11:54p  33.6   0.0  0.45   0.0   5.0   1:15p   NNE
 8  29.1  38.9  12:05p  23.4   5:17a  35.9   0.0  0.13   0.7  15.0   6:09a    NE
 9  35.0  48.2  11:19a  26.4  12:00a  30.0   0.0  0.06   1.2  22.0   9:52a   NNE
10  36.7  48.9   1:03p  28.5  12:00a  28.3   0.0  0.05   0.3   7.0   3:51a   NNE
11  40.2  52.6  10:10a  30.8   3:25a  24.8   0.0  0.00   0.4  10.0  10:23p     N
12  44.7  58.6  12:12p  35.5  11:56p  20.3   0.0  0.00   0.7   9.0   8:00a   NNE
13  45.4  60.0  11:40a  32.8   4:55a  19.6   0.0  0.00   0.6  13.0  11:52p   NNE
14  45.5  55.7   1:29p  37.8   6:56a  19.5   0.0  0.00   0.5  14.0  12:06a   NNE
15  47.4  63.1  11:37a  38.6  12:00a  17.6   0.0  0.00   0.4   6.0   9:54a   NNE
16  51.1  67.9  11:45a  39.5   2:35a  13.9   0.0  0.00   0.4   6.0  10:53p     N
17  54.6  68.4   1:03p  47.4   4:35a  10.4   0.0  0.00   0.5   8.0   7:41a   NNE
18  51.0  61.9  11:47a  40.0  11:53p  14.0   0.0  0.00   0.4   6.0   7:56a   NNE
19  46.2  56.0  11:55a  38.5   2:35a  18.8   0.0  0.00   1.3  15.0   6:46a   NNE
20  44.7  58.6  12:20p  34.1   6:23a  20.3   0.0  0.00   0.4   9.0   9:39a    NE
21  45.8  58.7  12:02p  36.6   7:28a  19.2   0.0  0.00   0.2   5.0  10:46p   NNE
22  51.4  65.8  12:20p  41.1   5:05a  13.6   0.0  0.00   0.4   6.0   8:44a     N
23  48.0  61.3  12:15p  38.8   6:39a  17.0   0.0  0.00   0.2   6.0   9:14a   NNE
24  52.7  68.8  12:03p  43.8  12:08a  12.3   0.0  0.00   0.5   7.0   8:54a   NNE
25  51.6  65.4  11:04a  42.4   4:22a  13.4   0.0  0.00   0.5   8.0   8:14a   NNE
26  53.2  67.2  11:47a  44.5   9:15p  11.8   0.0  0.00   0.6  10.0   3:44a   NNE
27  49.6  62.0  11:50a  40.0  10:53p  15.4   0.0  0.00   0.5   7.0   1:04a   NNE
28  52.1  66.2  12:13p  37.2   6:42a  12.9   0.0  0.00   1.0  16.0   6:35p   NNE
29  52.2  62.8  12:07p  43.0   9:16p  12.8   0.0  0.00   0.6  17.0   8:10a   NNE
30  51.0  61.8  11:25a  44.9   7:39a  14.0   0.0  0.00   0.4   9.0   2:36a   NNE
31  43.1  45.6  12:00a  41.8   2:18a  21.9   0.0  0.00   0.1   2.0   1:10a    SE
----------------------------------------------------------------------------------
    45.1  68.8    24    23.4     8   617.3   0.0  0.69   0.5  22.0     9     NNE

Max >=  90.0:  0
Max <=  80.0: 31
Min <=  45.0: 30
Min <=  32.0:  8
Max Rain: 0.45 on day 7
Days of Rain: 4 (>= 0.01 in)  2 (>= 0.10 in)  0 (>= 1.00 in)
Heat Base: 65.0  Cool Base: 65.0  Method: Integration