ParadiseWeatherStation.org
Reports – Climate

NOAA-Style Climate Reports

Report for 2014
                   Annual Climatological Summary for 2014

Name: Paradise Weather Station   City: Paradise   State: CA
Elevation: 1824 ft  Lat: N 39° 45' 32"   Lon: W 121° 36' 43"

                  Temperature (°F), Heat Base: 65.0  Cool Base: 65.0
                          Dep.  Heat  Cool                       Max  Max  Min  Min
        Mean  Mean        From  Deg   Deg                        >=   <=   <=   <=
 YR MO  Max   Min   Mean  Norm  Days  Days  Hi  Date  Low  Date 90.0 80.0 45.0  32.0
------------------------------------------------------------------------------------
 14  1  65.1  43.4  52.4   6.4   391     0  78.2  15  33.7   31    0   31   19    0
 14  2  57.9  41.9  48.8   0.3   452     0  70.8  25  30.7    3    0   28   20    3
 14  3  64.4  45.2  53.6   2.4   353     0  78.4  15  35.6   30    0   31   14    0
 14  4  72.7  47.7  58.8   2.9   203    17  90.1  30  35.7   26    1   21   11    0
 14  5  81.2  54.2  66.5   3.2    64   110  93.6  25  44.5   11    5   12    2    0
 14  6  90.1  59.6  73.6   2.2     0   258 103.0  30  52.4   13   13    1    0    0
 14  7  94.9  65.9  78.4   0.3     0   416 104.2  14  57.5   23   27    0    0    0
 14  8  90.7  63.2  75.0  -1.9     0   310 104.2   1  58.5   21   19    1    0    0
 14  9  86.9  59.3  71.3  -1.2    22   210  97.0   1  32.0   28   13    6    1    1
 14 10  76.3  53.8  63.2  -0.1   125    69  91.6   5  45.0   21    3   18    1    0
 14 11  61.6  44.6  51.6  -0.5   402     0  74.7   9  37.5   24    0   30   16    0
 14 12  53.0  42.1  46.9   0.9   562     0  64.8  23  30.2   29    0   31   18    5
------------------------------------------------------------------------------------
        74.6  51.7  61.7   1.2  2577  1393 104.2 Jul  30.2  Dec   81  210  102    9

                                Precipitation (in)

              Dep.   Max        Days of Rain
              From   Obs.           >=
 YR MO Total  Norm   Day Date 0.01 0.10 1.00
---------------------------------------------
 14  1  0.83 -9.63  0.78  29     3    1    0
 14  2 13.16  4.09  4.00   9    13    8    5
 14  3  9.66  1.71  2.69  29    14   11    5
 14  4  1.32 -2.77  0.63  25     6    4    0
 14  5  0.49 -1.38  0.40  19     5    1    0
 14  6  0.00 -0.70  0.00  25     0    0    0
 14  7  0.03 -0.05  0.02  21     2    0    0
 14  8  0.59  0.36  0.59   5     1    1    0
 14  9  1.24  0.45  1.23  25     2    1    1
 14 10  2.54 -0.59  1.03  31     6    4    1
 14 11  4.29 -2.59  1.10  22    13    8    1
 14 12 15.28  5.70  3.60  11    21   16    6
---------------------------------------------
       49.43 -5.40  4.00  Feb   86   55   19

                                Wind Speed (mph)
                          Dom
 YR MO   Avg.  Hi   Date  Dir
------------------------------
 14  1   0.7  25.0   23   NNE
 14  2   0.7  19.0    8   SSE
 14  3   0.7  17.0   12   ESE
 14  4   0.5  19.0   30     E
 14  5   0.5  19.0   10   SSE
 14  6   0.3  14.0    8     S
 14  7   0.3  11.0   20     S
 14  8   0.3   8.0    1     S
 14  9   0.3  16.1   25     S
 14 10   0.3  16.0    1   SSE
 14 11   0.2  17.3   16   ESE
 14 12   0.6  25.0   11   SSE
------------------------------
         0.4  25.0  Jan    SE