ParadiseWeatherStation.org
Reports – Climate

NOAA-Style Climate Reports

Report for 2014 January
                   Monthly Climatological Summary for Jan 2014

Name: Paradise Weather Station   City: Paradise   State: CA
Elevation: 1824 ft  Lat: N 39° 45' 32"   Lon: W 121° 36' 43"

                  Temperature (°F), Rain (in), Wind Speed (mph)

                                      Heat  Cool        Avg
    Mean                              Deg   Deg         Wind                 Dom
Day Temp  High   Time   Low    Time   Days  Days  Rain  Speed High   Time    Dir
----------------------------------------------------------------------------------
 1  49.5  63.9  12:04p  42.1  11:46p  15.5   0.0  0.00   0.2   3.0  12:00a   NNE
 2  51.6  64.9   1:36p  42.4  12:18a  13.4   0.0  0.00   0.3   7.0   9:30a   NNE
 3  50.5  64.4  11:55a  42.9  11:32p  14.5   0.0  0.00   0.2   4.0   8:59a     N
 4  51.0  66.4   1:25p  39.6   5:33a  14.0   0.0  0.00   0.8  14.0   1:09p     N
 5  55.2  67.3  12:22p  45.2   8:01p   9.8   0.0  0.00   2.0  21.0   1:34a   NNE
 6  52.9  59.6   1:47p  45.2  11:58p  12.1   0.0  0.00   1.0  14.0   3:06a   NNE
 7  48.5  60.4  12:29p  40.4  11:58p  16.5   0.0  0.00   0.3   7.0  12:27p   NNE
 8  44.5  55.5   1:05p  37.4   4:12a  20.5   0.0  0.00   0.1   4.0  11:00a     S
 9  45.2  55.7   1:37p  39.5   6:34a  19.8   0.0  0.00   0.1   5.0  12:10p     S
10  46.4  60.4  12:18p  37.7   4:08a  18.6   0.0  0.00   0.1   5.0  12:02p     S
11  46.6  48.9   3:14p  41.3  11:57p  18.4   0.0  0.04   0.8  18.0  11:59a   SSE
12  44.1  55.9   2:56p  34.0   7:08a  20.9   0.0  0.01   0.3   8.0  11:49p     N
13  51.1  65.9  12:10p  40.3   7:41a  13.9   0.0  0.00   0.5   8.0   1:50a   NNE
14  57.5  74.5  12:32p  44.5   3:03a   7.5   0.0  0.00   0.7  12.0   8:53a     N
15  61.7  78.2   1:36p  49.3   8:06a   3.3   0.0  0.00   1.0  15.0   6:23a   NNE
16  63.4  77.6   1:10p  48.7   7:12a   1.6   0.0  0.00   1.3  17.0   6:16p   NNE
17  56.1  71.3  12:16p  47.3   9:11p   8.9   0.0  0.00   0.4   8.0   9:43a     N
18  54.9  67.9  11:01a  47.1  11:03p  10.1   0.0  0.00   0.7   9.0   7:53a   NNE
19  52.9  69.1  12:15p  44.8   9:19p  12.1   0.0  0.00   0.6   7.0   8:33a   NNE
20  53.8  70.2  12:07p  45.0  12:05a  11.2   0.0  0.00   0.8   8.0   4:42a   NNE
21  53.4  69.8  12:16p  44.6   4:54a  11.6   0.0  0.00   0.8   9.0   6:05a   NNE
22  54.4  70.5  12:37p  45.8  10:50p  10.6   0.0  0.00   0.4   8.0   1:45a   NNE
23  59.7  69.1  12:50p  46.9  12:00a   5.3   0.0  0.00   4.2  25.0   9:03p    NE
24  59.9  72.5   1:12p  50.2   9:21p   5.1   0.0  0.00   1.7  18.0   4:20a    NE
25  56.1  72.8  12:25p  45.1  11:21p   8.9   0.0  0.00   0.6   9.0   7:33a   NNE
26  52.0  67.8  12:00p  42.2   6:44a  13.0   0.0  0.00   0.4   7.0   9:15a   NNE
27  51.2  63.7  11:54a  41.6   4:52a  13.8   0.0  0.00   0.2   3.0  12:32a     S
28  55.6  64.8  12:14p  50.4   7:26a   9.4   0.0  0.00   0.1   4.0  11:18a     S
29  52.5  57.0   8:58a  48.3  11:58p  12.5   0.0  0.78   0.3   8.0   8:54a   SSE
30  48.2  55.7  12:40p  42.0  11:59p  16.8   0.0  0.00   0.0   7.0   1:14p     S
31  43.3  55.1   1:45p  33.7   6:41a  21.7   0.0  0.00   0.3   9.0   9:30p     N
----------------------------------------------------------------------------------
    52.4  78.2    15    33.7    31   391.3   0.0  0.83   0.7  25.0    23     NNE

Max >=  90.0:  0
Max <=  80.0: 31
Min <=  45.0: 19
Min <=  32.0:  0
Max Rain: 0.78 on day 29
Days of Rain: 3 (>= 0.01 in)  1 (>= 0.10 in)  0 (>= 1.00 in)
Heat Base: 65.0  Cool Base: 65.0  Method: Integration