ParadiseWeatherStation.org
Reports – Climate

NOAA-Style Climate Reports

Report for 2014 February
                   Monthly Climatological Summary for Feb 2014

Name: Paradise Weather Station   City: Paradise   State: CA
Elevation: 1824 ft  Lat: N 39° 45' 32"   Lon: W 121° 36' 43"

                  Temperature (°F), Rain (in), Wind Speed (mph)

                                      Heat  Cool        Avg
    Mean                              Deg   Deg         Wind                 Dom
Day Temp  High   Time   Low    Time   Days  Days  Rain  Speed High   Time    Dir
----------------------------------------------------------------------------------
 1  42.7  54.5  12:50p  34.4   5:31a  22.3   0.0  0.00   0.4   8.0   9:21a   ENE
 2  42.4  49.2  11:13a  33.2  11:59p  22.6   0.0  0.00   0.2   7.0   6:55a    SE
 3  38.9  52.2   1:07p  30.7   6:52a  26.1   0.0  0.00   0.2   6.0  12:35p     S
 4  40.1  52.3   1:25p  31.9   2:22a  24.9   0.0  0.00   0.2   5.0  10:45a   SSE
 5  41.2  52.3  12:47p  31.1   5:49a  23.8   0.0  0.02   0.3   9.0  10:59p     S
 6  39.9  42.3   7:30p  36.7   4:24a  25.1   0.0  0.64   0.8   9.0   9:08p   SSE
 7  43.3  45.1  11:51p  42.1   4:45p  21.7   0.0  2.05   2.6  16.0   3:03p     S
 8  48.5  50.9   8:37p  45.0  12:00a  16.5   0.0  3.21   2.4  19.0   7:05p     S
 9  51.4  52.4   2:54p  45.9  11:59p  13.6   0.0  4.00   1.9  14.0   7:57p     S
10  50.4  60.2  12:41p  44.9  11:58p  14.6   0.0  0.05   0.1   5.0   2:04p   SSE
11  49.7  61.8  12:38p  40.9   6:33a  15.3   0.0  0.01   0.1   7.0   8:49a    SE
12  52.6  59.5  12:33p  45.2   5:42a  12.4   0.0  0.00   0.4   9.0   9:07p   SSE
13  55.5  58.4   3:42p  50.8   4:01a   9.5   0.0  0.02   0.2   7.0  12:37a    SE
14  57.1  63.6   1:13p  53.6  12:16a   7.9   0.0  0.00   0.9  13.0   5:15a   SSE
15  53.7  57.6  12:27p  50.5  10:54p  11.3   0.0  0.00   1.8  12.0  11:02p   SSE
16  49.7  60.1   1:20p  41.5  11:59p  15.3   0.0  0.01   0.5   7.0  12:10a     S
17  47.3  60.0  12:22p  39.6   7:04a  17.7   0.0  0.00   0.2   6.0  11:58a    SE
18  49.9  62.1  12:14p  39.4   1:54a  15.1   0.0  0.00   0.2   7.0   7:35a   ENE
19  49.2  59.2   1:08p  42.6   7:23a  15.8   0.0  0.13   0.4   7.0   1:29a   ESE
20  51.0  66.1   1:13p  40.5   3:21a  14.0   0.0  0.00   0.4   8.0  12:46p   NNE
21  51.3  65.8  12:01p  41.3   2:05a  13.7   0.0  0.00   0.2   7.0   7:46a    NE
22  52.5  67.4   1:20p  43.4   5:12a  12.5   0.0  0.00   0.2   6.0  12:57p   ENE
23  52.6  69.2   1:46p  41.3   6:34a  12.4   0.0  0.00   0.3   6.0   7:44a    NE
24  54.5  70.7   1:42p  44.2   4:51a  10.5   0.0  0.00   0.3   5.0   6:31a     E
25  56.2  70.8   1:22p  45.8   3:13a   8.8   0.0  0.00   0.5   6.0   8:29a   ENE
26  50.3  54.2   2:36p  47.3  11:48p  14.7   0.0  1.22   0.7  17.0  10:05p   SSE
27  48.6  53.3   4:35p  46.7  10:04p  16.4   0.0  0.46   1.6  11.0   1:06a     S
28  47.0  50.8   5:06a  43.4   7:10p  18.0   0.0  1.34   0.8  12.0   2:33p    SE
----------------------------------------------------------------------------------
    48.8  70.8    25    30.7     3   452.5   0.0 13.16   0.7  19.0     8     SSE

Max >=  90.0:  0
Max <=  80.0: 28
Min <=  45.0: 20
Min <=  32.0:  3
Max Rain: 4.00 on day 9
Days of Rain: 13 (>= 0.01 in)  8 (>= 0.10 in)  5 (>= 1.00 in)
Heat Base: 65.0  Cool Base: 65.0  Method: Integration