NOAA-Style Climate Reports


Report for 2014 March
                   Monthly Climatological Summary for Mar 2014

Name: Paradise Weather Station   City: Paradise   State: CA
Elevation: 1824 ft  Lat: N 39° 45' 32"   Lon: W 121° 36' 43"

                  Temperature (°F), Rain (in), Wind Speed (mph)

                                      Heat  Cool        Avg
    Mean                              Deg   Deg         Wind                 Dom
Day Temp  High   Time   Low    Time   Days  Days  Rain  Speed High   Time    Dir
----------------------------------------------------------------------------------
 1  49.7  56.4   2:31p  43.9  12:00a  15.3   0.0  0.20   0.4   8.0  11:42a   ESE
 2  49.8  51.0   5:02a  48.0  12:00a  15.2   0.0  0.31   1.1  10.0   9:24a   SSE
 3  47.8  49.2  12:00a  46.8   7:50p  17.2   0.0  1.39   1.0  11.0   1:25p   SSE
 4  51.2  59.8   2:01p  46.0   5:35a  13.8   0.0  0.13   0.1   5.0   4:26p   SSE
 5  53.8  59.4  12:54p  50.4  12:00a  11.2   0.0  1.01   0.9  11.0   5:46p   SSE
 6  52.3  57.2   4:20p  44.9  11:56p  12.7   0.0  0.08   0.9  11.0  11:38a     S
 7  53.6  69.9   2:06p  41.6   5:58a  11.4   0.0  0.00   0.8  11.0  10:24a   NNE
 8  55.9  66.7   1:36p  46.6   7:12a   9.1   0.0  0.00   0.4   9.0   1:52a   ENE
 9  56.1  58.8  10:31a  52.9   3:15a   8.9   0.0  0.03   0.2   7.0   3:41p    NE
10  52.9  63.9   2:41p  43.5   8:15a  12.1   0.0  1.12   0.7  15.0   5:19a     N
11  52.6  67.6   2:53p  39.6   6:26a  12.4   0.0  0.00   1.2  15.0   9:29a   NNE
12  55.5  73.5   2:09p  42.4   5:19a   9.5   0.0  0.00   1.0  17.0  11:50a     N
13  57.7  74.3   2:20p  46.3   7:47a   7.3   0.0  0.00   0.6   9.0   9:35a   NNE
14  56.7  71.6   2:35p  44.4   7:11a   8.3   0.0  0.00   0.4   8.0   2:17p     N
15  61.3  78.4   2:04p  48.4   2:34a   3.7   0.0  0.00   0.6  12.0   9:20a    NE
16  60.6  75.1   3:14p  47.2   7:46a   4.4   0.0  0.00   0.5   8.0   2:22p   SSE
17  55.6  68.1   2:55p  43.2   7:52a   9.4   0.0  0.00   0.6  12.0  10:25p   NNW
18  58.8  72.7   2:39p  49.1  12:42a   6.2   0.0  0.00   1.6  15.0   5:12a   NNE
19  57.7  72.2   3:12p  47.6   6:37a   7.3   0.0  0.00   0.9  12.0   1:40a    NE
20  57.3  73.6   3:20p  46.9   7:08a   7.7   0.0  0.00   0.4   5.0   4:10a     E
21  56.8  73.1   2:39p  45.5   4:11a   8.2   0.0  0.00   0.3   7.0   2:56p     S
22  58.2  74.8   2:47p  44.5   5:29a   6.8   0.0  0.00   0.8  14.0  10:15a    NE
23  58.7  74.6   2:36p  48.8  12:29a   6.3   0.0  0.00   0.5   8.0   7:25a   NNE
24  58.9  76.6   2:55p  47.3   3:20a   6.1   0.0  0.00   0.4   7.0   7:51a    SE
25  51.7  58.2   9:17a  47.4   8:18p  13.3   0.0  0.34   0.2  11.0   8:45a    SE
26  45.2  48.6  12:00a  43.5   9:09a  19.8   0.0  1.38   0.5   8.0   7:03a   SSE
27  48.5  56.8   2:08p  43.6   1:30a  16.5   0.0  0.00   0.5   8.0   8:37a     S
28  50.7  56.9   4:19p  46.9   4:46a  14.3   0.0  0.36   0.6   9.0  11:59a   SSE
29  48.7  50.7   3:56p  41.4  11:45p  16.3   0.0  2.69   1.3  12.0   4:46a     S
30  45.1  56.3   3:06p  35.6   6:59a  19.9   0.0  0.02   0.4   7.0   5:14p   SSE
31  42.5  49.7   2:41p  36.9   8:00p  22.5   0.0  0.60   0.7  10.0   1:25p   SSE
----------------------------------------------------------------------------------
    53.6  78.4    15    35.6    30   353.1   0.0  9.66   0.7  17.0    12       E

Max >=  90.0:  0
Max <=  80.0: 31
Min <=  45.0: 14
Min <=  32.0:  0
Max Rain: 2.69 on day 29
Days of Rain: 14 (>= 0.01 in)  11 (>= 0.10 in)  5 (>= 1.00 in)
Heat Base: 65.0  Cool Base: 65.0  Method: Integration