ParadiseWeatherStation.org
Reports – Climate

NOAA-Style Climate Reports

Report for 2014 April
                   Monthly Climatological Summary for Apr 2014

Name: Paradise Weather Station   City: Paradise   State: CA
Elevation: 1824 ft  Lat: N 39° 45' 32"   Lon: W 121° 36' 43"

                  Temperature (°F), Rain (in), Wind Speed (mph)

                                      Heat  Cool        Avg
    Mean                              Deg   Deg         Wind                 Dom
Day Temp  High   Time   Low    Time   Days  Days  Rain  Speed High   Time    Dir
----------------------------------------------------------------------------------
 1  40.7  45.5   2:18p  37.0   7:07a  24.3   0.0  0.38   0.7   9.0   5:13a   SSE
 2  46.2  59.0   2:45p  38.2   4:05a  18.8   0.0  0.01   0.3   8.0   1:06p     S
 3  47.9  58.5   3:06p  39.7   6:39a  17.1   0.0  0.00   0.3   7.0  10:30a     S
 4  46.0  52.7   4:51p  40.4  11:49p  19.0   0.0  0.10   0.1   5.0   2:58a    SE
 5  51.7  69.1   3:00p  37.6   7:08a  13.3   0.0  0.00   0.4   9.0   2:53p   WNW
 6  60.1  77.5   2:44p  44.7   5:30a   4.9   0.0  0.00   0.5  15.0   4:19p     N
 7  63.0  77.3   3:07p  52.2   3:30a   2.0   0.0  0.00   0.5  11.0   7:32a   ESE
 8  64.8  81.9   2:52p  52.8   5:31a   0.2   0.0  0.00   0.5   7.0   9:11a   ENE
 9  64.3  79.6   2:33p  54.2   6:47a   0.7   0.0  0.00   0.4   7.0   4:51a   SSE
10  64.9  82.6   3:00p  53.1   5:55a   0.1   0.0  0.00   0.4   7.0   6:09a   ESE
11  63.7  81.7   2:25p  53.0   3:58a   1.3   0.0  0.00   0.3   5.0   3:27a    SE
12  61.2  76.0   2:10p  49.0   5:31a   3.8   0.0  0.00   0.2   6.0   1:41p   SSW
13  62.4  79.1   2:21p  48.2   7:21a   2.6   0.0  0.00   0.7  12.0  11:50p     N
14  66.6  79.0   2:17p  56.2  11:59p   0.0   1.6  0.00   0.9  13.0   3:17a    NE
15  63.7  79.4   3:01p  51.7   6:47a   1.3   0.0  0.00   0.2   6.0   2:00p     S
16  64.1  82.9   2:47p  50.2   7:00a   0.9   0.0  0.00   0.3   8.0   2:13p     W
17  65.7  81.2   1:41p  52.6   6:49a   0.0   0.7  0.00   0.5  10.0   8:18p   SSW
18  65.9  81.6   2:26p  55.5   3:38a   0.0   0.9  0.00   0.3   8.0   2:04p   NNW
19  61.8  73.8   2:18p  52.3   6:47a   3.2   0.0  0.00   0.4  10.0  12:01p     S
20  63.5  82.5   2:47p  48.0   5:19a   1.5   0.0  0.00   0.3   7.0  12:17p   NNW
21  61.6  70.3  10:13a  53.9   2:04a   3.4   0.0  0.00   0.4   8.0   1:36p   SSE
22  54.4  66.3   2:20p  43.3   7:09a  10.6   0.0  0.18   0.6   9.0  11:24a    SW
23  54.8  69.9   2:26p  39.8   6:13a  10.2   0.0  0.00   0.3   6.0   1:53p   SSW
24  58.4  69.4   2:20p  49.8   6:29a   6.6   0.0  0.00   0.4   8.0   1:39p     S
25  48.0  54.8  12:00a  39.9  11:58p  17.0   0.0  0.63   0.3  10.0   1:57p     S
26  47.5  59.8   2:19p  35.7   6:20a  17.5   0.0  0.00   0.4   7.0   4:28p     S
27  49.9  57.6   4:32p  45.6  11:30p  15.1   0.0  0.02   0.2   6.0   3:22a     S
28  57.1  74.4   2:54p  42.8   6:31a   7.9   0.0  0.00   0.4   9.0   1:54p   NNW
29  70.1  87.6   2:52p  53.5   6:42a   0.0   5.1  0.00   1.3  12.0  11:51p   NNE
30  74.5  90.1   1:41p  61.4  11:59p   0.0   9.5  0.00   1.9  19.0   4:11a   NNE
----------------------------------------------------------------------------------
    58.8  90.1    30    35.7    26   203.3  17.8  1.32   0.5  19.0    30       E

Max >=  90.0:  1
Max <=  80.0: 21
Min <=  45.0: 11
Min <=  32.0:  0
Max Rain: 0.63 on day 25
Days of Rain: 6 (>= 0.01 in)  4 (>= 0.10 in)  0 (>= 1.00 in)
Heat Base: 65.0  Cool Base: 65.0  Method: Integration