NOAA-Style Climate Reports


Report for 2014 May
                   Monthly Climatological Summary for May 2014

Name: Paradise Weather Station   City: Paradise   State: CA
Elevation: 1824 ft  Lat: N 39° 45' 32"   Lon: W 121° 36' 43"

                  Temperature (°F), Rain (in), Wind Speed (mph)

                                      Heat  Cool        Avg
    Mean                              Deg   Deg         Wind                 Dom
Day Temp  High   Time   Low    Time   Days  Days  Rain  Speed High   Time    Dir
----------------------------------------------------------------------------------
 1  71.1  88.0   2:14p  57.5   6:50a   0.0   6.1  0.00   0.3   7.0   8:07a    SE
 2  71.1  86.0   2:37p  58.3   6:00a   0.0   6.1  0.00   0.5   8.0   7:03p   SSE
 3  65.7  77.2   2:01p  57.5   4:17a   0.0   0.7  0.00   0.8  10.0   9:10p     S
 4  59.4  69.8   2:37p  46.8   6:20a   5.6   0.0  0.00   0.5   9.0   3:41p     S
 5  56.1  69.4   2:28p  49.5  11:52p   8.9   0.0  0.06   0.5  12.0   5:16p     S
 6  58.7  74.5   2:36p  44.9   6:25a   6.3   0.0  0.01   0.5  14.0   2:52p    SW
 7  59.1  73.0   2:29p  45.2   6:03a   5.9   0.0  0.00   0.3   6.0  12:09p     S
 8  58.2  63.7   1:08p  52.0   6:34a   6.8   0.0  0.01   0.6  11.0  10:10p     S
 9  59.7  71.2   2:25p  53.2   5:47a   5.3   0.0  0.00   0.5   8.0  10:56a     S
10  58.3  72.2   2:14p  46.1   5:44a   6.7   0.0  0.00   0.8  19.0  12:38p   NNW
11  61.7  78.3   2:44p  44.5   6:34a   3.3   0.0  0.00   0.7  13.0  12:46p     N
12  70.2  86.5   1:48p  58.8   2:17a   0.0   5.2  0.00   1.1  14.0   8:59a   NNE
13  74.8  89.7   2:44p  60.1  12:09a   0.0   9.8  0.00   1.1  17.0   5:19a    NE
14  74.2  92.3   2:04p  60.0   4:49a   0.0   9.2  0.00   0.3   9.0   8:16a   ESE
15  74.7  89.2   2:45p  63.3   5:30a   0.0   9.7  0.00   0.3   6.0   2:39p    SE
16  71.8  87.9   2:37p  59.1   6:24a   0.0   6.8  0.00   0.3   7.0   1:04p     S
17  67.7  80.7   2:45p  55.1   6:37a   0.0   2.7  0.00   0.3   7.0  10:51p     S
18  65.0  77.4   1:36p  56.6   5:43a   0.0   0.0  0.00   0.4  11.0   9:33a   SSW
19  60.1  73.7   2:41p  50.5   5:48a   4.9   0.0  0.40   0.5  10.0  12:37p     S
20  55.5  65.3   2:38p  46.7   5:59a   9.5   0.0  0.01   0.1   6.0  11:17a     S
21  63.9  81.9   2:56p  48.4   5:53a   1.1   0.0  0.00   0.4   9.0   6:08p     E
22  69.9  85.2   1:09p  55.0   5:34a   0.0   4.9  0.00   0.4   9.0   9:40a     N
23  72.4  90.0   2:07p  58.7   5:55a   0.0   7.4  0.00   0.2   6.0   1:46a    SE
24  73.5  91.3   2:42p  59.3   5:57a   0.0   8.5  0.00   0.3   8.0  10:19a   WSW
25  74.8  93.6   3:02p  60.3   5:36a   0.0   9.8  0.00   0.2   6.0  12:19p     S
26  73.0  90.8   2:44p  58.9   5:40a   0.0   8.0  0.00   0.2   6.0  11:19a     S
27  69.9  81.6  12:41p  56.4   5:58a   0.0   4.9  0.00   0.2   7.0  11:37p     S
28  65.1  80.4   2:23p  48.6   6:20a   0.0   0.1  0.00   0.7   9.0   9:27a   NNW
29  70.6  87.4   2:35p  59.9   1:29a   0.0   5.6  0.00   0.9  13.0   6:16a    NE
30  68.2  84.8   2:09p  56.2  11:44p   0.0   3.2  0.00   0.4   9.0   1:05p     S
31  66.4  84.4   2:33p  52.1   4:43a   0.0   1.4  0.00   0.2   6.0  12:50p   SSE
----------------------------------------------------------------------------------
    66.5  93.6    25    44.5    11    64.3 110.1  0.49   0.5  19.0    10      SE

Max >=  90.0:  5
Max <=  80.0: 12
Min <=  45.0:  2
Min <=  32.0:  0
Max Rain: 0.40 on day 19
Days of Rain: 5 (>= 0.01 in)  1 (>= 0.10 in)  0 (>= 1.00 in)
Heat Base: 65.0  Cool Base: 65.0  Method: Integration