ParadiseWeatherStation.org
Reports – Climate

NOAA-Style Climate Reports

Report for 2014 June
                   Monthly Climatological Summary for Jun 2014

Name: Paradise Weather Station   City: Paradise   State: CA
Elevation: 1824 ft  Lat: N 39° 45' 32"   Lon: W 121° 36' 43"

                  Temperature (°F), Rain (in), Wind Speed (mph)

                                      Heat  Cool        Avg
    Mean                              Deg   Deg         Wind                 Dom
Day Temp  High   Time   Low    Time   Days  Days  Rain  Speed High   Time    Dir
----------------------------------------------------------------------------------
 1  70.0  87.7   2:36p  54.6   5:59a   0.0   5.0  0.00   0.3   7.0   4:18p     S
 2  71.7  89.0   2:47p  56.9   6:02a   0.0   6.7  0.00   0.3   5.0  11:32a   SSE
 3  68.7  86.8   2:44p  54.3   6:03a   0.0   3.7  0.00   0.2   6.0   4:06p     S
 4  75.0  96.5   2:22p  56.1   6:06a   0.0  10.0  0.00   0.3   9.0  12:20p     W
 5  75.5  92.8   1:41p  60.2   6:15a   0.0  10.5  0.00   0.2   5.0  12:34p   SSE
 6  76.5  94.2   3:29p  61.5   5:50a   0.0  11.5  0.00   0.2   6.0   2:18p     S
 7  78.4  98.7   2:53p  61.6   5:22a   0.0  13.4  0.00   0.2   5.0  12:14p     S
 8  82.7 100.6   2:25p  66.8   3:47a   0.0  17.7  0.00   0.6  14.0   7:48a   NNE
 9  81.9 100.3   2:02p  68.8   5:40a   0.0  16.9  0.00   0.3   7.0   4:07p   ESE
10  82.7 100.6   2:49p  69.7   6:54a   0.0  17.7  0.00   0.4   9.0   1:37p     N
11  74.0  88.7   2:10p  61.1   5:52a   0.0   9.0  0.00   0.2   7.0   1:38p     S
12  68.3  81.4   2:47p  55.8   6:00a   0.0   3.3  0.00   0.4   7.0   1:35p     S
13  67.7  84.8   2:33p  52.4   6:07a   0.0   2.7  0.00   0.4   9.0   1:07p   WSW
14  69.4  82.9  12:04p  57.5   4:20a   0.0   4.4  0.00   0.2   6.0   8:11a    NE
15  70.7  84.6   3:12p  58.4   6:04a   0.0   5.7  0.00   0.3  10.0   2:07p     S
16  65.4  78.1   2:15p  54.3   6:19a   0.0   0.4  0.00   0.5  11.0   3:59p     S
17  67.3  83.1   2:45p  52.7   6:03a   0.0   2.3  0.00   0.6  11.0  12:41p    NW
18  71.8  88.5   2:36p  58.6   5:59a   0.0   6.8  0.00   0.4   9.0  12:12a     N
19  73.5  89.5   1:42p  59.9   6:05a   0.0   8.5  0.00   0.3   8.0   1:20p    SE
20  74.3  92.7   2:51p  58.8   5:18a   0.0   9.3  0.00   0.2   6.0  12:35p     S
21  74.3  89.9   2:24p  60.4   6:21a   0.0   9.3  0.00   0.2   6.0   4:59p     S
22  73.2  90.7   2:19p  59.2   5:44a   0.0   8.2  0.00   0.2   7.0   2:30p     S
23  74.7  92.2   2:42p  59.6   5:06a   0.0   9.7  0.00   0.2   5.0   3:42p     S
24  74.7  90.5   2:12p  60.6   6:12a   0.0   9.7  0.00   0.2   6.0   3:56p     S
25  71.7  81.9  11:45a  61.2   6:20a   0.0   6.7  0.00   0.7   8.0  12:28p     S
26  68.5  80.7   2:23p  60.7   7:05a   0.0   3.5  0.00   0.6   7.0  12:17a     S
27  73.2  86.9   2:36p  62.0   5:48a   0.0   8.2  0.00   0.4   8.0   1:46p     S
28  73.0  89.2   2:03p  60.0   5:41a   0.0   8.0  0.00   0.3   7.0   9:28a   SSW
29  76.9  96.9   2:15p  60.2   5:45a   0.0  11.9  0.00   0.3   9.0   1:00p   WSW
30  82.4 103.0   2:32p  65.4   5:54a   0.0  17.4  0.00   0.3   7.0   2:25p   SSW
----------------------------------------------------------------------------------
    73.6 103.0    30    52.4    13     0.0 258.1  0.00   0.3  14.0     8       S

Max >=  90.0: 13
Max <=  80.0:  1
Min <=  45.0:  0
Min <=  32.0:  0
Max Rain: 0.00 on day 0
Days of Rain: 0 (>= 0.01 in)  0 (>= 0.10 in)  0 (>= 1.00 in)
Heat Base: 65.0  Cool Base: 65.0  Method: Integration