NOAA-Style Climate Reports


Report for 2014 July
                   Monthly Climatological Summary for Jul 2014

Name: Paradise Weather Station   City: Paradise   State: CA
Elevation: 1824 ft  Lat: N 39° 45' 32"   Lon: W 121° 36' 43"

                  Temperature (°F), Rain (in), Wind Speed (mph)

                                      Heat  Cool        Avg
    Mean                              Deg   Deg         Wind                 Dom
Day Temp  High   Time   Low    Time   Days  Days  Rain  Speed High   Time    Dir
----------------------------------------------------------------------------------
 1  82.3  97.9   2:48p  69.8   4:58a   0.0  17.3  0.00   0.3   7.0   4:18p     S
 2  79.1  96.8   2:53p  65.6   5:20a   0.0  14.1  0.00   0.2   5.0  12:09p     S
 3  78.6  95.3   3:13p  64.4   6:25a   0.0  13.6  0.00   0.2   5.0   4:07p     S
 4  79.7  96.9   2:47p  66.6   5:32a   0.0  14.7  0.00   0.5   7.0   1:25p   SSW
 5  78.2  97.6   2:25p  64.9   5:27a   0.0  13.2  0.00   0.3   5.0   1:43p   SSW
 6  79.9 100.2   2:35p  65.1   5:47a   0.0  14.9  0.00   0.2   5.0  11:25a     S
 7  79.0  95.4   2:15p  66.4   4:22a   0.0  14.0  0.00   0.2   6.0   1:06p     S
 8  79.7  95.0   2:13p  72.7   6:13a   0.0  14.7  0.00   0.0   6.0   2:01p     S
 9  80.1  97.8   2:35p  66.2   6:33a   0.0  15.1  0.00   0.2   6.0  12:53p     S
10  76.8  93.2   2:43p  62.3   6:22a   0.0  11.8  0.00   0.3   7.0   3:27p     S
11  76.0  91.8   3:03p  65.4   3:22a   0.0  11.0  0.01   0.2   5.0   3:48p   SSW
12  76.2  93.2   2:56p  62.8   4:53a   0.0  11.2  0.00   0.2   5.0  10:36a     S
13  80.4  97.3   2:40p  66.1   6:06a   0.0  15.4  0.00   0.2   4.0   9:43a     S
14  84.8 104.2   2:57p  69.0   6:21a   0.0  19.8  0.00   0.2   5.0   1:03p     S
15  80.6  95.2   2:55p  68.4   6:34a   0.0  15.6  0.00   0.2   5.0  11:27a     S
16  77.5  90.9   2:09p  66.6   6:06a   0.0  12.5  0.00   0.2   5.0  11:34a     S
17  74.6  88.7   2:55p  64.9   6:02a   0.0   9.6  0.00   0.2   5.0  11:57a     S
18  75.2  90.1   3:07p  64.3   6:03a   0.0  10.2  0.00   0.3   5.0   9:40a   SSW
19  77.3  93.3   2:33p  64.8   5:59a   0.0  12.3  0.00   0.3   5.0   1:45p     S
20  76.7  90.3   2:37p  65.6   6:13a   0.0  11.7  0.00   0.6  11.0   5:51p     S
21  72.6  83.4   3:34p  65.7   5:37a   0.0   7.6  0.02   0.1   5.0   3:04p     S
22  72.2  86.6   3:05p  61.2   6:17a   0.0   7.2  0.00   0.3   6.0   2:40p     S
23  69.8  84.2   3:26p  57.5   5:24a   0.0   4.8  0.00   0.4   9.0   3:13a     S
24  75.5  95.3   2:28p  60.4   6:25a   0.0  10.5  0.00   0.4   9.0   3:55p    NW
25  78.0  97.7   2:56p  62.1   6:32a   0.0  13.0  0.00   0.2   5.0  11:04a     S
26  81.3 100.1   2:33p  67.3   7:13a   0.0  16.3  0.00   0.5   7.0   5:16a   ESE
27  81.2  97.5   2:53p  71.6   6:57a   0.0  16.2  0.00   0.2   6.0  10:20a     E
28  80.4  96.7   2:50p  67.2   5:38a   0.0  15.4  0.00   0.2   5.0   1:14p     S
29  80.5  98.0   2:37p  67.4   4:26a   0.0  15.5  0.00   0.2   5.0   1:15p   SSW
30  82.8  99.1   2:52p  68.6   6:17a   0.0  17.8  0.00   0.2   5.0  12:39p     S
31  84.9 101.9   2:42p  72.8   6:25a   0.0  19.9  0.00   0.2   5.0   3:22p     S
----------------------------------------------------------------------------------
    78.4 104.2    14    57.5    23     0.0 416.9  0.03   0.3  11.0    20       S

Max >=  90.0: 27
Max <=  80.0:  0
Min <=  45.0:  0
Min <=  32.0:  0
Max Rain: 0.02 on day 21
Days of Rain: 2 (>= 0.01 in)  0 (>= 0.10 in)  0 (>= 1.00 in)
Heat Base: 65.0  Cool Base: 65.0  Method: Integration