NOAA-Style Climate Reports


Report for 2014 August
                   Monthly Climatological Summary for Aug 2014

Name: Paradise Weather Station   City: Paradise   State: CA
Elevation: 1824 ft  Lat: N 39° 45' 32"   Lon: W 121° 36' 43"

                  Temperature (°F), Rain (in), Wind Speed (mph)

                                      Heat  Cool        Avg
    Mean                              Deg   Deg         Wind                 Dom
Day Temp  High   Time   Low    Time   Days  Days  Rain  Speed High   Time    Dir
----------------------------------------------------------------------------------
 1  85.4 104.2   2:49p  72.4   5:11a   0.0  20.4  0.00   0.4   8.0   6:22a     S
 2  83.7 100.8   2:27p  71.9  11:59p   0.0  18.7  0.00   0.4   7.0   2:42p   SSW
 3  76.6  92.3   2:01p  66.5   6:25a   0.0  11.6  0.00   0.3   6.0   1:19p     S
 4  72.6  83.0  12:10p  65.8   6:00a   0.0   7.6  0.00   0.0   4.0  12:00p   SSE
 5  66.1  70.0  12:11p  62.5   2:50a   0.0   1.1  0.59   0.1   5.0   9:21a     N
 6  73.0  86.1   3:10p  63.6   6:07a   0.0   8.0  0.00   0.1   4.0   1:06p     S
 7  77.7  93.3   2:59p  65.6   5:28a   0.0  12.7  0.00   0.1   5.0   1:21p   SSW
 8  78.5  94.7   2:46p  67.2   5:43a   0.0  13.5  0.00   0.2   5.0  12:47p     S
 9  77.1  93.9   2:24p  64.6   6:21a   0.0  12.1  0.00   0.3   5.0  12:32p     S
10  75.0  93.0   2:49p  61.7   6:58a   0.0  10.0  0.00   0.2   4.0   8:31a     S
11  76.3  90.5  12:19p  64.9   6:36a   0.0  11.3  0.00   0.2   7.0   3:49p   ESE
12  73.8  87.6   2:46p  64.1   5:30a   0.0   8.8  0.00   0.5   8.0   3:19p   SSW
13  71.5  86.0   3:00p  61.2   7:48a   0.0   6.5  0.00   0.5   8.0   9:43a   SSW
14  73.9  89.7   2:29p  61.2   6:27a   0.0   8.9  0.00   0.4   7.0   1:30p     S
15  76.0  94.2   2:50p  62.8   5:08a   0.0  11.0  0.00   0.3   7.0   7:59a     S
16  76.9  95.6   2:51p  64.0   6:37a   0.0  11.9  0.00   0.3   7.0  12:02p     S
17  75.8  95.5   2:31p  61.4   5:21a   0.0  10.8  0.00   0.3   7.0   2:06p     S
18  75.7  93.7   2:25p  62.8   7:09a   0.0  10.7  0.00   0.3   8.0   1:01p     S
19  74.0  90.9   2:29p  61.6   6:55a   0.0   9.0  0.00   0.2   5.0   2:09p     S
20  70.8  85.2   2:19p  59.2   6:35a   0.0   5.8  0.00   0.4   7.0   6:13p     S
21  72.7  88.7   2:18p  58.5   6:26a   0.0   7.7  0.00   0.3   7.0   2:25p     S
22  73.3  87.5   2:40p  61.9   7:12a   0.0   8.3  0.00   0.5   8.0  12:00p     S
23  74.1  92.0   2:39p  60.6   6:25a   0.0   9.1  0.00   0.2   7.0  12:59p     S
24  74.3  90.1   2:22p  60.7   6:39a   0.0   9.3  0.00   0.2   5.0   1:21p     S
25  71.4  85.6   2:55p  58.8   6:52a   0.0   6.4  0.00   0.3   8.0  11:07a     S
26  72.4  88.5   3:09p  58.5   6:35a   0.0   7.4  0.00   0.2   6.0   1:06p     S
27  75.5  91.7   2:53p  61.8   6:55a   0.0  10.5  0.00   0.2   6.0   1:01p   SSW
28  77.6  94.6   2:09p  64.5   6:48a   0.0  12.6  0.00   0.2   7.0   1:38p     S
29  75.3  89.2   2:51p  66.7  11:58p   0.0  10.3  0.00   0.1   5.0   9:05a   ESE
30  74.5  92.0   2:36p  61.5   7:12a   0.0   9.5  0.00   0.2   6.0   2:08p   SSW
31  74.1  92.1   2:46p  60.2   6:39a   0.0   9.1  0.00   0.2   5.0  11:29a     S
----------------------------------------------------------------------------------
    75.0 104.2     1    58.5    21     0.0 310.6  0.59   0.3   8.0     1       S

Max >=  90.0: 19
Max <=  80.0:  1
Min <=  45.0:  0
Min <=  32.0:  0
Max Rain: 0.59 on day 5
Days of Rain: 1 (>= 0.01 in)  1 (>= 0.10 in)  0 (>= 1.00 in)
Heat Base: 65.0  Cool Base: 65.0  Method: Integration