ParadiseWeatherStation.org
Reports – Climate

NOAA-Style Climate Reports

Report for 2014 September
                   Monthly Climatological Summary for Sep 2014

Name: Paradise Weather Station   City: Paradise   State: CA
Elevation: 1824 ft  Lat: N 39° 45' 32"   Lon: W 121° 36' 43"

                  Temperature (°F), Rain (in), Wind Speed (mph)

                                      Heat  Cool        Avg
    Mean                              Deg   Deg         Wind                 Dom
Day Temp  High   Time   Low    Time   Days  Days  Rain  Speed High   Time    Dir
----------------------------------------------------------------------------------
 1  77.9  97.0   2:10p  64.3   5:10a   0.0  12.9  0.00   0.3   5.0  10:50a   SSW
 2  77.9  94.6   2:00p  66.5   7:00a   0.0  12.9  0.00   0.3   4.0  12:10p     S
 3  75.7  94.8   3:00p  62.0   6:00a   0.0  10.7  0.00   0.2   5.0   5:00p   SSW
 4  76.7  96.2   2:10p  63.0   4:50a   0.0  11.7  0.00   0.6  11.0   9:00a    NE
 5  74.1  92.0   2:30p  60.2   6:50a   0.0   9.1  0.00   0.2   4.0   1:10p     S
 6  74.1  92.2   2:20p  61.9   7:00a   0.0   9.1  0.00   0.2   5.0   1:40p     S
 7  74.3  91.8   2:00p  62.8   6:00a   0.0   9.3  0.00   0.2   5.0   7:40a   SSE
 8  71.6  88.0   2:50p  59.9   7:10a   0.0   6.6  0.00   0.3   4.0   2:50p     S
 9  70.1  87.3   2:20p  50.3   8:30a   0.0   5.1  0.00   0.1   4.0   2:30p     S
10  73.2  92.1   2:40p  58.2   6:50a   0.0   8.2  0.00   0.2   4.0   2:50p   SSW
11  75.6  94.8   2:50p  62.7   6:20a   0.0  10.6  0.00   0.2   4.0   2:50p     S
12  78.0  96.5   2:30p  65.1   7:20a   0.0  13.0  0.00   0.3   4.0   9:30a     S
13  78.5  96.3   1:30p  68.1   7:00a   0.0  13.5  0.00   0.3   4.0   2:20a   ENE
14  78.6  94.5   2:20p  68.9  11:50p   0.0  13.6  0.00   0.4   5.0  12:20a   SSE
15  77.9  93.2   2:50p  68.0   7:00a   0.0  12.9  0.00   0.4   6.0   1:00p     S
16  70.7  89.3   2:36p  59.5   6:48a   0.0   5.7  0.00   0.3   7.0   1:47p     S
17  73.2  89.9   1:29p  60.7   7:06a   0.0   8.2  0.00   0.6  10.0   4:47p     S
18  68.4  79.7   3:05p  61.4  11:58p   0.0   3.4  0.00   0.2   7.0   8:23a     S
19  70.6  88.5   3:05p  57.0   6:56a   0.0   5.6  0.00   0.2   5.0   1:50p     S
20  71.8  85.5   2:55p  59.7   6:36a   0.0   6.8  0.00   0.2   6.0  10:07a     S
21  70.1  80.5   3:09p  63.9  11:59p   0.0   5.1  0.00   0.0   3.0   1:01p     S
22  69.6  85.6   2:39p  58.3   7:04a   0.0   4.6  0.00   0.1   4.0  10:08a   SSW
23  71.0  86.3   2:15p  60.0   7:00a   0.0   6.0  0.00   0.5   9.0   3:56p     S
24  70.1  84.2   2:12p  58.0   7:17a   0.0   5.1  0.00   0.6   9.0   3:13p     S
25  61.0  68.5   2:19p  55.8  10:08a   4.0   0.0  1.23   0.5  16.1   8:41a     S
26  60.5  72.0   2:55p  51.3   7:12a   4.5   0.0  0.00   0.2   7.0   2:37p   SSW
27  61.8  74.4   2:09p  51.5   6:58a   3.2   0.0  0.00   0.2   6.0  11:39a     S
28  58.5  66.0   1:24p  32.0   2:04p   6.5   0.0  0.00   0.1   6.0  12:20p     S
29  61.2  76.1   2:36p  50.5   7:06a   3.8   0.0  0.01   0.2   5.0  12:19p     S
30  66.0  80.3   2:19p  56.1   2:21a   0.0   1.0  0.00   0.4  13.0  11:45p     N
----------------------------------------------------------------------------------
    71.3  97.0     1    32.0    28    22.0 210.7  1.24   0.3  16.1    25       S

Max >=  90.0: 13
Max <=  80.0:  6
Min <=  45.0:  1
Min <=  32.0:  1
Max Rain: 1.23 on day 25
Days of Rain: 2 (>= 0.01 in)  1 (>= 0.10 in)  1 (>= 1.00 in)
Heat Base: 65.0  Cool Base: 65.0  Method: Integration