ParadiseWeatherStation.org
Reports – Climate

NOAA-Style Climate Reports

Report for 2014 October
                   Monthly Climatological Summary for Oct 2014

Name: Paradise Weather Station   City: Paradise   State: CA
Elevation: 1824 ft  Lat: N 39° 45' 32"   Lon: W 121° 36' 43"

                  Temperature (°F), Rain (in), Wind Speed (mph)

                                      Heat  Cool        Avg
    Mean                              Deg   Deg         Wind                 Dom
Day Temp  High   Time   Low    Time   Days  Days  Rain  Speed High   Time    Dir
----------------------------------------------------------------------------------
 1  69.3  84.0   2:27p  59.2   7:58a   0.0   4.3  0.00   1.4  16.0   9:28a   NNE
 2  70.9  86.5   1:46p  59.9  11:56p   0.0   5.9  0.00   0.8  13.0   2:52a    NE
 3  71.3  89.7   2:29p  58.0   2:42a   0.0   6.3  0.00   0.4   7.0   9:14a   NNE
 4  71.0  89.9   2:31p  58.7   6:56a   0.0   6.0  0.00   0.2   6.0   3:51p    SE
 5  72.2  91.6   1:48p  59.1   7:12a   0.0   7.2  0.00   0.3   5.0  10:28a   ENE
 6  71.7  90.4   2:28p  59.4   7:35a   0.0   6.7  0.00   0.2   5.0   1:14p    SE
 7  71.4  89.5   2:26p  58.8   6:50a   0.0   6.4  0.00   0.2   5.0   9:06a    SE
 8  71.0  90.8   2:16p  57.5   7:34a   0.0   6.0  0.00   0.3   8.0   1:12p   ENE
 9  68.0  82.4   2:13p  58.0   6:39a   0.0   3.0  0.00   0.2   6.0   2:39p   SSE
10  66.9  82.7   1:57p  55.5   7:32a   0.0   1.9  0.00   0.2   5.0   2:23p     S
11  66.1  81.3   2:27p  54.8   7:33a   0.0   1.1  0.00   0.1   6.0   1:47p     S
12  71.8  86.9   2:29p  60.7   7:06a   0.0   6.8  0.00   0.8  13.0   8:38a     N
13  72.7  85.2  12:30p  61.0   7:31a   0.0   7.7  0.00   0.5   9.0   2:31a   ESE
14  65.0  72.0  11:02a  59.1  11:49p   0.0   0.0  0.00   0.7   9.0   2:05p     S
15  57.1  65.8   2:12p  51.8  10:04p   7.9   0.0  0.52   0.8  10.0   3:29a     S
16  58.0  70.1   1:20p  49.4   7:17a   7.0   0.0  0.00   0.2   6.0   1:11p     S
17  58.3  70.5   2:30p  51.6   7:10a   6.7   0.0  0.00   0.2   6.0  11:30a     S
18  60.4  75.7   2:05p  50.4   5:36a   4.6   0.0  0.00   0.2   8.0   2:44p   WNW
19  61.6  75.5   1:54p  52.2   7:04a   3.4   0.0  0.00   0.2   6.0  11:03a     S
20  57.5  64.6  10:49a  49.2  11:36p   7.5   0.0  0.16   0.2   6.0   2:31p     S
21  54.0  67.2   1:57p  45.0   7:23a  11.0   0.0  0.00   0.1   6.9   1:04p     N
22  57.1  67.4  12:45p  48.8   7:25a   7.9   0.0  0.00   0.1   6.9   4:08a   ENE
23  57.9  61.1  11:10a  53.3  11:57p   7.1   0.0  0.02   0.0   4.6   6:19a     S
24  59.1  72.5   1:49p  48.4   5:09a   5.9   0.0  0.00   0.3   6.9   1:02p     S
25  55.7  58.7  12:00a  51.2   9:00a   9.3   0.0  0.74   1.3  11.5   3:57a     S
26  54.2  65.1   2:02p  46.4   8:25a  10.8   0.0  0.07   0.1   6.9   2:31p   NNW
27  54.4  66.7   1:32p  47.4  11:38p  10.6   0.0  0.00   0.2   6.9   1:08a   NNE
28  55.9  71.3  12:33p  45.8   5:09a   9.1   0.0  0.00   0.1   3.5   9:34a     S
29  60.3  75.4   2:24p  50.8   6:37a   4.7   0.0  0.00   0.0   3.5   2:01a     E
30  62.7  72.1  11:24a  54.7   2:11a   2.3   0.0  0.00   0.2   8.1  11:18p     S
31  55.3  62.2  12:01a  51.3  11:56p   9.7   0.0  1.03   0.2  11.5   4:20a     S
----------------------------------------------------------------------------------
    63.2  91.6     5    45.0    21   125.5  69.3  2.54   0.3  16.0     1     ESE

Max >=  90.0:  3
Max <=  80.0: 18
Min <=  45.0:  1
Min <=  32.0:  0
Max Rain: 1.03 on day 31
Days of Rain: 6 (>= 0.01 in)  4 (>= 0.10 in)  1 (>= 1.00 in)
Heat Base: 65.0  Cool Base: 65.0  Method: Integration