NOAA-Style Climate Reports


Report for 2014 November
                   Monthly Climatological Summary for Nov 2014

Name: Paradise Weather Station   City: Paradise   State: CA
Elevation: 1824 ft  Lat: N 39° 45' 32"   Lon: W 121° 36' 43"

                  Temperature (°F), Rain (in), Wind Speed (mph)

                                      Heat  Cool        Avg
    Mean                              Deg   Deg         Wind                 Dom
Day Temp  High   Time   Low    Time   Days  Days  Rain  Speed High   Time    Dir
----------------------------------------------------------------------------------
 1  48.9  55.3   3:30p  44.4   9:12p  16.1   0.0  0.34   0.1   4.6  11:15a     S
 2  48.9  62.5  12:53p  39.8   7:03a  16.1   0.0  0.00   0.2  10.3  11:39p     N
 3  51.5  63.2  11:25a  44.1  11:25p  13.5   0.0  0.00   0.2   9.2   5:58a    NE
 4  52.4  66.6  12:21p  43.4   2:40a  12.6   0.0  0.00   0.0   3.5  12:29p     N
 5  57.2  72.0  12:37p  47.8   4:30a   7.8   0.0  0.00   0.0   3.5   5:08a     S
 6  57.4  71.0   1:21p  48.6   5:59a   7.6   0.0  0.00   0.1   4.6   1:18p     S
 7  58.5  73.7   1:16p  49.4   3:41a   6.5   0.0  0.00   0.1   3.5   1:58a   ESE
 8  58.9  73.8  12:11p  48.1   6:59a   6.1   0.0  0.00   0.0   4.6  11:03a    NE
 9  59.4  74.7  12:29p  51.0   3:13a   5.6   0.0  0.00   0.1   4.6   8:19a   SSE
10  56.9  72.4  12:31p  47.9   6:19a   8.1   0.0  0.00   0.0   3.5   6:35a     S
11  53.8  62.6   1:33p  46.3   6:09a  11.2   0.0  0.00   0.1   5.8   1:21p     S
12  52.8  58.6  12:30p  48.7   6:56a  12.2   0.0  0.02   0.0   3.5  10:21a     S
13  51.7  53.3   3:27p  49.2   2:59a  13.3   0.0  0.71   0.1   9.2   9:48a     S
14  52.1  58.9  12:57p  46.4  11:53p  12.9   0.0  0.01   0.0   3.5  12:11p     S
15  49.7  59.8   1:01p  43.6   7:02a  15.3   0.0  0.01   0.1  10.3   9:52p    NE
16  47.5  60.1  12:22p  38.4   2:42a  17.5   0.0  0.00   1.0  17.3   9:17a   NNE
17  50.3  63.0  12:07p  43.7  12:00a  14.7   0.0  0.00   0.9  13.0   5:48a   NNE
18  52.5  65.1  11:35a  44.9  12:38a  12.5   0.0  0.00   0.5  10.0  10:28a   NNE
19  49.2  53.5   3:42a  46.9  12:56p  15.8   0.0  0.51   0.3  11.0   2:27p   SSE
20  48.7  49.9  12:49p  46.9   6:21a  16.3   0.0  0.14   0.0   6.0  11:32a   SSE
21  49.1  55.3   1:09p  42.1   7:34a  15.9   0.0  0.09   0.2  11.0  11:06p   SSE
22  48.2  52.3   3:28p  41.2  11:59p  16.8   0.0  1.10   1.0  14.0   2:18a   SSE
23  45.0  56.7  11:53a  37.7   7:05a  20.0   0.0  0.01   0.1   4.0   8:13a   NNE
24  47.4  62.8  12:02p  37.5   2:18a  17.6   0.0  0.00   0.1   5.0   5:34a   NNE
25  49.0  62.7  11:49a  39.8   6:38a  16.0   0.0  0.00   0.1   3.0  10:45a   SSE
26  51.1  64.1  12:31p  42.4   4:38a  13.9   0.0  0.00   0.1   3.0   7:44a     E
27  52.1  64.1  11:58a  43.3  11:48p  12.9   0.0  0.00   0.0   3.0  11:42a    SE
28  48.7  56.7  12:38p  41.8   2:43a  16.3   0.0  0.42   0.5  13.0   9:04p   SSE
29  49.8  51.6  11:43a  46.7  12:11a  15.2   0.0  0.35   0.5  12.0  12:15a   SSE
30  48.7  51.9  12:22p  47.1   5:08p  16.3   0.0  0.58   0.1   7.0   5:02a    SE
----------------------------------------------------------------------------------
    51.6  74.7     9    37.5    24   402.6   0.0  4.29   0.2  17.3    16       E

Max >=  90.0:  0
Max <=  80.0: 30
Min <=  45.0: 16
Min <=  32.0:  0
Max Rain: 1.10 on day 22
Days of Rain: 13 (>= 0.01 in)  8 (>= 0.10 in)  1 (>= 1.00 in)
Heat Base: 65.0  Cool Base: 65.0  Method: Integration