ParadiseWeatherStation.org
Reports – Climate

NOAA-Style Climate Reports

Report for 2014 December
                   Monthly Climatological Summary for Dec 2014

Name: Paradise Weather Station   City: Paradise   State: CA
Elevation: 1824 ft  Lat: N 39° 45' 32"   Lon: W 121° 36' 43"

                  Temperature (°F), Rain (in), Wind Speed (mph)

                                      Heat  Cool        Avg
    Mean                              Deg   Deg         Wind                 Dom
Day Temp  High   Time   Low    Time   Days  Days  Rain  Speed High   Time    Dir
----------------------------------------------------------------------------------
 1  52.6  58.8   2:32p  48.9  12:00a  12.4   0.0  0.29   0.0   6.0  10:41a    SE
 2  51.0  54.5  11:52a  49.5   6:05p  14.0   0.0  0.31   0.3   9.0  10:58a    NE
 3  52.8  54.9   3:35p  49.5   6:36a  12.2   0.0  1.65   2.0  17.0  12:35p   SSE
 4  53.9  56.8   2:46p  52.3  11:58p  11.1   0.0  0.13   0.4  10.0  10:52a     S
 5  54.4  57.4   1:39p  51.7  12:55a  10.6   0.0  0.67   0.9  11.0   8:47p   SSE
 6  53.1  57.1   2:55p  47.5  11:54p  11.9   0.0  0.80   0.8  11.0   2:11a     S
 7  51.6  59.5   1:02p  46.2   5:28a  13.4   0.0  0.01   0.1   7.0   4:57p   ENE
 8  53.8  59.4   1:36p  49.8   1:58a  11.2   0.0  0.00   0.0   3.0   2:08a    SE
 9  53.6  60.4  11:41a  47.6  11:43p  11.4   0.0  0.01   0.0   8.0  10:41a     E
10  50.5  55.4  11:24a  46.8   7:11a  14.5   0.0  1.15   0.8  12.0   3:49p   SSE
11  47.6  51.4  11:30a  41.8  11:53p  17.4   0.0  3.60   1.9  25.0   7:15a   SSE
12  42.9  45.2   2:41p  40.7   1:50a  22.1   0.0  0.50   0.1   7.0  10:28a   SSE
13  43.0  52.5  12:21p  36.8   7:21a  22.0   0.0  0.01   0.0   6.0   9:55a   NNW
14  42.4  49.5  10:34a  37.2   2:57a  22.6   0.0  0.00   0.0   5.0  10:10a    SE
15  42.7  43.7  11:41p  41.9   6:35p  22.3   0.0  0.94   0.6  13.0   3:41p    SE
16  45.9  49.9   3:26p  43.7  12:00a  19.1   0.0  1.19   1.3  10.0  12:56a   SSE
17  45.0  46.7   2:16p  44.0   4:29a  20.0   0.0  0.92   0.8  10.0  12:38a   SSE
18  46.8  51.1   1:53p  43.6   4:24a  18.2   0.0  0.11   0.2   8.0  11:41p   SSE
19  46.7  48.0  12:34a  45.5   8:44a  18.3   0.0  1.64   1.0  14.0   4:01a   SSE
20  47.8  48.9   2:31p  46.9  12:00a  17.2   0.0  1.08   1.0  10.0  10:02a   SSE
21  51.6  54.5   2:54p  48.2  12:00a  13.4   0.0  0.20   0.1   4.0  12:31a   SSE
22  51.0  62.1  11:53a  44.0   5:13a  14.0   0.0  0.00   0.1   5.0  11:58a   NNE
23  51.4  64.8   1:02p  44.6  11:58p  13.6   0.0  0.01   0.2   5.0   2:54a   NNE
24  44.8  50.1   9:14a  36.1  11:59p  20.2   0.0  0.06   0.7  16.0   4:24p     S
25  38.6  50.6   1:29p  31.2   6:38a  26.4   0.0  0.00   0.2   8.0  11:25a     N
26  42.1  51.8  12:21p  34.1   7:36a  22.9   0.0  0.00   0.4  10.0   7:15p     N
27  39.1  49.6  12:23p  30.8   7:11a  25.9   0.0  0.00   0.2   9.0  12:03a   SSE
28  39.6  52.3  12:14p  32.4   7:52a  25.4   0.0  0.00   0.0   3.0   1:14p     S
29  36.3  44.5   1:19p  30.2   6:20a  28.7   0.0  0.00   0.0   3.0   8:42p    SE
30  38.8  46.7  12:58p  31.7   1:21a  26.2   0.0  0.00   2.0  24.0  10:49a     N
31  41.2  54.2  12:31p  30.3   7:17a  23.8   0.0  0.00   1.0  13.0   3:32p     N
----------------------------------------------------------------------------------
    46.9  64.8    23    30.2    29   562.4   0.0 15.28   0.6  25.0    11     SSE

Max >=  90.0:  0
Max <=  80.0: 31
Min <=  45.0: 18
Min <=  32.0:  5
Max Rain: 3.60 on day 11
Days of Rain: 21 (>= 0.01 in)  16 (>= 0.10 in)  6 (>= 1.00 in)
Heat Base: 65.0  Cool Base: 65.0  Method: Integration