ParadiseWeatherStation.org
Reports – Climate

NOAA-Style Climate Reports

Report for 2015
                   Annual Climatological Summary for 2015

Name: Paradise Weather Station   City: Paradise   State: CA
Elevation: 1824 ft  Lat: N 39° 45' 32"   Lon: W 121° 36' 43"

                  Temperature (°F), Heat Base: 65.0  Cool Base: 65.0
                          Dep.  Heat  Cool                       Max  Max  Min  Min
        Mean  Mean        From  Deg   Deg                        >=   <=   <=   <=
 YR MO  Max   Min   Mean  Norm  Days  Days  Hi  Date  Low  Date 90.0 80.0 45.0  32.0
------------------------------------------------------------------------------------
 15  1  62.8  41.7  50.4   4.4   452     0  78.1  24  29.3    2    0   31   21    3
 15  2  65.5  44.3  53.0   4.5   336     0  76.0  15  36.2   25    0   28   14    0
 15  3  72.3  46.9  57.9   6.7   220     0  83.2  28  37.1    3    0   26    9    0
 15  4  73.5  47.0  58.4   2.5   219    22  89.1  30  37.4    9    0   20   11    0
 15  5  81.1  52.7  65.1   1.8    68    71  93.6  30  43.8    8    4   15    1    0
 15  6  95.8  62.8  77.3   5.9     0   367 107.7  30  53.4    2   24    0    0    0
 15  7  94.5  65.6  78.2   0.1     0   410 107.3  29  54.8   23   24    1    0    0
 15  8  92.4  62.8  75.4  -1.5     0   323 102.8  17  55.9   30   22    1    0    0
 15  9  87.1  59.7  71.0  -1.5    20   200 103.4  10  50.1    5   11    6    0    0
 15 10  79.6  55.3  65.5   2.2    49    65  91.7  13  46.5   29    2   18    0    0
 15 11  57.9  39.2  47.3  -4.8   531     0  72.7  20  30.7   16    0   30   25    2
 15 12  49.8  37.0  43.0  -3.0   683     0  58.5   7  28.8   27    0   31   28    9
------------------------------------------------------------------------------------
        76.0  51.3  61.9   1.4  2580  1461 107.7 Jun  28.8  Dec   87  207  109   14

                                Precipitation (in)

              Dep.   Max        Days of Rain
              From   Obs.           >=
 YR MO Total  Norm   Day Date 0.01 0.10 1.00
---------------------------------------------
 15  1  0.12-10.34  0.12  16     1    1    0
 15  2  4.81 -4.26  3.43   6     7    4    1
 15  3  0.59 -7.36  0.32  11     5    2    0
 15  4  2.95 -1.14  1.31   7     7    5    1
 15  5  0.25 -1.62  0.18  23     4    1    0
 15  6  0.77  0.07  0.55   5     2    2    0
 15  7  0.00 -0.08  0.00   0     0    0    0
 15  8  0.08 -0.15  0.08  29     1    0    0
 15  9  0.38 -0.41  0.38  16     1    1    0
 15 10  0.31 -2.82  0.16  17     3    2    0
 15 11  3.31 -3.57  1.07  15     8    6    1
 15 12  9.15 -0.43  1.97  18    15   11    3
---------------------------------------------
       22.72-32.11  3.43  Feb   54   35    6

                                Wind Speed (mph)
                          Dom
 YR MO   Avg.  Hi   Date  Dir
------------------------------
 15  1   0.3  17.0   21   NNE
 15  2   0.7  25.0   22   SSE
 15  3   0.4  15.0    4   SSE
 15  4   0.6  19.0   30    SE
 15  5   0.3  20.0    7     S
 15  6   0.3  13.0    5     S
 15  7   0.3  17.0   28     S
 15  8   0.3  10.0   29     N
 15  9   0.3  13.0    5     S
 15 10   0.3  25.0    3   ENE
 15 11   0.4  21.9   26    NE
 15 12   0.6  21.9   13   SSE
------------------------------
         0.4  25.0  Feb    SE